{"id":3290,"date":"2016-11-30T09:26:07","date_gmt":"2016-11-30T09:26:07","guid":{"rendered":"http:\/\/blogsaverroes.juntadeandalucia.es\/ceipjuancarrillo\/?page_id=3290"},"modified":"2026-03-02T09:35:00","modified_gmt":"2026-03-02T08:35:00","slug":"profesorado-del-centro","status":"publish","type":"page","link":"https:\/\/blogsaverroes.juntadeandalucia.es\/ceipjuancarrillo\/profesorado-del-centro\/","title":{"rendered":"Profesorado del centro"},"content":{"rendered":"<table style=\"width: 87.2109%;height: 322px\">\n<tbody>\n<tr style=\"height: 24px\">\n<td style=\"width: 14.1668%;height: 24px\">&nbsp;<\/td>\n<td style=\"width: 38.091%;height: 24px;text-align: center\">\n<h3><strong><span style=\"text-align: left;color: #ff0000;text-transform: none;text-indent: 0px;letter-spacing: normal;font-family: 'Titillium Web',Arial,sans-serif;font-size: 16px;font-style: normal;font-variant: normal;text-decoration: none;cursor: text;float: none;background-color: #fafafa\">EDUCACI\u00d3N PRIMARIA<\/span><\/strong><\/h3>\n<\/td>\n<td style=\"width: 42.3009%;height: 24px\">&nbsp;<\/td>\n<\/tr>\n<tr style=\"height: 24px\">\n<td style=\"width: 14.1668%;height: 24px\"><span style=\"color: #000080\"><strong><span style=\"background-color: #fafafa;font-family: 'Titillium Web',Arial,sans-serif\">Curso\/Grupo<\/span><\/strong><\/span><\/td>\n<td style=\"width: 38.091%;height: 24px\"><span style=\"color: #000080\"><strong><span style=\"text-align: left;text-transform: none;text-indent: 0px;letter-spacing: normal;font-family: 'Titillium Web',Arial,sans-serif;font-size: 16px;font-style: normal;font-variant: normal;text-decoration: none;cursor: text;float: none;background-color: #fafafa\">Tutor\/a<\/span><\/strong><\/span><\/td>\n<td style=\"width: 42.3009%;height: 24px;text-align: center\"><span style=\"color: #000080\"><strong>Correo electr\u00f3nico&nbsp;<\/strong><\/span><\/td>\n<\/tr>\n<tr style=\"height: 24px\">\n<td style=\"width: 14.1668%;height: 24px\">1\u00ba A<\/td>\n<td style=\"width: 38.091%;height: 24px\">&nbsp;Concepci\u00f3n Rosado Palomo<\/td>\n<td style=\"width: 42.3009%;height: 24px;text-align: center\"><a href=\"mailto:crospal105@g.educaand.es\">crospal105@g.educaand.es<\/a><\/td>\n<\/tr>\n<tr style=\"height: 24px\">\n<td style=\"width: 14.1668%;height: 24px\">1\u00ba B<\/td>\n<td style=\"width: 38.091%;height: 24px\">Yeshica Villanueva Ramirez<\/td>\n<td style=\"width: 42.3009%;height: 24px;text-align: center\"><a href=\"mailto:yvilram832@g.educaand.es\">yvilram832@g.educaand.es<\/a><\/td>\n<\/tr>\n<tr style=\"height: 24px\">\n<td style=\"width: 14.1668%;height: 24px\">2\u00ba A<\/td>\n<td style=\"width: 38.091%;height: 24px\">Ana Castillejo Borrego<\/td>\n<td style=\"width: 42.3009%;height: 24px;text-align: center\"><a href=\"acastbor871@g.educaand.es\">acastbor871@g.educaand.es<\/a><\/td>\n<\/tr>\n<tr style=\"height: 24px\">\n<td style=\"width: 14.1668%;height: 24px\">2\u00ba B<\/td>\n<td style=\"width: 38.091%;height: 24px\">Mar\u00eda Esther Escalante Salguero<\/td>\n<td style=\"width: 42.3009%;height: 24px;text-align: center\"><a href=\"mailto:mpencor392@g.educaand.es\">mescsal039@g.educaand.es<\/a><\/td>\n<\/tr>\n<tr style=\"height: 24px\">\n<td style=\"width: 14.1668%;height: 24px\">4\u00ba A<\/td>\n<td style=\"width: 38.091%;height: 24px\">Nieves Bautista&nbsp;<\/td>\n<td style=\"width: 42.3009%;height: 24px;text-align: center\"><a href=\"mailto:nbaumar027@g.educaand.es\">nbaumar027@g.educaand.es<\/a><\/td>\n<\/tr>\n<tr style=\"height: 24px\">\n<td style=\"width: 14.1668%;height: 24px\">4\u00ba B<\/td>\n<td style=\"width: 38.091%;height: 24px\">Mar\u00eda Jose Moreno&nbsp;<\/td>\n<td style=\"width: 42.3009%;height: 24px;text-align: center\"><a href=\"mailto:mmortor548@g.educaand.es\">mmortor548@g.educaand.es<\/a><\/td>\n<\/tr>\n<tr style=\"height: 24px\">\n<td style=\"width: 14.1668%;height: 24px\">3\u00ba A<\/td>\n<td style=\"width: 38.091%;height: 24px\">Irene Raquel Ram\u00edrez&nbsp;<\/td>\n<td style=\"width: 42.3009%;height: 24px;text-align: center\"><a href=\"mailto:iramrio222@g.educaand.es\">iramrio222@g.educaand.es<\/a><\/td>\n<\/tr>\n<tr style=\"height: 24px\">\n<td style=\"width: 14.1668%;height: 24px\">3\u00ba B<\/td>\n<td style=\"width: 38.091%;height: 24px\">Mar\u00eda de las Nieves Caro&nbsp;<\/td>\n<td style=\"width: 42.3009%;height: 24px;text-align: center\"><a href=\"mailto:mcarfer138@g.educaand.es\">mcarfer138@g.educaand.es<\/a><\/td>\n<\/tr>\n<tr style=\"height: 24px\">\n<td style=\"width: 14.1668%;height: 24px\">6\u00ba A<\/td>\n<td style=\"width: 38.091%;height: 24px\">Crist\u00f3bal Jes\u00fas Morillo&nbsp;<\/td>\n<td style=\"width: 42.3009%;height: 24px;text-align: center\"><a href=\"mailto:cmormol698@g.educaand.es\">cmormol698@g.educaand.es<\/a><\/td>\n<\/tr>\n<tr style=\"height: 24px\">\n<td style=\"width: 14.1668%;height: 24px\">6\u00ba B<\/td>\n<td style=\"width: 38.091%;height: 24px\">Manuela Jim\u00e9nez Garc\u00e9s<\/td>\n<td style=\"width: 42.3009%;height: 24px;text-align: center\"><a href=\"mailto:mjimgar542@g.educaand.es\">mjimgar542@g.educaand.es<\/a><\/td>\n<\/tr>\n<tr style=\"height: 24px\">\n<td style=\"width: 14.1668%;height: 10px\">5\u00ba A<\/td>\n<td style=\"width: 38.091%;height: 10px\">Alma Mar\u00edn Navarro<\/td>\n<td style=\"width: 42.3009%;height: 10px;text-align: center\"><a href=\"mailto:amarnav340@g.educaand.es\">amarnav340@g.educaand.es<\/a><\/td>\n<\/tr>\n<tr style=\"height: 24.56px\">\n<td style=\"width: 14.1668%;height: 24px\">5\u00ba B<\/td>\n<td style=\"width: 38.091%;height: 24px\">Pedro P\u00e9rez-Clotet Higuero<\/td>\n<td style=\"width: 42.3009%;height: 24px;text-align: center\"><a href=\"mailto:pperhig050@g.educaand.es\">pperhig050@g.educaand.es<\/a><\/td>\n<\/tr>\n<\/tbody>\n<\/table>\n<p>&nbsp;<\/p>\n<table style=\"width: 94.8949%;height: 240px\">\n<tbody>\n<tr style=\"height: 24px\">\n<td style=\"width: 26.2523%;height: 24px\">&nbsp;<\/td>\n<td style=\"width: 21.8163%;height: 24px;text-align: center\"><span style=\"color: #339966\"><strong>ESPECIALISTAS<\/strong><\/span><\/td>\n<td style=\"width: 32.0091%;height: 24px\">&nbsp;<\/td>\n<\/tr>\n<tr style=\"height: 24px\">\n<td style=\"width: 26.2523%;height: 24px;text-align: center\"><span style=\"color: #000080\"><strong>Materias<\/strong><\/span><\/td>\n<td style=\"width: 21.8163%;height: 24px;text-align: center\"><span style=\"color: #000080\"><strong>Docente<\/strong><\/span><\/td>\n<td style=\"width: 32.0091%;height: 24px;text-align: center\"><span style=\"color: #000080\"><strong>Correo electr\u00f3nico<\/strong><\/span><\/td>\n<\/tr>\n<tr style=\"height: 24px\">\n<td style=\"width: 26.2523%;height: 24px\">Educaci\u00f3n F\u00edsica&nbsp;<\/td>\n<td style=\"width: 21.8163%;height: 24px\">Irene Medina Lara<\/td>\n<td style=\"width: 32.0091%;height: 24px;text-align: center\"><a href=\"mailto:imedlar365@g.educaand.es\">imedlar365@g.educaand.es<\/a><\/td>\n<\/tr>\n<tr style=\"height: 24px\">\n<td style=\"width: 26.2523%;height: 24px\">Educaci\u00f3n F\u00edsica<\/td>\n<td style=\"width: 21.8163%;height: 24px\">Pablo Jim\u00e9nez Checa<\/td>\n<td style=\"width: 32.0091%;height: 24px;text-align: center\"><a href=\"mailto:pmelgar252@g.educaand.es\">pjimche@g.educaand.es<\/a><\/td>\n<\/tr>\n<tr style=\"height: 24px\">\n<td style=\"width: 26.2523%;height: 24px\">Religi\u00f3n Cat\u00f3lica<\/td>\n<td style=\"width: 21.8163%;height: 24px\">Mar\u00eda de los Angeles Garc\u00eda<\/td>\n<td style=\"width: 32.0091%;height: 24px;text-align: center\"><a href=\"mailto:mgarjim764@g.educaand.es\">mgarjim764@g.educaand.es<\/a><\/td>\n<\/tr>\n<tr style=\"height: 24px\">\n<td style=\"width: 26.2523%;height: 24px\">Religi\u00f3n Cat\u00f3lica<\/td>\n<td style=\"width: 21.8163%;height: 24px\">Ana Isabel Gonz\u00e1lez<\/td>\n<td style=\"width: 32.0091%;height: 24px;text-align: center\"><a href=\"mailto:agonagu982@g.educaand.es\">agonagu982@g.educaand.es<\/a><\/td>\n<\/tr>\n<tr style=\"height: 24px\">\n<td style=\"width: 26.2523%;height: 24px\">Religi\u00f3n Cat\u00f3lica<\/td>\n<td style=\"width: 21.8163%;height: 24px\">Inmaculada Guerrero<\/td>\n<td style=\"width: 32.0091%;text-align: center;height: 24px\"><a href=\"mailto:iguemon789@g.educaand.es\">iguemon789@g.educaand.es<\/a><\/td>\n<\/tr>\n<tr style=\"height: 24px\">\n<td style=\"width: 26.2523%;height: 24px\">Franc\u00e9s<\/td>\n<td style=\"width: 21.8163%;height: 24px\">Alma Mar\u00edn&nbsp;<\/td>\n<td style=\"width: 32.0091%;text-align: center;height: 24px\"><a href=\"mailto:amarnav340@g.educaand.es\">amarnav340@g.educaand.es<\/a><\/td>\n<\/tr>\n<tr style=\"height: 24px\">\n<td style=\"width: 26.2523%;height: 24px\">M\u00fasica<\/td>\n<td style=\"width: 21.8163%;height: 24px\">Rocio Auxiliadora S\u00e1nchez<\/td>\n<td style=\"width: 32.0091%;height: 24px;text-align: center\"><a href=\"mailto:rauxsan@g.educcand.es\">rauxsan@g.educcand.es<\/a><\/td>\n<\/tr>\n<tr style=\"height: 24px\">\n<td style=\"width: 26.2523%;height: 24px\">M\u00fasica<\/td>\n<td style=\"width: 21.8163%;height: 24px\">Nieves Bautista<\/td>\n<td style=\"width: 32.0091%;text-align: center;height: 24px\"><a href=\"mailto:nbaumar027@g.educaand.es\">nbaumar027@g.educaand.es<\/a><\/td>\n<\/tr>\n<\/tbody>\n<\/table>\n<p>&nbsp;<\/p>\n<table style=\"height: 150px;width: 94.7713%\" width=\"665\">\n<tbody>\n<tr style=\"height: 24px\">\n<td style=\"width: 32.8829%;height: 24px\">&nbsp;<\/td>\n<td style=\"width: 32.8829%;height: 24px;text-align: center\">\n<h3><span style=\"color: #ff00ff\"><strong>EDUCACI\u00d3N INFANTIL<\/strong><\/span><\/h3>\n<\/td>\n<td style=\"width: 65.4172%;height: 24px\">&nbsp;<\/td>\n<\/tr>\n<tr style=\"height: 24px\">\n<td style=\"width: 32.8829%;height: 24px\">4 a\u00f1os A<\/td>\n<td style=\"width: 32.8829%;height: 24px\">Guadalupe Jim\u00e9nez<\/td>\n<td style=\"width: 65.4172%;height: 24px;text-align: center\"><a href=\"mailto:gjimmor180@g.educaand.es\">gjimmor180@g.educaand.es<\/a><\/td>\n<\/tr>\n<tr style=\"height: 24px\">\n<td style=\"width: 32.8829%;height: 24px\"><span style=\"float: none;background-color: #fafafa;color: #333333;cursor: text;font-family: 'Titillium Web',Arial,sans-serif;font-size: 16px;font-style: normal;font-variant: normal;font-weight: 400;letter-spacing: normal;text-align: left;text-decoration: none;text-indent: 0px;text-transform: none\">4 a\u00f1os B<\/span><\/td>\n<td style=\"width: 32.8829%;height: 24px\">Lourdes Duarte<\/td>\n<td style=\"width: 65.4172%;height: 24px;text-align: center\"><a href=\"mailto:lduagom314@g.educaand.es\">lduagom314@g.educaand.es<\/a><\/td>\n<\/tr>\n<tr style=\"height: 24px\">\n<td style=\"width: 32.8829%;height: 24px\"><span style=\"float: none;background-color: #fafafa;color: #333333;cursor: text;font-family: 'Titillium Web',Arial,sans-serif;font-size: 16px;font-style: normal;font-variant: normal;font-weight: 400;letter-spacing: normal;text-align: left;text-decoration: none;text-indent: 0px;text-transform: none\">5<\/span><span style=\"float: none;background-color: #fafafa;color: #333333;cursor: text;font-family: 'Titillium Web',Arial,sans-serif;font-size: 16px;font-style: normal;font-variant: normal;font-weight: 400;letter-spacing: normal;text-align: left;text-decoration: none;text-indent: 0px;text-transform: none\"> a\u00f1os A<\/span><\/td>\n<td style=\"width: 32.8829%;height: 24px\">Inmaculada P\u00e9rez<\/td>\n<td style=\"width: 65.4172%;height: 24px;text-align: center\"><a href=\"mailto:iperman460@g.educaand.es\">iperman460@g.educaand.es<\/a><\/td>\n<\/tr>\n<tr style=\"height: 6.11px\">\n<td style=\"width: 32.8829%;height: 6px\"><span style=\"float: none;background-color: #fafafa;color: #333333;cursor: text;font-family: 'Titillium Web',Arial,sans-serif;font-size: 16px;font-style: normal;font-variant: normal;font-weight: 400;letter-spacing: normal;text-align: left;text-decoration: none;text-indent: 0px;text-transform: none\">5<\/span> a\u00f1os B<\/td>\n<td style=\"width: 32.8829%;height: 6px\">Mar\u00eda \u00c1ngeles Jim\u00e9nez Bermejo<\/td>\n<td style=\"width: 65.4172%;height: 6px;text-align: center\"><a href=\"mailto:mjimber090@g.educaand.es\">mjimber090@g.educaand.es<\/a><\/td>\n<\/tr>\n<tr style=\"height: 24px\">\n<td style=\"width: 32.8829%;height: 24px\"><span style=\"font-family: 'Titillium Web',Arial,sans-serif\"><span style=\"background-color: #fafafa\"><span style=\"float: none;background-color: #fafafa;color: #333333;cursor: text;font-family: 'Titillium Web',Arial,sans-serif;font-size: 16px;font-style: normal;font-variant: normal;font-weight: 400;letter-spacing: normal;text-align: left;text-decoration: none;text-indent: 0px;text-transform: none\">3 a\u00f1os A<\/span><\/span><\/span><\/td>\n<td style=\"width: 32.8829%;height: 24px\">Encarnaci\u00f3n Villena<\/td>\n<td style=\"width: 65.4172%;height: 24px;text-align: center\"><a href=\"mailto:evilari712@g.educaand.es\">evilari712@g.educaand.es<\/a><\/td>\n<\/tr>\n<tr style=\"height: 24px\">\n<td style=\"width: 32.8829%;height: 24px\">3 a\u00f1os B<\/td>\n<td style=\"width: 32.8829%;height: 24px\">Silvia Castillejo<\/td>\n<td style=\"width: 65.4172%;height: 24px;text-align: center\"><a href=\"mailto:scassan586@g.educaand.es\">scassan586@g.educaand.es<\/a><\/td>\n<\/tr>\n<\/tbody>\n<\/table>\n<p>&nbsp;<\/p>\n<table style=\"width: 95.1976%;height: 145px\">\n<tbody>\n<tr style=\"height: 65px\">\n<td style=\"width: 33.5852%;height: 65px\">&nbsp;<\/td>\n<td style=\"width: 92.3993%;height: 65px\" colspan=\"2\">\n<h3><strong><span style=\"color: #ff6600\">EQUIPO DE ORIENTACI\u00d3N&nbsp; Y APOYO (EOA)<\/span><\/strong><\/h3>\n<\/td>\n<\/tr>\n<tr style=\"height: 24px\">\n<td style=\"width: 33.5852%;height: 30px\">Pedagog\u00eda Terap\u00e9utica<\/td>\n<td style=\"width: 31.2995%;height: 30px\">Susana Rodr\u00edguez P\u00e9rez<\/td>\n<td style=\"width: 61.0998%;height: 30px;text-align: center\"><a href=\"mailto:srodper378@g.educaand.es\">srodper378@g.educaand.es<\/a><\/td>\n<\/tr>\n<tr style=\"height: 24px\">\n<td style=\"width: 33.5852%;height: 29px\">&nbsp;<\/td>\n<td style=\"width: 31.2995%;height: 29px\">Victor Villena S\u00e1nchez<\/td>\n<td style=\"width: 61.0998%;height: 29px;text-align: center\"><a href=\"mailto:vvilsan940@g.educaand.es\">vvilsan940@g.educaand.es<\/a><\/td>\n<\/tr>\n<tr style=\"height: 21px\">\n<td style=\"width: 33.5852%;height: 21px\">Audici\u00f3n y Lenguaje<\/td>\n<td style=\"width: 31.2995%;height: 21px\">Ver\u00f3nica Ayala<\/td>\n<td style=\"width: 61.0998%;text-align: center;height: 21px\"><a href=\"mailto:vavasan089@g.educaand.es\">vavasan089@g.educaand.es<\/a><\/td>\n<\/tr>\n<tr>\n<td style=\"width: 33.5852%\">&nbsp;<\/td>\n<td style=\"width: 31.2995%\">&nbsp;<\/td>\n<td style=\"width: 61.0998%;text-align: center\">&nbsp;<\/td>\n<\/tr>\n<\/tbody>\n<\/table>\n<p>&nbsp;<\/p>\n<p>&nbsp;<\/p>\n<table style=\"border-collapse: collapse;width: 100%;height: 153px\">\n<tbody>\n<tr style=\"height: 57px\">\n<td style=\"width: 33.3333%;text-align: center;height: 57px\" colspan=\"3\"><span style=\"color: #ff6600\"><strong>EQUIPO DIRECTIVO&nbsp;<\/strong><\/span><\/td>\n<\/tr>\n<tr style=\"height: 24px\">\n<td style=\"width: 33.3333%;height: 24px\">Director<\/td>\n<td style=\"width: 33.3333%;height: 24px\">Juan Francisco Almagro<\/td>\n<td style=\"width: 33.3333%;height: 24px\"><a href=\"mailto:jalmgam960@g.educcand.es\">jalmgam960@g.educcand.es<\/a><\/td>\n<\/tr>\n<tr style=\"height: 24px\">\n<td style=\"width: 33.3333%;height: 24px\">Jefa de estudio<\/td>\n<td style=\"width: 33.3333%;height: 24px\">Yolanda Cantano S\u00e1nchez<\/td>\n<td style=\"width: 33.3333%;height: 24px\"><a href=\"mailto:ycansan438@g.educcand.es\">ycansan438@g.educcand.es<\/a><\/td>\n<\/tr>\n<tr style=\"height: 24px\">\n<td style=\"width: 33.3333%;height: 24px\">Secretaria<\/td>\n<td style=\"width: 33.3333%;height: 24px\">Rocio Auxiliadora S\u00e1nchez<\/td>\n<td style=\"width: 33.3333%;height: 24px\"><a href=\"mailto:rauxsan@g.educcand.es\">rauxsan@g.educcand.es<\/a><\/td>\n<\/tr>\n<\/tbody>\n<\/table>\n","protected":false},"excerpt":{"rendered":"<p>&nbsp; EDUCACI\u00d3N PRIMARIA &nbsp; Curso\/Grupo Tutor\/a Correo electr\u00f3nico&nbsp; 1\u00ba A &nbsp;Concepci\u00f3n Rosado Palomo crospal105@g.educaand.es 1\u00ba B Yeshica Villanueva Ramirez yvilram832@g.educaand.es 2\u00ba A Ana Castillejo Borrego acastbor871@g.educaand.es 2\u00ba B Mar\u00eda Esther Escalante Salguero mescsal039@g.educaand.es 4\u00ba&#46;&#46;&#46;<\/p>\n","protected":false},"author":3558,"featured_media":0,"parent":0,"menu_order":0,"comment_status":"open","ping_status":"open","template":"","meta":{"ngg_post_thumbnail":0,"footnotes":"","_mc_calendar":[]},"aioseo_notices":[],"_links":{"self":[{"href":"https:\/\/blogsaverroes.juntadeandalucia.es\/ceipjuancarrillo\/wp-json\/wp\/v2\/pages\/3290"}],"collection":[{"href":"https:\/\/blogsaverroes.juntadeandalucia.es\/ceipjuancarrillo\/wp-json\/wp\/v2\/pages"}],"about":[{"href":"https:\/\/blogsaverroes.juntadeandalucia.es\/ceipjuancarrillo\/wp-json\/wp\/v2\/types\/page"}],"author":[{"embeddable":true,"href":"https:\/\/blogsaverroes.juntadeandalucia.es\/ceipjuancarrillo\/wp-json\/wp\/v2\/users\/3558"}],"replies":[{"embeddable":true,"href":"https:\/\/blogsaverroes.juntadeandalucia.es\/ceipjuancarrillo\/wp-json\/wp\/v2\/comments?post=3290"}],"version-history":[{"count":52,"href":"https:\/\/blogsaverroes.juntadeandalucia.es\/ceipjuancarrillo\/wp-json\/wp\/v2\/pages\/3290\/revisions"}],"predecessor-version":[{"id":5470,"href":"https:\/\/blogsaverroes.juntadeandalucia.es\/ceipjuancarrillo\/wp-json\/wp\/v2\/pages\/3290\/revisions\/5470"}],"wp:attachment":[{"href":"https:\/\/blogsaverroes.juntadeandalucia.es\/ceipjuancarrillo\/wp-json\/wp\/v2\/media?parent=3290"}],"curies":[{"name":"wp","href":"https:\/\/api.w.org\/{rel}","templated":true}]}}