{"id":3725,"date":"2020-03-01T13:58:56","date_gmt":"2020-03-01T12:58:56","guid":{"rendered":"http:\/\/blogsaverroes.juntadeandalucia.es\/ceipjuancarrillo\/?page_id=3725"},"modified":"2020-03-01T14:09:28","modified_gmt":"2020-03-01T13:09:28","slug":"modificaciones-al-plan-de-centro","status":"publish","type":"page","link":"https:\/\/blogsaverroes.juntadeandalucia.es\/ceipjuancarrillo\/modificaciones-al-plan-de-centro\/","title":{"rendered":"Modificaciones al Plan de Centro"},"content":{"rendered":"<p>Al comienzo de cada curso escolar se plantea la modificaci\u00f3n del Plan de Centro como consecuencia de diversas circunstancias, como son los procesos de Autoevaluaci\u00f3n del Centro (Memoria de Autoevaluaci\u00f3n), cambios normativos y en funci\u00f3n del Proyecto de Direcci\u00f3n (<em>Decreto 328\/2010 de 13 de julio por el que se aprueba el Reglamento Org\u00e1nico de los CEIP<\/em>).<\/p>\n<p>En el men\u00fa de la derecha podemos encontrar las diversas modificaciones que ha sufrido nuestro Plan de Centro a lo largo de los \u00faltimos a\u00f1os.&nbsp;<\/p>\n<p>Estas modificaciones no est\u00e1n recogidas en los diversos cap\u00edtulos del Plan de Centro que se muestran en esta web. En la actualidad se est\u00e1 elaborando el documento que auna todas estas modificaciones en un \u00fanico documento que actualiza el Plan de Centro original.&nbsp;<\/p>\n","protected":false},"excerpt":{"rendered":"<p>Al comienzo de cada curso escolar se plantea la modificaci\u00f3n del Plan de Centro como consecuencia de diversas circunstancias, como son los procesos de Autoevaluaci\u00f3n del Centro (Memoria de Autoevaluaci\u00f3n), cambios normativos y en&#46;&#46;&#46;<\/p>\n","protected":false},"author":5125,"featured_media":0,"parent":0,"menu_order":0,"comment_status":"closed","ping_status":"closed","template":"page-templates\/child-menu.php","meta":{"ngg_post_thumbnail":0,"footnotes":"","_mc_calendar":[]},"aioseo_notices":[],"_links":{"self":[{"href":"https:\/\/blogsaverroes.juntadeandalucia.es\/ceipjuancarrillo\/wp-json\/wp\/v2\/pages\/3725"}],"collection":[{"href":"https:\/\/blogsaverroes.juntadeandalucia.es\/ceipjuancarrillo\/wp-json\/wp\/v2\/pages"}],"about":[{"href":"https:\/\/blogsaverroes.juntadeandalucia.es\/ceipjuancarrillo\/wp-json\/wp\/v2\/types\/page"}],"author":[{"embeddable":true,"href":"https:\/\/blogsaverroes.juntadeandalucia.es\/ceipjuancarrillo\/wp-json\/wp\/v2\/users\/5125"}],"replies":[{"embeddable":true,"href":"https:\/\/blogsaverroes.juntadeandalucia.es\/ceipjuancarrillo\/wp-json\/wp\/v2\/comments?post=3725"}],"version-history":[{"count":3,"href":"https:\/\/blogsaverroes.juntadeandalucia.es\/ceipjuancarrillo\/wp-json\/wp\/v2\/pages\/3725\/revisions"}],"predecessor-version":[{"id":3739,"href":"https:\/\/blogsaverroes.juntadeandalucia.es\/ceipjuancarrillo\/wp-json\/wp\/v2\/pages\/3725\/revisions\/3739"}],"wp:attachment":[{"href":"https:\/\/blogsaverroes.juntadeandalucia.es\/ceipjuancarrillo\/wp-json\/wp\/v2\/media?parent=3725"}],"curies":[{"name":"wp","href":"https:\/\/api.w.org\/{rel}","templated":true}]}}

<p>Al comienzo de cada curso escolar se plantea la modificación del Plan de Centro como consecuencia de diversas circunstancias, como son los procesos de Autoevaluación del Centro (Memoria de Autoevaluación), cambios normativos y en función del Proyecto de Dirección (<em>Decreto 328/2010 de 13 de julio por el que se aprueba el Reglamento Orgánico de los CEIP</em>).</p>
<p>En el menú de la derecha podemos encontrar las diversas modificaciones que ha sufrido nuestro Plan de Centro a lo largo de los últimos años.&nbsp;</p>
<p>Estas modificaciones no están recogidas en los diversos capítulos del Plan de Centro que se muestran en esta web. En la actualidad se está elaborando el documento que auna todas estas modificaciones en un único documento que actualiza el Plan de Centro original.&nbsp;</p>

<p>Al comienzo de cada curso escolar se plantea la modificación del Plan de Centro como consecuencia de diversas circunstancias, como son los procesos de Autoevaluación del Centro (Memoria de Autoevaluación), cambios normativos y en&#46;&#46;&#46;</p>
