{"id":4318,"date":"2020-05-02T14:03:22","date_gmt":"2020-05-02T12:03:22","guid":{"rendered":"http:\/\/blogsaverroes.juntadeandalucia.es\/ceipjuancarrillo\/?page_id=4318"},"modified":"2020-05-10T10:02:41","modified_gmt":"2020-05-10T08:02:41","slug":"escuela-de-padres-online","status":"publish","type":"page","link":"https:\/\/blogsaverroes.juntadeandalucia.es\/ceipjuancarrillo\/escuela-de-padres-online\/","title":{"rendered":"Escuela de Familias OnLine"},"content":{"rendered":"<p>Lo primero que debemos saber al entrar en este espacio es qu\u00e9 es y para qu\u00e9 sirve una ESCUELA DE FAMILIAS. Para dar respuesta a esta cuesti\u00f3n, vale la pena acceder al art\u00edculo publicado por Ana Roa sobre el tema. (<a href=\"https:\/\/www.siquia.com\/2014\/08\/escuela-de-padres-que-es-para-que-sirve-y-como-ayuda-en-la-educacion-familiar\/\">Art\u00edculo Ana Roa sobre Escuela de Padres)<\/a>.<\/p>\n<p>La finalidad es establecer un punto de encuentro entre los diferentes agentes de la Comunidad Educativa (Padres, madres, docentes, orientadores, etc.) para compartir informaciones y experiencias dirigidas a mejorar la tarea de educar a los hijos. Por tanto, se trata de un espacio de reflexi\u00f3n e informaci\u00f3n compartida sobre estrategias y herramientas que ayuden a sobrellevar la educaci\u00f3n de los ni\u00f1os y ni\u00f1as en el entorno familiar en colaboraci\u00f3n, en este caso con la instituci\u00f3n educativa, el colegio y sus profesionales.<\/p>\n<p>Desde el colegio, llev\u00e1bamos un tiempo pensando en la oportunidad de establecer este punto de encuentro, pero ha sido a ra\u00edz de la necesidad de llevar a cabo las tareas de la docencia a distancia, cuando se nos ha ocurrido plantearlo en una modalidad on-line, ante la el reto de ayudar a superar, al menos en parte, las dificultades que las familias est\u00e1n encontrando con motivo del apoyo a las tareas escolares en la \u00e9poca del confinamiento por el coronavirus.<\/p>\n<p>Por ello, modestamente, vamos a incluir aqu\u00ed algunas publicaciones (escritas o audiovisuales) con ideas, trucos, estrategias, herramientas,materiales, etc., que creemos que pueden ser \u00fatiles&nbsp; a la hora de ayudar a nuestros hijos en estos momentos y siempre. Esperamos poder ser \u00fatiles en esta maravillosa tarea de formar personas con conocimientos pero, sobre todo, buenas y felices.<\/p>\n<p>&nbsp;<\/p>\n<p>&nbsp;<\/p>\n<table>\n<tbody>\n<tr>\n<td><a href=\"https:\/\/blogsaverroes.juntadeandalucia.es\/ceipjuancarrillo\/files\/2020\/03\/homeschooling.jpg\"><img loading=\"lazy\" decoding=\"async\" width=\"300\" height=\"291\" class=\"size-medium wp-image-4016 aligncenter\" alt=\"\" src=\"https:\/\/blogsaverroes.juntadeandalucia.es\/ceipjuancarrillo\/files\/2020\/03\/homeschooling-300x291.jpg\" srcset=\"https:\/\/blogsaverroes.juntadeandalucia.es\/ceipjuancarrillo\/files\/2020\/03\/homeschooling-300x291.jpg 300w, https:\/\/blogsaverroes.juntadeandalucia.es\/ceipjuancarrillo\/files\/2020\/03\/homeschooling-24x24.jpg 24w, https:\/\/blogsaverroes.juntadeandalucia.es\/ceipjuancarrillo\/files\/2020\/03\/homeschooling-36x36.jpg 36w, https:\/\/blogsaverroes.juntadeandalucia.es\/ceipjuancarrillo\/files\/2020\/03\/homeschooling-48x46.jpg 48w, https:\/\/blogsaverroes.juntadeandalucia.es\/ceipjuancarrillo\/files\/2020\/03\/homeschooling.jpg 700w\" sizes=\"(max-width: 300px) 100vw, 300px\" \/><\/a><\/p>\n<p><a href=\"https:\/\/www.facebook.com\/UNED.ES\/videos\/662130637868426\/?eid=ARCblx92olCLE0OK9ASawz4UPrEguXB3itpe2-HpOqIpz8VDUY8YvZj6mTcnxPdRcpz0BAYTmyas0p5s&amp;fref=tag\">C\u00f3mo Ayudar a los ni\u00f1os frente al coronavirus<\/a><\/td>\n<td><a href=\"https:\/\/blogsaverroes.juntadeandalucia.es\/ceipjuancarrillo\/files\/2020\/03\/ninosasomados-ventana.jpg\"><img loading=\"lazy\" decoding=\"async\" width=\"211\" height=\"300\" class=\"alignnone size-medium wp-image-4306\" alt=\"\" src=\"https:\/\/blogsaverroes.juntadeandalucia.es\/ceipjuancarrillo\/files\/2020\/03\/ninosasomados-ventana-211x300.jpg\" srcset=\"https:\/\/blogsaverroes.juntadeandalucia.es\/ceipjuancarrillo\/files\/2020\/03\/ninosasomados-ventana-211x300.jpg 211w, https:\/\/blogsaverroes.juntadeandalucia.es\/ceipjuancarrillo\/files\/2020\/03\/ninosasomados-ventana-17x24.jpg 17w, https:\/\/blogsaverroes.juntadeandalucia.es\/ceipjuancarrillo\/files\/2020\/03\/ninosasomados-ventana-25x36.jpg 25w, https:\/\/blogsaverroes.juntadeandalucia.es\/ceipjuancarrillo\/files\/2020\/03\/ninosasomados-ventana-34x48.jpg 34w, https:\/\/blogsaverroes.juntadeandalucia.es\/ceipjuancarrillo\/files\/2020\/03\/ninosasomados-ventana.jpg 266w\" sizes=\"(max-width: 211px) 100vw, 211px\" \/><\/a><\/p>\n<p><a href=\"https:\/\/blogsaverroes.juntadeandalucia.es\/ceipjuancarrillo\/files\/2020\/03\/Ni\u00f1os-y-ni\u00f1as-confinados_Pablo-Garc\u00eda-Tunez.pdf\">Ni\u00f1os y ni\u00f1as confinados_Pablo Garc\u00eda Tunez<\/a><\/td>\n<td>&nbsp;<\/td>\n<\/tr>\n<tr>\n<td>\n<h2><a href=\"https:\/\/wp.me\/a7bk7B-17w\">El Cuento del Coronavirus<\/a><\/h2>\n<\/td>\n<td>&nbsp;<\/td>\n<td>&nbsp;<\/td>\n<\/tr>\n<tr>\n<td>\n<h3>&nbsp;<\/h3>\n<\/td>\n<td>\n<h3>&nbsp;<\/h3>\n<\/td>\n<td>&nbsp;<\/td>\n<\/tr>\n<tr>\n<td>&nbsp;<\/td>\n<td>\n<h3>&nbsp;<\/h3>\n<\/td>\n<td>&nbsp;<\/td>\n<\/tr>\n<\/tbody>\n<\/table>\n<p>&nbsp;<\/p>\n<p>&nbsp;<\/p>\n","protected":false},"excerpt":{"rendered":"<p>Lo primero que debemos saber al entrar en este espacio es qu\u00e9 es y para qu\u00e9 sirve una ESCUELA DE FAMILIAS. Para dar respuesta a esta cuesti\u00f3n, vale la pena acceder al art\u00edculo publicado&#46;&#46;&#46;<\/p>\n","protected":false},"author":5125,"featured_media":0,"parent":0,"menu_order":0,"comment_status":"closed","ping_status":"closed","template":"","meta":{"ngg_post_thumbnail":0,"footnotes":"","_mc_calendar":[]},"aioseo_notices":[],"_links":{"self":[{"href":"https:\/\/blogsaverroes.juntadeandalucia.es\/ceipjuancarrillo\/wp-json\/wp\/v2\/pages\/4318"}],"collection":[{"href":"https:\/\/blogsaverroes.juntadeandalucia.es\/ceipjuancarrillo\/wp-json\/wp\/v2\/pages"}],"about":[{"href":"https:\/\/blogsaverroes.juntadeandalucia.es\/ceipjuancarrillo\/wp-json\/wp\/v2\/types\/page"}],"author":[{"embeddable":true,"href":"https:\/\/blogsaverroes.juntadeandalucia.es\/ceipjuancarrillo\/wp-json\/wp\/v2\/users\/5125"}],"replies":[{"embeddable":true,"href":"https:\/\/blogsaverroes.juntadeandalucia.es\/ceipjuancarrillo\/wp-json\/wp\/v2\/comments?post=4318"}],"version-history":[{"count":3,"href":"https:\/\/blogsaverroes.juntadeandalucia.es\/ceipjuancarrillo\/wp-json\/wp\/v2\/pages\/4318\/revisions"}],"predecessor-version":[{"id":4402,"href":"https:\/\/blogsaverroes.juntadeandalucia.es\/ceipjuancarrillo\/wp-json\/wp\/v2\/pages\/4318\/revisions\/4402"}],"wp:attachment":[{"href":"https:\/\/blogsaverroes.juntadeandalucia.es\/ceipjuancarrillo\/wp-json\/wp\/v2\/media?parent=4318"}],"curies":[{"name":"wp","href":"https:\/\/api.w.org\/{rel}","templated":true}]}}