{"id":3343,"date":"2022-12-01T18:06:26","date_gmt":"2022-12-01T17:06:26","guid":{"rendered":"https:\/\/blogsaverroes.juntadeandalucia.es\/ceipjuanmartinpinzon\/?page_id=3343"},"modified":"2022-12-01T18:07:29","modified_gmt":"2022-12-01T17:07:29","slug":"programa-proa-transformate","status":"publish","type":"page","link":"https:\/\/blogsaverroes.juntadeandalucia.es\/ceipjuanmartinpinzon\/programa-proa-transformate\/","title":{"rendered":"PROGRAMA PROA+ TRANSF\u00d3RMATE"},"content":{"rendered":"<p>Espacio dedicado a dar a conocer todas las experiencias que estamos llevando a cabo en el centro a trav\u00e9s del Programa PROA+ Transf\u00f3rmate, que es un Programa interanual, destinado a promover una transformaci\u00f3n de toda la comunidad educativa del Ceip Juan Mart\u00edn, orientando toda la pr\u00e1ctica educativa a la b\u00fasqueda de la inclusi\u00f3n de todo el alumnado.<\/p>\n","protected":false},"excerpt":{"rendered":"<p>Espacio dedicado a dar a conocer todas las experiencias que estamos llevando a cabo en el centro a trav\u00e9s del Programa PROA+ Transf\u00f3rmate, que es un Programa interanual, destinado a promover una transformaci\u00f3n de&#46;&#46;&#46;<\/p>\n","protected":false},"author":6495,"featured_media":0,"parent":0,"menu_order":0,"comment_status":"closed","ping_status":"closed","template":"","meta":{"ngg_post_thumbnail":0,"footnotes":"","_mc_calendar":[]},"aioseo_notices":[],"_links":{"self":[{"href":"https:\/\/blogsaverroes.juntadeandalucia.es\/ceipjuanmartinpinzon\/wp-json\/wp\/v2\/pages\/3343"}],"collection":[{"href":"https:\/\/blogsaverroes.juntadeandalucia.es\/ceipjuanmartinpinzon\/wp-json\/wp\/v2\/pages"}],"about":[{"href":"https:\/\/blogsaverroes.juntadeandalucia.es\/ceipjuanmartinpinzon\/wp-json\/wp\/v2\/types\/page"}],"author":[{"embeddable":true,"href":"https:\/\/blogsaverroes.juntadeandalucia.es\/ceipjuanmartinpinzon\/wp-json\/wp\/v2\/users\/6495"}],"replies":[{"embeddable":true,"href":"https:\/\/blogsaverroes.juntadeandalucia.es\/ceipjuanmartinpinzon\/wp-json\/wp\/v2\/comments?post=3343"}],"version-history":[{"count":1,"href":"https:\/\/blogsaverroes.juntadeandalucia.es\/ceipjuanmartinpinzon\/wp-json\/wp\/v2\/pages\/3343\/revisions"}],"predecessor-version":[{"id":3344,"href":"https:\/\/blogsaverroes.juntadeandalucia.es\/ceipjuanmartinpinzon\/wp-json\/wp\/v2\/pages\/3343\/revisions\/3344"}],"wp:attachment":[{"href":"https:\/\/blogsaverroes.juntadeandalucia.es\/ceipjuanmartinpinzon\/wp-json\/wp\/v2\/media?parent=3343"}],"curies":[{"name":"wp","href":"https:\/\/api.w.org\/{rel}","templated":true}]}}