{"id":35,"date":"2015-03-13T08:21:43","date_gmt":"2015-03-13T08:21:43","guid":{"rendered":"http:\/\/blogsaverroes.juntadeandalucia.es\/pre\/ceip\/?page_id=35"},"modified":"2016-03-15T12:33:19","modified_gmt":"2016-03-15T12:33:19","slug":"el-centro-2","status":"publish","type":"page","link":"https:\/\/blogsaverroes.juntadeandalucia.es\/ceipjuanramonbeas\/el-centro-2\/","title":{"rendered":"Datos del centro"},"content":{"rendered":"<p><iframe loading=\"lazy\" src=\"https:\/\/www.google.com\/maps\/embed?pb=!1m18!1m12!1m3!1d769.5494200193056!2d-6.792172266905542!3d37.427755119598565!2m3!1f0!2f0!3f0!3m2!1i1024!2i768!4f13.1!3m3!1m2!1s0x0000000000000000%3A0xc79fe5d674af2037!2sColegio+P%C3%BAblico+Juan+Ram%C3%B3n+Jim%C3%A9nez!5e0!3m2!1ses!2ses!4v1458042837838\" width=\"600\" height=\"400\" frameborder=\"0\"><\/iframe><\/p>\n<p>C.E.I.P Juan Ram\u00f3n Jim\u00e9nez<\/p>\n<p><strong>Direcci\u00f3n:<\/strong> \u00a0Calle <em>V\u00e1zquez Lim\u00f3n, 11.\u00a0\u00a0\u00a0 21630 Beas (Huelva)<\/em><\/p>\n<p><strong>Tel\u00e9fono 671535090 \/ FAX:959524901<\/strong><br \/>\n<strong>Email:<\/strong> 21000607.edu@juntadeandalucia.es<\/p>\n<h4><strong>Horarios<\/strong><\/h4>\n<p><strong>Apertura del Centro:\u00a0<\/strong><\/p>\n<table style=\"height: 166px\" width=\"659\">\n<tbody>\n<tr>\n<td>\n<p style=\"text-align: left\"><strong>El horario establecido para los alumnos\/as del Centro ser\u00e1 de 9 a\u00a0\u00a0 14 h.<\/strong><\/p>\n<p style=\"text-align: left\">&#8211; Las puertas del Colegio estar\u00e1n abiertas <strong><em><u>diez minutos antes<\/u><\/em><\/strong> de la hora de entrada, y <strong><em><u>se cerrar\u00e1n a las 9:10<\/u><\/em>.<\/strong> Recuerde que <strong><em>si llegan con anterioridad es bajo su responsabilidad<\/em><\/strong>, el ni\u00f1o\/a no tendr\u00e1 atenci\u00f3n en el Centro, al menos que cuente con la inscripci\u00f3n en el aula matinal.<\/p>\n<ul>\n<li style=\"text-align: left\"><strong>Tanto para el alumnado de Infantil como de Primaria, que tengan que incorporarse despu\u00e9s de la hora de entrada lo har\u00e1n al inicio de cada tramo horario <\/strong><strong>(10:00h \/ 11:30h\/ 12:00h\/ 13:00h)<\/strong><strong> La norma se establece tambi\u00e9n para realizar salidas del Centro, exceptuando los casos de enfermedad u otras urgencias. <\/strong><strong>Por favor, si necesita llevarse a su hijo\/a, procure que sea en los tramos antes citados.<\/strong><\/li>\n<li style=\"text-align: left\"><strong>Recuerde, si no puede llegar con puntualidad a las 9, espere al siguiente tramo, a las 10, para traer a su hijo\/a, o tendr\u00e1 que esperar en la zona de administraci\u00f3n con \u00e9l o ella hasta la hora indicada.<\/strong><\/li>\n<\/ul>\n<\/td>\n<\/tr>\n<\/tbody>\n<\/table>\n<p><strong>AULA MATINAL.- Empresa contratada por <\/strong> Agencia P\u00fablica Andaluza de Educaci\u00f3n y Formaci\u00f3n Gerencia Provincial \u00a0 Huelva.<\/p>\n<ul>\n<li><strong>Horario: de 7:30h a 9:00h<br \/>\n<\/strong><\/li>\n<\/ul>\n<p><strong>COMEDOR ESCOLAR (gesti\u00f3n propia del Centro)<\/strong><\/p>\n<ul>\n<li><strong>Horario: de 14:00h a 9:00h<\/strong><\/li>\n<\/ul>\n<p><strong>TRANSPORTE ESCOLAR (Javier P\u00e9rez)<\/strong><\/p>\n<ul>\n<li><strong>Horario: de\u00a0 recogida seg\u00fan paradas, desde las 8:30. Regreso a las 14:00h<br \/>\n<\/strong><\/li>\n<\/ul>\n<p><strong>TALLERES (ofertados por la AMPA como empresa colaboradora en el Proyecto de Apoyo a las Familias) No podemos olvidar el papel fundamental de la AMPA en todo el \u00a0 Proyecto de Apoyo \u00a0 Familiar, y las ventajas que supone econ\u00f3micamente con respectos a otras empresas. Por el simple hecho de estar afiliado su hijo\/a, disfrutar\u00e1 de un descuento en los talleres<\/strong><\/p>\n<ul>\n<li><strong>Horario:De 16:00h a 18:00h (Ver cuadrante de actividades para comprobar horario de cada taller.<br \/>\n<\/strong><\/li>\n<\/ul>\n<h4><strong>Oferta educativa<\/strong><\/h4>\n<p>&nbsp;<\/p>\n<h4>Instalaciones<\/h4>\n<p><!-- default-view.php -->\n<div\n\tclass=\"ngg-galleryoverview default-view\n\t ngg-ajax-pagination-none\t\"\n\tid=\"ngg-gallery-7bd57b0a1e84a07a972d91eb4118437e-1\">\n\n\t\t<!-- Thumbnails -->\n\t\t\t\t<div id=\"ngg-image-0\" class=\"ngg-gallery-thumbnail-box\n\t\t\t\t\t\t\t\t\t\t\t\"\n\t\t\t>\n\t\t\t\t\t\t<div class=\"ngg-gallery-thumbnail\">\n\t\t\t<a href=\"https:\/\/blogsaverroes.juntadeandalucia.es\/ceipjuanramonbeas\/wp-content\/uploads\/sites\/792\/nggallery\/instalaciones\/instalacion01.jpg\"\n\t\t\t\ttitle=\"Aula\"\n\t\t\t\tdata-src=\"https:\/\/blogsaverroes.juntadeandalucia.es\/ceipjuanramonbeas\/wp-content\/uploads\/sites\/792\/nggallery\/instalaciones\/instalacion01.jpg\"\n\t\t\t\tdata-thumbnail=\"https:\/\/blogsaverroes.juntadeandalucia.es\/ceipjuanramonbeas\/wp-content\/uploads\/sites\/792\/nggallery\/instalaciones\/thumbs\/thumbs_instalacion01.jpg\"\n\t\t\t\tdata-image-id=\"12\"\n\t\t\t\tdata-title=\"instalacion01\"\n\t\t\t\tdata-description=\"Aula\"\n\t\t\t\tdata-image-slug=\"instalacion01\"\n\t\t\t\tclass=\"ngg-fancybox\" rel=\"7bd57b0a1e84a07a972d91eb4118437e\">\n\t\t\t\t<img\n\t\t\t\t\ttitle=\"instalacion01\"\n\t\t\t\t\talt=\"instalacion01\"\n\t\t\t\t\tsrc=\"https:\/\/blogsaverroes.juntadeandalucia.es\/ceipjuanramonbeas\/wp-content\/uploads\/sites\/792\/nggallery\/instalaciones\/thumbs\/thumbs_instalacion01.jpg\"\n\t\t\t\t\twidth=\"120\"\n\t\t\t\t\theight=\"90\"\n\t\t\t\t\tstyle=\"max-width:100%;\"\n\t\t\t\t\/>\n\t\t\t<\/a>\n\t\t<\/div>\n\t\t\t\t\t\t\t<\/div>\n\t\t\t\n\t\t\t\t<div id=\"ngg-image-1\" class=\"ngg-gallery-thumbnail-box\n\t\t\t\t\t\t\t\t\t\t\t\"\n\t\t\t>\n\t\t\t\t\t\t<div class=\"ngg-gallery-thumbnail\">\n\t\t\t<a href=\"https:\/\/blogsaverroes.juntadeandalucia.es\/ceipjuanramonbeas\/wp-content\/uploads\/sites\/792\/nggallery\/instalaciones\/instalacion02.jpg\"\n\t\t\t\ttitle=\"Gimnasio\"\n\t\t\t\tdata-src=\"https:\/\/blogsaverroes.juntadeandalucia.es\/ceipjuanramonbeas\/wp-content\/uploads\/sites\/792\/nggallery\/instalaciones\/instalacion02.jpg\"\n\t\t\t\tdata-thumbnail=\"https:\/\/blogsaverroes.juntadeandalucia.es\/ceipjuanramonbeas\/wp-content\/uploads\/sites\/792\/nggallery\/instalaciones\/thumbs\/thumbs_instalacion02.jpg\"\n\t\t\t\tdata-image-id=\"13\"\n\t\t\t\tdata-title=\"instalacion02\"\n\t\t\t\tdata-description=\"Gimnasio\"\n\t\t\t\tdata-image-slug=\"instalacion02\"\n\t\t\t\tclass=\"ngg-fancybox\" rel=\"7bd57b0a1e84a07a972d91eb4118437e\">\n\t\t\t\t<img\n\t\t\t\t\ttitle=\"instalacion02\"\n\t\t\t\t\talt=\"instalacion02\"\n\t\t\t\t\tsrc=\"https:\/\/blogsaverroes.juntadeandalucia.es\/ceipjuanramonbeas\/wp-content\/uploads\/sites\/792\/nggallery\/instalaciones\/thumbs\/thumbs_instalacion02.jpg\"\n\t\t\t\t\twidth=\"120\"\n\t\t\t\t\theight=\"90\"\n\t\t\t\t\tstyle=\"max-width:100%;\"\n\t\t\t\t\/>\n\t\t\t<\/a>\n\t\t<\/div>\n\t\t\t\t\t\t\t<\/div>\n\t\t\t\n\t\t\t\t<div id=\"ngg-image-2\" class=\"ngg-gallery-thumbnail-box\n\t\t\t\t\t\t\t\t\t\t\t\"\n\t\t\t>\n\t\t\t\t\t\t<div class=\"ngg-gallery-thumbnail\">\n\t\t\t<a href=\"https:\/\/blogsaverroes.juntadeandalucia.es\/ceipjuanramonbeas\/wp-content\/uploads\/sites\/792\/nggallery\/instalaciones\/instalacion03.jpg\"\n\t\t\t\ttitle=\"Sala de presentaciones\"\n\t\t\t\tdata-src=\"https:\/\/blogsaverroes.juntadeandalucia.es\/ceipjuanramonbeas\/wp-content\/uploads\/sites\/792\/nggallery\/instalaciones\/instalacion03.jpg\"\n\t\t\t\tdata-thumbnail=\"https:\/\/blogsaverroes.juntadeandalucia.es\/ceipjuanramonbeas\/wp-content\/uploads\/sites\/792\/nggallery\/instalaciones\/thumbs\/thumbs_instalacion03.jpg\"\n\t\t\t\tdata-image-id=\"14\"\n\t\t\t\tdata-title=\"instalacion03\"\n\t\t\t\tdata-description=\"Sala de presentaciones\"\n\t\t\t\tdata-image-slug=\"instalacion03\"\n\t\t\t\tclass=\"ngg-fancybox\" rel=\"7bd57b0a1e84a07a972d91eb4118437e\">\n\t\t\t\t<img\n\t\t\t\t\ttitle=\"instalacion03\"\n\t\t\t\t\talt=\"instalacion03\"\n\t\t\t\t\tsrc=\"https:\/\/blogsaverroes.juntadeandalucia.es\/ceipjuanramonbeas\/wp-content\/uploads\/sites\/792\/nggallery\/instalaciones\/thumbs\/thumbs_instalacion03.jpg\"\n\t\t\t\t\twidth=\"120\"\n\t\t\t\t\theight=\"90\"\n\t\t\t\t\tstyle=\"max-width:100%;\"\n\t\t\t\t\/>\n\t\t\t<\/a>\n\t\t<\/div>\n\t\t\t\t\t\t\t<\/div>\n\t\t\t\n\t\t\t\t<div id=\"ngg-image-3\" class=\"ngg-gallery-thumbnail-box\n\t\t\t\t\t\t\t\t\t\t\t\"\n\t\t\t>\n\t\t\t\t\t\t<div class=\"ngg-gallery-thumbnail\">\n\t\t\t<a href=\"https:\/\/blogsaverroes.juntadeandalucia.es\/ceipjuanramonbeas\/wp-content\/uploads\/sites\/792\/nggallery\/instalaciones\/instalacion04.jpg\"\n\t\t\t\ttitle=\"Taquillas\"\n\t\t\t\tdata-src=\"https:\/\/blogsaverroes.juntadeandalucia.es\/ceipjuanramonbeas\/wp-content\/uploads\/sites\/792\/nggallery\/instalaciones\/instalacion04.jpg\"\n\t\t\t\tdata-thumbnail=\"https:\/\/blogsaverroes.juntadeandalucia.es\/ceipjuanramonbeas\/wp-content\/uploads\/sites\/792\/nggallery\/instalaciones\/thumbs\/thumbs_instalacion04.jpg\"\n\t\t\t\tdata-image-id=\"15\"\n\t\t\t\tdata-title=\"instalacion04\"\n\t\t\t\tdata-description=\"Taquillas\"\n\t\t\t\tdata-image-slug=\"instalacion04\"\n\t\t\t\tclass=\"ngg-fancybox\" rel=\"7bd57b0a1e84a07a972d91eb4118437e\">\n\t\t\t\t<img\n\t\t\t\t\ttitle=\"instalacion04\"\n\t\t\t\t\talt=\"instalacion04\"\n\t\t\t\t\tsrc=\"https:\/\/blogsaverroes.juntadeandalucia.es\/ceipjuanramonbeas\/wp-content\/uploads\/sites\/792\/nggallery\/instalaciones\/thumbs\/thumbs_instalacion04.jpg\"\n\t\t\t\t\twidth=\"120\"\n\t\t\t\t\theight=\"90\"\n\t\t\t\t\tstyle=\"max-width:100%;\"\n\t\t\t\t\/>\n\t\t\t<\/a>\n\t\t<\/div>\n\t\t\t\t\t\t\t<\/div>\n\t\t\t\n\t\n\t<br style=\"clear: both\" \/>\n\n\t\t<div class=\"slideshowlink\">\n\t\t<a href='https:\/\/blogsaverroes.juntadeandalucia.es\/ceipjuanramonbeas\/el-centro-2\/nggallery\/slideshow'>[Mostrar presentaci\u00f3n de diapositivas]<\/a>\n\n\t<\/div>\n\t\n\t\t<!-- Pagination -->\n\t\t<div class='ngg-clear'><\/div>\t<\/div>\n<\/p>\n","protected":false},"excerpt":{"rendered":"<p>C.E.I.P Juan Ram\u00f3n Jim\u00e9nez Direcci\u00f3n: \u00a0Calle V\u00e1zquez Lim\u00f3n, 11.\u00a0\u00a0\u00a0 21630 Beas (Huelva) Tel\u00e9fono 671535090 \/ FAX:959524901 Email: 21000607.edu@juntadeandalucia.es Horarios Apertura del Centro:\u00a0 El horario establecido para los alumnos\/as del Centro ser\u00e1 de 9 a\u00a0\u00a0&#46;&#46;&#46;<\/p>\n","protected":false},"author":1,"featured_media":0,"parent":0,"menu_order":0,"comment_status":"closed","ping_status":"open","template":"","meta":{"ngg_post_thumbnail":0,"footnotes":"","_mc_calendar":[]},"aioseo_notices":[],"_links":{"self":[{"href":"https:\/\/blogsaverroes.juntadeandalucia.es\/ceipjuanramonbeas\/wp-json\/wp\/v2\/pages\/35"}],"collection":[{"href":"https:\/\/blogsaverroes.juntadeandalucia.es\/ceipjuanramonbeas\/wp-json\/wp\/v2\/pages"}],"about":[{"href":"https:\/\/blogsaverroes.juntadeandalucia.es\/ceipjuanramonbeas\/wp-json\/wp\/v2\/types\/page"}],"author":[{"embeddable":true,"href":"https:\/\/blogsaverroes.juntadeandalucia.es\/ceipjuanramonbeas\/wp-json\/wp\/v2\/users\/1"}],"replies":[{"embeddable":true,"href":"https:\/\/blogsaverroes.juntadeandalucia.es\/ceipjuanramonbeas\/wp-json\/wp\/v2\/comments?post=35"}],"version-history":[{"count":17,"href":"https:\/\/blogsaverroes.juntadeandalucia.es\/ceipjuanramonbeas\/wp-json\/wp\/v2\/pages\/35\/revisions"}],"predecessor-version":[{"id":2239,"href":"https:\/\/blogsaverroes.juntadeandalucia.es\/ceipjuanramonbeas\/wp-json\/wp\/v2\/pages\/35\/revisions\/2239"}],"wp:attachment":[{"href":"https:\/\/blogsaverroes.juntadeandalucia.es\/ceipjuanramonbeas\/wp-json\/wp\/v2\/media?parent=35"}],"curies":[{"name":"wp","href":"https:\/\/api.w.org\/{rel}","templated":true}]}}