{"id":77,"date":"2015-03-16T06:54:56","date_gmt":"2015-03-16T06:54:56","guid":{"rendered":"http:\/\/blogsaverroes.juntadeandalucia.es\/pre\/ceip\/?page_id=77"},"modified":"2024-09-22T13:01:50","modified_gmt":"2024-09-22T11:01:50","slug":"organigrama","status":"publish","type":"page","link":"https:\/\/blogsaverroes.juntadeandalucia.es\/ceipjuanramonjimenezviveros\/organigrama\/","title":{"rendered":"Organigrama"},"content":{"rendered":"<table style=\"height: 521px;width: 99.8485%;border-collapse: collapse;border-style: dashed;border-color: #000000\">\n<thead>\n<tr style=\"height: 24px;background-color: #4791ff\">\n<td style=\"height: 24px;width: 133.688px\">&nbsp;<\/td>\n<td style=\"width: 523.312px;height: 24px\"><strong>TUTORAS INFANTIL<\/strong><\/td>\n<\/tr>\n<\/thead>\n<tbody>\n<tr style=\"height: 24px\">\n<td style=\"width: 133.688px;height: 24px\"><strong>3 A\u00f1os<\/strong><\/td>\n<td style=\"width: 523.312px;height: 24px\"><em>D\u00f1a. F\u00e1tima Medina Iglesias<\/em><\/td>\n<\/tr>\n<tr style=\"height: 24px\">\n<td style=\"width: 133.688px;height: 24px\"><strong>4 A\u00f1os<\/strong><\/td>\n<td style=\"width: 523.312px;height: 24px\"><em>D\u00f1a. Elena Jim\u00e9nez Rueda<\/em><\/td>\n<\/tr>\n<tr style=\"height: 24px\">\n<td style=\"width: 133.688px;height: 24px\"><strong>5 A\u00f1os<\/strong><\/td>\n<td style=\"width: 523.312px;height: 24px\"><em>D\u00f1a. M\u00aa Alharilla Gallego Morente<\/em><\/td>\n<\/tr>\n<tr style=\"height: 24px;background-color: #4791ff\">\n<td style=\"width: 133.688px;height: 24px\">&nbsp;<\/td>\n<td style=\"width: 523.312px;height: 24px\"><strong>TUTOR\/A 1\u00ba CICLO<\/strong><\/td>\n<\/tr>\n<tr style=\"height: 24px\">\n<td style=\"width: 133.688px;height: 24px\"><strong>1\u00ba A<\/strong><\/td>\n<td style=\"width: 523.312px;height: 24px\"><em>D\u00f1a. Roc\u00edo Iglesias Dom\u00ednguez<\/em><\/td>\n<\/tr>\n<tr style=\"height: 24px\">\n<td style=\"width: 133.688px;height: 24px\"><strong>2\u00ba A<\/strong><\/td>\n<td style=\"width: 523.312px;height: 24px\"><em>D. Joaqu\u00edn Castro Cuadrado<\/em><\/td>\n<\/tr>\n<tr style=\"height: 24px;background-color: #4791ff\">\n<td style=\"width: 133.688px;height: 24px\">&nbsp;<\/td>\n<td style=\"width: 523.312px;height: 24px\"><strong>TUTOR\/A 2\u00ba CICLO<\/strong><\/td>\n<\/tr>\n<tr style=\"height: 24px\">\n<td style=\"width: 133.688px;height: 24px\"><strong>3\u00ba A<\/strong><\/td>\n<td style=\"width: 523.312px;height: 24px\"><em>D\u00f1a. Noem\u00ed Rojas Aire<\/em><\/td>\n<\/tr>\n<tr style=\"height: 42px\">\n<td style=\"width: 133.688px;height: 10px\"><strong>4\u00ba A<\/strong><\/td>\n<td style=\"width: 523.312px;height: 10px\"><em>D. Demetrio Anguiano G\u00f3mez<\/em><\/td>\n<\/tr>\n<tr style=\"height: 24px;background-color: #4791ff\">\n<td style=\"width: 133.688px;height: 24px\">&nbsp;<\/td>\n<td style=\"width: 523.312px;height: 24px\"><strong>TUTORAS 3\u00ba CICLO<\/strong><\/td>\n<\/tr>\n<tr style=\"height: 24px\">\n<td style=\"width: 133.688px;height: 10px\"><strong>5\u00ba A<\/strong><\/td>\n<td style=\"width: 523.312px;height: 10px\"><em>D\u00f1a. Manuela Fern\u00e1ndez D\u00edaz<br \/>\n<\/em><\/td>\n<\/tr>\n<tr style=\"height: 24px\">\n<td style=\"width: 133.688px;height: 24px\"><strong>6\u00ba A<\/strong><\/td>\n<td style=\"width: 523.312px;height: 24px\"><em>D\u00f1a. M\u00aa Magdalena Verdasco Mart\u00edn<\/em><\/td>\n<\/tr>\n<tr style=\"background-color: #4791ff\">\n<td style=\"width: 133.688px;height: 23px\">&nbsp;<\/td>\n<td style=\"width: 523.312px;height: 23px\"><strong>ESPECIALISTAS<\/strong><\/td>\n<\/tr>\n<tr style=\"height: 96px\">\n<td style=\"width: 133.688px;height: 10px\"><strong>Ingl\u00e9s<\/strong><\/td>\n<td style=\"width: 523.312px;height: 10px\"><em>D\u00f1a. Andrea Ganaza Vargas<\/em><\/td>\n<\/tr>\n<tr style=\"height: 23px\">\n<td style=\"width: 133.688px;height: 23px\"><strong>Educaci\u00f3n F\u00edsica<\/strong><\/td>\n<td style=\"width: 523.312px;height: 23px\"><em>D\u00f1a. Laura C\u00e1ride P\u00e9rez<\/em><\/td>\n<\/tr>\n<tr style=\"height: 12px\">\n<td style=\"width: 133.688px;height: 10px\"><strong>Educaci\u00f3n Art\u00edstica<\/strong><\/td>\n<td style=\"width: 523.312px;height: 10px\"><em>D\u00f1a. Noem\u00ed Rojas Aires<\/em><\/p>\n<p><em>D. Demetrio Anguiano G\u00f3mez<\/em><\/p>\n<p><em>D\u00f1a. Roc\u00edo Iglesias Dom\u00ednguez<\/em><\/p>\n<p><em>D. Joaqu\u00edn Castro Cuadrado<\/em><\/td>\n<\/tr>\n<tr style=\"height: 23px\">\n<td style=\"width: 133.688px;height: 23px\"><strong>Franc\u00e9s&nbsp;<\/strong><\/td>\n<td style=\"width: 523.312px;height: 23px\"><em>D. Miguel \u00c1ngel Camacho Carnicer<br \/>\n<\/em><\/td>\n<\/tr>\n<tr style=\"height: 47px\">\n<td style=\"width: 133.688px;height: 10px\"><strong>Religi\u00f3n<\/strong><\/td>\n<td style=\"width: 523.312px;height: 10px\"><em>D\u00f1a. Ana Su\u00e1rez Carrascosa<\/em><\/td>\n<\/tr>\n<tr style=\"height: 47px\">\n<td style=\"width: 133.688px;height: 10px\"><strong>Science<\/strong><\/td>\n<td style=\"width: 523.312px;height: 10px\"><em>D\u00f1a. M\u00aa Magdalena Verdasco Mart\u00edn<\/em><\/p>\n<p><em>D\u00f1a. Manuela Fern\u00e1ndez D\u00edaz<br \/>\n<\/em><\/p>\n<p><em>D\u00f1a.&nbsp; (auxiliar de conversaci\u00f3n)<\/em><\/td>\n<\/tr>\n<tr style=\"height: 24px\">\n<td style=\"width: 133.688px;height: 24px\"><strong>TEA<\/strong><\/td>\n<td style=\"width: 523.312px;height: 24px\"><em>D\u00f1a. Luc\u00eda Iglesias Rodr\u00edguez<\/em><\/p>\n<p><em>D\u00f1a. Marta Cebollero Mu\u00f1oz<\/em><\/p>\n<p><em>D\u00f1a. Luisa del Trigo Bono<br \/>\n<\/em><\/td>\n<\/tr>\n<tr style=\"height: 47px\">\n<td style=\"width: 133.688px;height: 47px\"><strong>PT<\/strong><\/td>\n<td style=\"width: 523.312px;height: 47px\"><em>D\u00f1a. Estrella Oliver Miranda<\/em><\/p>\n<p><em>D\u00f1a. Isabel Mar\u00eda P\u00e9rez Asensio<\/em><\/td>\n<\/tr>\n<tr style=\"height: 47px\">\n<td style=\"width: 133.688px;height: 47px\"><strong>Audici\u00f3n y Lenguaje<\/strong><\/td>\n<td style=\"width: 523.312px;height: 47px\"><em>D\u00f1a. M\u00aa Dolores Garc\u00eda Trujillo<\/em><\/td>\n<\/tr>\n<tr style=\"height: 24px\">\n<td style=\"width: 133.688px;height: 10px\"><strong>PTIS<\/strong><\/td>\n<td style=\"width: 523.312px;height: 10px\"><em>D. Pedro Moreno Garrucho<br \/>\n<\/em><\/p>\n<p><em>D\u00f1a. Mar\u00eda Paz Toro&nbsp;<\/em><\/td>\n<\/tr>\n<\/tbody>\n<\/table>\n<p>&nbsp;<\/p>\n<p>&nbsp;<\/p>\n","protected":false},"excerpt":{"rendered":"<p>&nbsp; TUTORAS INFANTIL 3 A\u00f1os D\u00f1a. F\u00e1tima Medina Iglesias 4 A\u00f1os D\u00f1a. Elena Jim\u00e9nez Rueda 5 A\u00f1os D\u00f1a. M\u00aa Alharilla Gallego Morente &nbsp; TUTOR\/A 1\u00ba CICLO 1\u00ba A D\u00f1a. Roc\u00edo Iglesias Dom\u00ednguez 2\u00ba A D. Joaqu\u00edn Castro Cuadrado &nbsp; TUTOR\/A 2\u00ba CICLO 3\u00ba A D\u00f1a. Noem\u00ed Rojas Aire 4\u00ba A D. Demetrio Anguiano G\u00f3mez &nbsp; [&hellip;]<\/p>\n","protected":false},"author":1,"featured_media":2402,"parent":0,"menu_order":0,"comment_status":"closed","ping_status":"open","template":"","meta":{"ngg_post_thumbnail":0,"footnotes":"","_mc_calendar":[]},"aioseo_notices":[],"_links":{"self":[{"href":"https:\/\/blogsaverroes.juntadeandalucia.es\/ceipjuanramonjimenezviveros\/wp-json\/wp\/v2\/pages\/77"}],"collection":[{"href":"https:\/\/blogsaverroes.juntadeandalucia.es\/ceipjuanramonjimenezviveros\/wp-json\/wp\/v2\/pages"}],"about":[{"href":"https:\/\/blogsaverroes.juntadeandalucia.es\/ceipjuanramonjimenezviveros\/wp-json\/wp\/v2\/types\/page"}],"author":[{"embeddable":true,"href":"https:\/\/blogsaverroes.juntadeandalucia.es\/ceipjuanramonjimenezviveros\/wp-json\/wp\/v2\/users\/1"}],"replies":[{"embeddable":true,"href":"https:\/\/blogsaverroes.juntadeandalucia.es\/ceipjuanramonjimenezviveros\/wp-json\/wp\/v2\/comments?post=77"}],"version-history":[{"count":23,"href":"https:\/\/blogsaverroes.juntadeandalucia.es\/ceipjuanramonjimenezviveros\/wp-json\/wp\/v2\/pages\/77\/revisions"}],"predecessor-version":[{"id":6852,"href":"https:\/\/blogsaverroes.juntadeandalucia.es\/ceipjuanramonjimenezviveros\/wp-json\/wp\/v2\/pages\/77\/revisions\/6852"}],"wp:featuredmedia":[{"embeddable":true,"href":"https:\/\/blogsaverroes.juntadeandalucia.es\/ceipjuanramonjimenezviveros\/wp-json\/wp\/v2\/media\/2402"}],"wp:attachment":[{"href":"https:\/\/blogsaverroes.juntadeandalucia.es\/ceipjuanramonjimenezviveros\/wp-json\/wp\/v2\/media?parent=77"}],"curies":[{"name":"wp","href":"https:\/\/api.w.org\/{rel}","templated":true}]}}