{"id":35,"date":"2015-03-13T08:21:43","date_gmt":"2015-03-13T08:21:43","guid":{"rendered":"http:\/\/blogsaverroes.juntadeandalucia.es\/pre\/ceip\/?page_id=35"},"modified":"2025-05-27T11:43:37","modified_gmt":"2025-05-27T09:43:37","slug":"el-centro-2","status":"publish","type":"page","link":"https:\/\/blogsaverroes.juntadeandalucia.es\/ceipjulioromerodetorres\/el-centro-2\/","title":{"rendered":"Datos del centro"},"content":{"rendered":"<p><a href=\"https:\/\/drive.google.com\/file\/d\/15wxzNbRWk4RXHgDzmEyWmJWcVd_SkAeo\/view?usp=sharing\"><strong>Ubicaci\u00f3n<\/strong><\/a><\/p>\n<h4>Datos de contacto<\/h4>\n<p><strong>Direcci\u00f3n:<\/strong> &nbsp;Calle Ram\u00f3n Toledano Cuenca, s\/n. 14011 C\u00f3rdoba<\/p>\n<p><strong>Tel\u00e9fono \/ FAX: 957 73 41 60 \/ 600 16 74 32 <\/strong><\/p>\n<p><strong>Email:<\/strong> <a href=\"mailto:14012400.edu@juntadeandalucia.es\">14012400.edu@juntadeandalucia.es<\/a><\/p>\n<p>&nbsp; &nbsp; &nbsp; &nbsp; &nbsp; &nbsp;<a href=\"mailto:14012400@g.educaand.es\"> 14012400@g.educaand.es<\/a><\/p>\n<h4>&nbsp;<\/h4>\n<h4>SECRETAR\u00cdA: HORARIO<\/h4>\n<h4><em>LUNES a VIERNES&nbsp; de 9 a 13 horas <\/em><\/h4>\n<h4>AULA MATINAL: 7:30 a 09:00 horas<\/h4>\n<h4>HORARIO LECTIVO: 09:00 a 14:00 horas<\/h4>\n<h4>COMEDOR: 14:00 a 16:00 horas&nbsp;&nbsp;<\/h4>\n<h4>ACTIVIDADES EXTRAESCOLARES: Lunes a jueves de 16:00 a 18:00 horas<\/h4>\n<h4>&nbsp;<\/h4>\n<h4><strong>Oferta educativa<\/strong><\/h4>\n<p>Centro P\u00fablico de Educaci\u00f3n Infantil y Primaria<\/p>\n<h4>Instalaciones<\/h4>\nngg_shortcode_0_placeholder\n","protected":false},"excerpt":{"rendered":"<p>Ubicaci\u00f3n Datos de contacto Direcci\u00f3n: &nbsp;Calle Ram\u00f3n Toledano Cuenca, s\/n. 14011 C\u00f3rdoba Tel\u00e9fono \/ FAX: 957 73 41 60 \/ 600 16 74 32 Email: 14012400.edu@juntadeandalucia.es &nbsp; &nbsp; &nbsp; &nbsp; &nbsp; &nbsp; 14012400@g.educaand.es &nbsp;&#46;&#46;&#46;<\/p>\n","protected":false},"author":1,"featured_media":0,"parent":0,"menu_order":0,"comment_status":"open","ping_status":"open","template":"","meta":{"ngg_post_thumbnail":0,"footnotes":"","_mc_calendar":[]},"aioseo_notices":[],"_links":{"self":[{"href":"https:\/\/blogsaverroes.juntadeandalucia.es\/ceipjulioromerodetorres\/wp-json\/wp\/v2\/pages\/35"}],"collection":[{"href":"https:\/\/blogsaverroes.juntadeandalucia.es\/ceipjulioromerodetorres\/wp-json\/wp\/v2\/pages"}],"about":[{"href":"https:\/\/blogsaverroes.juntadeandalucia.es\/ceipjulioromerodetorres\/wp-json\/wp\/v2\/types\/page"}],"author":[{"embeddable":true,"href":"https:\/\/blogsaverroes.juntadeandalucia.es\/ceipjulioromerodetorres\/wp-json\/wp\/v2\/users\/1"}],"replies":[{"embeddable":true,"href":"https:\/\/blogsaverroes.juntadeandalucia.es\/ceipjulioromerodetorres\/wp-json\/wp\/v2\/comments?post=35"}],"version-history":[{"count":34,"href":"https:\/\/blogsaverroes.juntadeandalucia.es\/ceipjulioromerodetorres\/wp-json\/wp\/v2\/pages\/35\/revisions"}],"predecessor-version":[{"id":2958,"href":"https:\/\/blogsaverroes.juntadeandalucia.es\/ceipjulioromerodetorres\/wp-json\/wp\/v2\/pages\/35\/revisions\/2958"}],"wp:attachment":[{"href":"https:\/\/blogsaverroes.juntadeandalucia.es\/ceipjulioromerodetorres\/wp-json\/wp\/v2\/media?parent=35"}],"curies":[{"name":"wp","href":"https:\/\/api.w.org\/{rel}","templated":true}]}}

<p><a href="https://drive.google.com/file/d/15wxzNbRWk4RXHgDzmEyWmJWcVd_SkAeo/view?usp=sharing"><strong>Ubicación</strong></a></p>
<h4>Datos de contacto</h4>
<p><strong>Dirección:</strong> &nbsp;Calle Ramón Toledano Cuenca, s/n. 14011 Córdoba</p>
<p><strong>Teléfono / FAX: 957 73 41 60 / 600 16 74 32 </strong></p>
<p><strong>Email:</strong> <a href="mailto:14012400.edu@juntadeandalucia.es">14012400.edu@juntadeandalucia.es</a></p>
<p>&nbsp; &nbsp; &nbsp; &nbsp; &nbsp; &nbsp;<a href="mailto:14012400@g.educaand.es"> 14012400@g.educaand.es</a></p>
<h4>&nbsp;</h4>
<h4>SECRETARÍA: HORARIO</h4>
<h4><em>LUNES a VIERNES&nbsp; de 9 a 13 horas </em></h4>
<h4>AULA MATINAL: 7:30 a 09:00 horas</h4>
<h4>HORARIO LECTIVO: 09:00 a 14:00 horas</h4>
<h4>COMEDOR: 14:00 a 16:00 horas&nbsp;&nbsp;</h4>
<h4>ACTIVIDADES EXTRAESCOLARES: Lunes a jueves de 16:00 a 18:00 horas</h4>
<h4>&nbsp;</h4>
<h4><strong>Oferta educativa</strong></h4>
<p>Centro Público de Educación Infantil y Primaria</p>
<h4>Instalaciones</h4>
ngg_shortcode_0_placeholder

<p>Ubicación Datos de contacto Dirección: &nbsp;Calle Ramón Toledano Cuenca, s/n. 14011 Córdoba Teléfono / FAX: 957 73 41 60 / 600 16 74 32 Email: 14012400.edu@juntadeandalucia.es &nbsp; &nbsp; &nbsp; &nbsp; &nbsp; &nbsp; 14012400@g.educaand.es &nbsp;&#46;&#46;&#46;</p>
