{"id":2268,"date":"2020-11-26T15:59:56","date_gmt":"2020-11-26T15:59:56","guid":{"rendered":"https:\/\/blogsaverroes.juntadeandalucia.es\/ceiplaatalaya\/?page_id=2268"},"modified":"2025-04-04T11:35:08","modified_gmt":"2025-04-04T11:35:08","slug":"plan-de-centro","status":"publish","type":"page","link":"https:\/\/blogsaverroes.juntadeandalucia.es\/ceiplaatalaya\/plan-de-centro\/","title":{"rendered":"Plan de Centro"},"content":{"rendered":"<p>El Plan de Centro del CEIP La Atalaya se encuentra integrado por los siguientes documentos:<\/p>\n<ul>\n<li>\n<h3><a href=\"https:\/\/drive.google.com\/file\/d\/1y1hP2690DVsAcbks8h0_6fHHnXzj3Dj4\/view?usp=sharing\">Proyecto Educativo&nbsp; (PE)<\/a><\/h3>\n<\/li>\n<li>\n<h3><a href=\"https:\/\/drive.google.com\/drive\/folders\/1IEbFOJr6on8p4h6zRkqahRN6Wo6nvaZy\">Plan de gesti\u00f3n (PG)&nbsp;<\/a><\/h3>\n<\/li>\n<li>\n<h3><a href=\"https:\/\/drive.google.com\/file\/d\/1XIlCzAuvfq5xY94a6G9D3ETYRw5jySaX\/view?usp=sharing\">Reglamento de Organizaci\u00f3n y Funcionamiento (ROF)<\/a><\/h3>\n<\/li>\n<li>\n<h3><a href=\"https:\/\/drive.google.com\/file\/d\/1lY3I1rst9gviOSK0ztBrqhIEuFoycoFJ\/view?usp=sharing\">Plan de Actuaci\u00f3n Digital<\/a><\/h3>\n<\/li>\n<\/ul>\n","protected":false},"excerpt":{"rendered":"<p>El Plan de Centro del CEIP La Atalaya se encuentra integrado por los siguientes documentos: Proyecto Educativo&nbsp; (PE) Plan de gesti\u00f3n (PG)&nbsp; Reglamento de Organizaci\u00f3n y Funcionamiento (ROF) Plan de Actuaci\u00f3n Digital<\/p>\n","protected":false},"author":11215,"featured_media":0,"parent":0,"menu_order":0,"comment_status":"closed","ping_status":"closed","template":"","meta":{"ngg_post_thumbnail":0,"footnotes":"","_mc_calendar":[]},"aioseo_notices":[],"_links":{"self":[{"href":"https:\/\/blogsaverroes.juntadeandalucia.es\/ceiplaatalaya\/wp-json\/wp\/v2\/pages\/2268"}],"collection":[{"href":"https:\/\/blogsaverroes.juntadeandalucia.es\/ceiplaatalaya\/wp-json\/wp\/v2\/pages"}],"about":[{"href":"https:\/\/blogsaverroes.juntadeandalucia.es\/ceiplaatalaya\/wp-json\/wp\/v2\/types\/page"}],"author":[{"embeddable":true,"href":"https:\/\/blogsaverroes.juntadeandalucia.es\/ceiplaatalaya\/wp-json\/wp\/v2\/users\/11215"}],"replies":[{"embeddable":true,"href":"https:\/\/blogsaverroes.juntadeandalucia.es\/ceiplaatalaya\/wp-json\/wp\/v2\/comments?post=2268"}],"version-history":[{"count":11,"href":"https:\/\/blogsaverroes.juntadeandalucia.es\/ceiplaatalaya\/wp-json\/wp\/v2\/pages\/2268\/revisions"}],"predecessor-version":[{"id":3384,"href":"https:\/\/blogsaverroes.juntadeandalucia.es\/ceiplaatalaya\/wp-json\/wp\/v2\/pages\/2268\/revisions\/3384"}],"wp:attachment":[{"href":"https:\/\/blogsaverroes.juntadeandalucia.es\/ceiplaatalaya\/wp-json\/wp\/v2\/media?parent=2268"}],"curies":[{"name":"wp","href":"https:\/\/api.w.org\/{rel}","templated":true}]}}

<p>El Plan de Centro del CEIP La Atalaya se encuentra integrado por los siguientes documentos:</p>
<ul>
<li>
<h3><a href="https://drive.google.com/file/d/1y1hP2690DVsAcbks8h0_6fHHnXzj3Dj4/view?usp=sharing">Proyecto Educativo&nbsp; (PE)</a></h3>
</li>
<li>
<h3><a href="https://drive.google.com/drive/folders/1IEbFOJr6on8p4h6zRkqahRN6Wo6nvaZy">Plan de gestión (PG)&nbsp;</a></h3>
</li>
<li>
<h3><a href="https://drive.google.com/file/d/1XIlCzAuvfq5xY94a6G9D3ETYRw5jySaX/view?usp=sharing">Reglamento de Organización y Funcionamiento (ROF)</a></h3>
</li>
<li>
<h3><a href="https://drive.google.com/file/d/1lY3I1rst9gviOSK0ztBrqhIEuFoycoFJ/view?usp=sharing">Plan de Actuación Digital</a></h3>
</li>
</ul>

<p>El Plan de Centro del CEIP La Atalaya se encuentra integrado por los siguientes documentos: Proyecto Educativo&nbsp; (PE) Plan de gestión (PG)&nbsp; Reglamento de Organización y Funcionamiento (ROF) Plan de Actuación Digital</p>
