{"id":2323,"date":"2020-11-30T11:50:14","date_gmt":"2020-11-30T11:50:14","guid":{"rendered":"https:\/\/blogsaverroes.juntadeandalucia.es\/ceiplaatalaya\/?page_id=2323"},"modified":"2020-11-30T11:57:47","modified_gmt":"2020-11-30T11:57:47","slug":"instalaciones-del-centro","status":"publish","type":"page","link":"https:\/\/blogsaverroes.juntadeandalucia.es\/ceiplaatalaya\/instalaciones-del-centro\/","title":{"rendered":"Instalaciones del centro"},"content":{"rendered":"<h2>Nuestro centro cuenta con las siguientes dependencias e instalaciones:<\/h2>\n<h3>&nbsp;<\/h3>\n<h3>Planta baja:<\/h3>\n<ul>\n<li>Hall de entrada al Centro<\/li>\n<li>Direcci\u00f3n<\/li>\n<li>Secretar\u00eda y Sala de Reprograf\u00eda<\/li>\n<li>Archivo<\/li>\n<li>Sala de Profesores<\/li>\n<li>Servicios de profesores\/as<\/li>\n<li>Almac\u00e9n<\/li>\n<li>Comedor<\/li>\n<li>Cocina<\/li>\n<li>Almac\u00e9n para cocina\/comedor<\/li>\n<li>Gimnasio<\/li>\n<li>Almac\u00e9n<\/li>\n<li>Patio cubierto<\/li>\n<li>Sala de calderas<\/li>\n<li>Aula Matinal<\/li>\n<li>Biblioteca<\/li>\n<li>Sala para la AMPA<\/li>\n<li>Patio exclusivo de Infantil<\/li>\n<li>Patio de Primaria con las pistas deportivas<\/li>\n<\/ul>\n<h3>Primera planta:<\/h3>\n<ul>\n<li>6 aulas para alumnado de Infantil<\/li>\n<li>4 aulas para Primer Ciclo de Primaria.<\/li>\n<li>Aula de Apoyo de E. Infantil<\/li>\n<li>3 aulas para Logopedia, Apoyos y Orientadora.<\/li>\n<li>Aseos para alumnos\/as<\/li>\n<li>Aula para E. Especial<\/li>\n<li>Almac\u00e9n para materiales escolares.<\/li>\n<li>Almac\u00e9n para limpieza.<\/li>\n<li>Aulas de Apoyo para 1\u00ba Ciclo<\/li>\n<\/ul>\n<h3>Segunda planta:<\/h3>\n<ul>\n<li>4 aulas para Segundo Ciclo de Primaria<\/li>\n<li>4 aulas para Tercer Ciclo de Primaria<\/li>\n<li>2 aulas para apoyos y refuerzo de Segundo y Tercer Ciclo<\/li>\n<li>Aula de M\u00fasica<\/li>\n<li>Aula de ATAL<\/li>\n<li>Aula de Inform\u00e1tica<\/li>\n<li>Aseos para el alumnado<\/li>\n<li>Almacenes diversos<\/li>\n<\/ul>\n","protected":false},"excerpt":{"rendered":"<p>Nuestro centro cuenta con las siguientes dependencias e instalaciones: &nbsp; Planta baja: Hall de entrada al Centro Direcci\u00f3n Secretar\u00eda y Sala de Reprograf\u00eda Archivo Sala de Profesores Servicios de profesores\/as Almac\u00e9n Comedor Cocina Almac\u00e9n&#46;&#46;&#46;<\/p>\n","protected":false},"author":11215,"featured_media":0,"parent":0,"menu_order":0,"comment_status":"closed","ping_status":"closed","template":"","meta":{"ngg_post_thumbnail":0,"footnotes":"","_mc_calendar":[]},"aioseo_notices":[],"_links":{"self":[{"href":"https:\/\/blogsaverroes.juntadeandalucia.es\/ceiplaatalaya\/wp-json\/wp\/v2\/pages\/2323"}],"collection":[{"href":"https:\/\/blogsaverroes.juntadeandalucia.es\/ceiplaatalaya\/wp-json\/wp\/v2\/pages"}],"about":[{"href":"https:\/\/blogsaverroes.juntadeandalucia.es\/ceiplaatalaya\/wp-json\/wp\/v2\/types\/page"}],"author":[{"embeddable":true,"href":"https:\/\/blogsaverroes.juntadeandalucia.es\/ceiplaatalaya\/wp-json\/wp\/v2\/users\/11215"}],"replies":[{"embeddable":true,"href":"https:\/\/blogsaverroes.juntadeandalucia.es\/ceiplaatalaya\/wp-json\/wp\/v2\/comments?post=2323"}],"version-history":[{"count":3,"href":"https:\/\/blogsaverroes.juntadeandalucia.es\/ceiplaatalaya\/wp-json\/wp\/v2\/pages\/2323\/revisions"}],"predecessor-version":[{"id":2329,"href":"https:\/\/blogsaverroes.juntadeandalucia.es\/ceiplaatalaya\/wp-json\/wp\/v2\/pages\/2323\/revisions\/2329"}],"wp:attachment":[{"href":"https:\/\/blogsaverroes.juntadeandalucia.es\/ceiplaatalaya\/wp-json\/wp\/v2\/media?parent=2323"}],"curies":[{"name":"wp","href":"https:\/\/api.w.org\/{rel}","templated":true}]}}