{"id":871,"date":"2015-03-16T07:25:46","date_gmt":"2015-03-16T07:25:46","guid":{"rendered":"http:\/\/blogsaverroes.juntadeandalucia.es\/pre\/ceip\/?page_id=106"},"modified":"2020-12-02T12:50:03","modified_gmt":"2020-12-02T12:50:03","slug":"actividades-extraescolares","status":"publish","type":"page","link":"https:\/\/blogsaverroes.juntadeandalucia.es\/ceiplaatalaya\/actividades-extraescolares\/","title":{"rendered":"Actividades extraescolares"},"content":{"rendered":"<p>&nbsp; &nbsp; Las actividades extraescolares que se desarrollan en el curso 2020\/2021 en el centro son:<\/p>\n<ul>\n<li><strong>Acompa\u00f1amiento escolar en lengua extranjera en Primaria (PALE)<\/strong>: lunes y mi\u00e9rcoles.<\/li>\n<li><strong>Acompa\u00f1amiento escolar (PROA):<\/strong> martes y jueves.&nbsp;<\/li>\n<li><strong>Escuelas deportivas:<\/strong> martes y jueves.&nbsp;<\/li>\n<\/ul>\n<p>&nbsp;<\/p>\n","protected":false},"excerpt":{"rendered":"<p>&nbsp; &nbsp; Las actividades extraescolares que se desarrollan en el curso 2020\/2021 en el centro son: Acompa\u00f1amiento escolar en lengua extranjera en Primaria (PALE): lunes y mi\u00e9rcoles. Acompa\u00f1amiento escolar (PROA): martes y jueves.&nbsp; Escuelas&#46;&#46;&#46;<\/p>\n","protected":false},"author":1,"featured_media":0,"parent":0,"menu_order":0,"comment_status":"closed","ping_status":"open","template":"page-cs.php","meta":{"ngg_post_thumbnail":0,"footnotes":"","_mc_calendar":[]},"aioseo_notices":[],"_links":{"self":[{"href":"https:\/\/blogsaverroes.juntadeandalucia.es\/ceiplaatalaya\/wp-json\/wp\/v2\/pages\/871"}],"collection":[{"href":"https:\/\/blogsaverroes.juntadeandalucia.es\/ceiplaatalaya\/wp-json\/wp\/v2\/pages"}],"about":[{"href":"https:\/\/blogsaverroes.juntadeandalucia.es\/ceiplaatalaya\/wp-json\/wp\/v2\/types\/page"}],"author":[{"embeddable":true,"href":"https:\/\/blogsaverroes.juntadeandalucia.es\/ceiplaatalaya\/wp-json\/wp\/v2\/users\/1"}],"replies":[{"embeddable":true,"href":"https:\/\/blogsaverroes.juntadeandalucia.es\/ceiplaatalaya\/wp-json\/wp\/v2\/comments?post=871"}],"version-history":[{"count":8,"href":"https:\/\/blogsaverroes.juntadeandalucia.es\/ceiplaatalaya\/wp-json\/wp\/v2\/pages\/871\/revisions"}],"predecessor-version":[{"id":2421,"href":"https:\/\/blogsaverroes.juntadeandalucia.es\/ceiplaatalaya\/wp-json\/wp\/v2\/pages\/871\/revisions\/2421"}],"wp:attachment":[{"href":"https:\/\/blogsaverroes.juntadeandalucia.es\/ceiplaatalaya\/wp-json\/wp\/v2\/media?parent=871"}],"curies":[{"name":"wp","href":"https:\/\/api.w.org\/{rel}","templated":true}]}}