{"id":2281,"date":"2020-02-05T16:50:30","date_gmt":"2020-02-05T16:50:30","guid":{"rendered":"https:\/\/blogsaverroes.juntadeandalucia.es\/ceiplachanca\/?page_id=2281"},"modified":"2020-11-17T22:52:21","modified_gmt":"2020-11-17T22:52:21","slug":"acompanamiento-escolar","status":"publish","type":"page","link":"https:\/\/blogsaverroes.juntadeandalucia.es\/ceiplachanca\/acompanamiento-escolar\/","title":{"rendered":"Acompa\u00f1amiento escolar"},"content":{"rendered":"<h2>Horario:<\/h2>\n<h3>&nbsp; &nbsp; &nbsp; &nbsp; Durante este curso 2020\/2021 no se llevar\u00e1 a cabo el acompa\u00f1amiento escolar en el centro, debido a la situaci\u00f3n actual originada por la COVID-19.<\/h3>\n<p>&nbsp;<\/p>\n<h2>\u00bfQu\u00e9 es el acompa\u00f1amiento escolar?<\/h2>\n<p>Es una actuaci\u00f3n con la que se persigue compensar los desfases existentes en los niveles de logro de las competencias b\u00e1sicas, especialmente en las competencias de comunicaci\u00f3n ling\u00fc\u00edstica y en razonamiento matem\u00e1tico.<\/p>\n<h2>\u00bfCu\u00e1les son los objetivos del acompa\u00f1amiento escolar?<\/h2>\n<ul>\n<li>Favorecer la inclusi\u00f3n social y educativa del alumnado facilit\u00e1ndoles t\u00e9cnicas y herramientas necesarias para un desenvolvimiento aut\u00f3nomo.<\/li>\n<li>Contribuir a la consecuci\u00f3n de los objetivos establecidos en el curr\u00edculum de la etapa de Educaci\u00f3n Primaria dentro del Proyecto Educativo del centro.<\/li>\n<li>Apoyar la transformaci\u00f3n social y cultural del centro escolar y de la comunidad educativa.<\/li>\n<li>Establecer cauces de coordinaci\u00f3n, cooperaci\u00f3n y colaboraci\u00f3n entre todos los agentes implicados en el sistema educativo, docentes y no docentes, para prestar una respuesta integral al alumnado desde una visi\u00f3n inclusiva de la educaci\u00f3n.<\/li>\n<\/ul>\n","protected":false},"excerpt":{"rendered":"<p>Horario: &nbsp; &nbsp; &nbsp; &nbsp; Durante este curso 2020\/2021 no se llevar\u00e1 a cabo el acompa\u00f1amiento escolar en el centro, debido a la situaci\u00f3n actual originada por la COVID-19. &nbsp; \u00bfQu\u00e9 es el acompa\u00f1amiento&#46;&#46;&#46;<\/p>\n","protected":false},"author":3854,"featured_media":0,"parent":0,"menu_order":0,"comment_status":"closed","ping_status":"closed","template":"","meta":{"ngg_post_thumbnail":0,"footnotes":"","_mc_calendar":[]},"aioseo_notices":[],"_links":{"self":[{"href":"https:\/\/blogsaverroes.juntadeandalucia.es\/ceiplachanca\/wp-json\/wp\/v2\/pages\/2281"}],"collection":[{"href":"https:\/\/blogsaverroes.juntadeandalucia.es\/ceiplachanca\/wp-json\/wp\/v2\/pages"}],"about":[{"href":"https:\/\/blogsaverroes.juntadeandalucia.es\/ceiplachanca\/wp-json\/wp\/v2\/types\/page"}],"author":[{"embeddable":true,"href":"https:\/\/blogsaverroes.juntadeandalucia.es\/ceiplachanca\/wp-json\/wp\/v2\/users\/3854"}],"replies":[{"embeddable":true,"href":"https:\/\/blogsaverroes.juntadeandalucia.es\/ceiplachanca\/wp-json\/wp\/v2\/comments?post=2281"}],"version-history":[{"count":4,"href":"https:\/\/blogsaverroes.juntadeandalucia.es\/ceiplachanca\/wp-json\/wp\/v2\/pages\/2281\/revisions"}],"predecessor-version":[{"id":2507,"href":"https:\/\/blogsaverroes.juntadeandalucia.es\/ceiplachanca\/wp-json\/wp\/v2\/pages\/2281\/revisions\/2507"}],"wp:attachment":[{"href":"https:\/\/blogsaverroes.juntadeandalucia.es\/ceiplachanca\/wp-json\/wp\/v2\/media?parent=2281"}],"curies":[{"name":"wp","href":"https:\/\/api.w.org\/{rel}","templated":true}]}}

Acompañamiento escolar

<h2>Horario:</h2>
<h3>&nbsp; &nbsp; &nbsp; &nbsp; Durante este curso 2020/2021 no se llevará a cabo el acompañamiento escolar en el centro, debido a la situación actual originada por la COVID-19.</h3>
<p>&nbsp;</p>
<h2>¿Qué es el acompañamiento escolar?</h2>
<p>Es una actuación con la que se persigue compensar los desfases existentes en los niveles de logro de las competencias básicas, especialmente en las competencias de comunicación lingüística y en razonamiento matemático.</p>
<h2>¿Cuáles son los objetivos del acompañamiento escolar?</h2>
<ul>
<li>Favorecer la inclusión social y educativa del alumnado facilitándoles técnicas y herramientas necesarias para un desenvolvimiento autónomo.</li>
<li>Contribuir a la consecución de los objetivos establecidos en el currículum de la etapa de Educación Primaria dentro del Proyecto Educativo del centro.</li>
<li>Apoyar la transformación social y cultural del centro escolar y de la comunidad educativa.</li>
<li>Establecer cauces de coordinación, cooperación y colaboración entre todos los agentes implicados en el sistema educativo, docentes y no docentes, para prestar una respuesta integral al alumnado desde una visión inclusiva de la educación.</li>
</ul>

<p>Horario: &nbsp; &nbsp; &nbsp; &nbsp; Durante este curso 2020/2021 no se llevará a cabo el acompañamiento escolar en el centro, debido a la situación actual originada por la COVID-19. &nbsp; ¿Qué es el acompañamiento&#46;&#46;&#46;</p>
