{"id":2612,"date":"2021-04-05T14:28:42","date_gmt":"2021-04-05T14:28:42","guid":{"rendered":"https:\/\/blogsaverroes.juntadeandalucia.es\/ceiplachanca\/?page_id=2612"},"modified":"2021-06-10T20:30:02","modified_gmt":"2021-06-10T20:30:02","slug":"reto-2","status":"publish","type":"page","link":"https:\/\/blogsaverroes.juntadeandalucia.es\/ceiplachanca\/reto-2\/","title":{"rendered":"Reto 2"},"content":{"rendered":"<p>En el segundo reto continuamos aprendiendo m\u00e1s sobre Gloria Fuertes, en este caso conoceremos diferentes adivinanzas divertidas y un trabalenguas. Vemos por tanto que su obra es muy extensa y va desde poes\u00edas, cuentos, obras de teatro a adivinanzas, trabalenguas, etc.<\/p>\n<p>En este reto, el alumnado inventar\u00e1 adivinanzas bas\u00e1ndose en los modelos de Gloria Fuertes y leer\u00e1 lo m\u00e1s r\u00e1pido posible un trabalenguas para que se trabe la lengua.<\/p>\n<p>Ejemplos de trabajos del alumnado y un audio del poema \u00abLa Carcoma\u00bb.<\/p>\n<!--[if lt IE 9]><script>document.createElement('audio');<\/script><![endif]-->\n<audio class=\"wp-audio-shortcode\" id=\"audio-2612-1\" preload=\"none\" style=\"width: 100%;\" controls=\"controls\"><source type=\"audio\/mpeg\" src=\"https:\/\/blogsaverroes.juntadeandalucia.es\/ceiplachanca\/files\/2021\/05\/Poema-la-carcoma-Alumna.mp3?_=1\" \/><a href=\"https:\/\/blogsaverroes.juntadeandalucia.es\/ceiplachanca\/files\/2021\/05\/Poema-la-carcoma-Alumna.mp3\">https:\/\/blogsaverroes.juntadeandalucia.es\/ceiplachanca\/files\/2021\/05\/Poema-la-carcoma-Alumna.mp3<\/a><\/audio>\n<p>&nbsp;<\/p>\n<p><img loading=\"lazy\" decoding=\"async\" class=\"aligncenter size-large wp-image-2648\" src=\"https:\/\/blogsaverroes.juntadeandalucia.es\/ceiplachanca\/files\/2021\/05\/collage-1024x709.jpg\" alt=\"\" width=\"640\" height=\"443\" srcset=\"https:\/\/blogsaverroes.juntadeandalucia.es\/ceiplachanca\/files\/2021\/05\/collage-1024x709.jpg 1024w, https:\/\/blogsaverroes.juntadeandalucia.es\/ceiplachanca\/files\/2021\/05\/collage-300x208.jpg 300w, https:\/\/blogsaverroes.juntadeandalucia.es\/ceiplachanca\/files\/2021\/05\/collage-768x532.jpg 768w, https:\/\/blogsaverroes.juntadeandalucia.es\/ceiplachanca\/files\/2021\/05\/collage.jpg 1300w\" sizes=\"(max-width: 640px) 100vw, 640px\" \/><\/p>\n","protected":false},"excerpt":{"rendered":"<p>En el segundo reto continuamos aprendiendo m\u00e1s sobre Gloria Fuertes, en este caso conoceremos diferentes adivinanzas divertidas y un trabalenguas. Vemos por tanto que su obra es muy extensa y va desde poes\u00edas, cuentos,&#46;&#46;&#46;<\/p>\n","protected":false},"author":3854,"featured_media":0,"parent":0,"menu_order":0,"comment_status":"closed","ping_status":"closed","template":"","meta":{"ngg_post_thumbnail":0,"footnotes":"","_mc_calendar":[]},"aioseo_notices":[],"_links":{"self":[{"href":"https:\/\/blogsaverroes.juntadeandalucia.es\/ceiplachanca\/wp-json\/wp\/v2\/pages\/2612"}],"collection":[{"href":"https:\/\/blogsaverroes.juntadeandalucia.es\/ceiplachanca\/wp-json\/wp\/v2\/pages"}],"about":[{"href":"https:\/\/blogsaverroes.juntadeandalucia.es\/ceiplachanca\/wp-json\/wp\/v2\/types\/page"}],"author":[{"embeddable":true,"href":"https:\/\/blogsaverroes.juntadeandalucia.es\/ceiplachanca\/wp-json\/wp\/v2\/users\/3854"}],"replies":[{"embeddable":true,"href":"https:\/\/blogsaverroes.juntadeandalucia.es\/ceiplachanca\/wp-json\/wp\/v2\/comments?post=2612"}],"version-history":[{"count":6,"href":"https:\/\/blogsaverroes.juntadeandalucia.es\/ceiplachanca\/wp-json\/wp\/v2\/pages\/2612\/revisions"}],"predecessor-version":[{"id":2696,"href":"https:\/\/blogsaverroes.juntadeandalucia.es\/ceiplachanca\/wp-json\/wp\/v2\/pages\/2612\/revisions\/2696"}],"wp:attachment":[{"href":"https:\/\/blogsaverroes.juntadeandalucia.es\/ceiplachanca\/wp-json\/wp\/v2\/media?parent=2612"}],"curies":[{"name":"wp","href":"https:\/\/api.w.org\/{rel}","templated":true}]}}