{"id":2707,"date":"2021-06-16T08:22:28","date_gmt":"2021-06-16T08:22:28","guid":{"rendered":"https:\/\/blogsaverroes.juntadeandalucia.es\/ceiplachanca\/?page_id=2707"},"modified":"2021-06-16T08:29:10","modified_gmt":"2021-06-16T08:29:10","slug":"rincon-de-igualdad","status":"publish","type":"page","link":"https:\/\/blogsaverroes.juntadeandalucia.es\/ceiplachanca\/rincon-de-igualdad\/","title":{"rendered":"Rinc\u00f3n de Igualdad"},"content":{"rendered":"<p>En esta secci\u00f3n iremos subiendo todos los trabajos realizados por nuestro alumnado en relaci\u00f3n con el Plan de Igualdad del CEIP La Chanca.<\/p>\n<p>&nbsp;<\/p>\n<p><img loading=\"lazy\" decoding=\"async\" class=\"aligncenter size-large wp-image-2554\" src=\"https:\/\/blogsaverroes.juntadeandalucia.es\/ceiplachanca\/files\/2021\/02\/1612737213730-1024x596.jpg\" alt=\"\" width=\"640\" height=\"373\" srcset=\"https:\/\/blogsaverroes.juntadeandalucia.es\/ceiplachanca\/files\/2021\/02\/1612737213730-1024x596.jpg 1024w, https:\/\/blogsaverroes.juntadeandalucia.es\/ceiplachanca\/files\/2021\/02\/1612737213730-300x175.jpg 300w, https:\/\/blogsaverroes.juntadeandalucia.es\/ceiplachanca\/files\/2021\/02\/1612737213730-768x447.jpg 768w, https:\/\/blogsaverroes.juntadeandalucia.es\/ceiplachanca\/files\/2021\/02\/1612737213730-1536x894.jpg 1536w, https:\/\/blogsaverroes.juntadeandalucia.es\/ceiplachanca\/files\/2021\/02\/1612737213730.jpg 1556w\" sizes=\"(max-width: 640px) 100vw, 640px\" \/><\/p>\n","protected":false},"excerpt":{"rendered":"<p>En esta secci\u00f3n iremos subiendo todos los trabajos realizados por nuestro alumnado en relaci\u00f3n con el Plan de Igualdad del CEIP La Chanca. &nbsp;<\/p>\n","protected":false},"author":3854,"featured_media":0,"parent":0,"menu_order":0,"comment_status":"closed","ping_status":"closed","template":"","meta":{"ngg_post_thumbnail":0,"footnotes":"","_mc_calendar":[]},"aioseo_notices":[],"_links":{"self":[{"href":"https:\/\/blogsaverroes.juntadeandalucia.es\/ceiplachanca\/wp-json\/wp\/v2\/pages\/2707"}],"collection":[{"href":"https:\/\/blogsaverroes.juntadeandalucia.es\/ceiplachanca\/wp-json\/wp\/v2\/pages"}],"about":[{"href":"https:\/\/blogsaverroes.juntadeandalucia.es\/ceiplachanca\/wp-json\/wp\/v2\/types\/page"}],"author":[{"embeddable":true,"href":"https:\/\/blogsaverroes.juntadeandalucia.es\/ceiplachanca\/wp-json\/wp\/v2\/users\/3854"}],"replies":[{"embeddable":true,"href":"https:\/\/blogsaverroes.juntadeandalucia.es\/ceiplachanca\/wp-json\/wp\/v2\/comments?post=2707"}],"version-history":[{"count":3,"href":"https:\/\/blogsaverroes.juntadeandalucia.es\/ceiplachanca\/wp-json\/wp\/v2\/pages\/2707\/revisions"}],"predecessor-version":[{"id":2711,"href":"https:\/\/blogsaverroes.juntadeandalucia.es\/ceiplachanca\/wp-json\/wp\/v2\/pages\/2707\/revisions\/2711"}],"wp:attachment":[{"href":"https:\/\/blogsaverroes.juntadeandalucia.es\/ceiplachanca\/wp-json\/wp\/v2\/media?parent=2707"}],"curies":[{"name":"wp","href":"https:\/\/api.w.org\/{rel}","templated":true}]}}

Rincón de Igualdad

<p>En esta sección iremos subiendo todos los trabajos realizados por nuestro alumnado en relación con el Plan de Igualdad del CEIP La Chanca.</p>
<p>&nbsp;</p>
<p><img loading="lazy" decoding="async" class="aligncenter size-large wp-image-2554" src="https://blogsaverroes.juntadeandalucia.es/ceiplachanca/files/2021/02/1612737213730-1024x596.jpg" alt="" width="640" height="373" srcset="https://blogsaverroes.juntadeandalucia.es/ceiplachanca/files/2021/02/1612737213730-1024x596.jpg 1024w, https://blogsaverroes.juntadeandalucia.es/ceiplachanca/files/2021/02/1612737213730-300x175.jpg 300w, https://blogsaverroes.juntadeandalucia.es/ceiplachanca/files/2021/02/1612737213730-768x447.jpg 768w, https://blogsaverroes.juntadeandalucia.es/ceiplachanca/files/2021/02/1612737213730-1536x894.jpg 1536w, https://blogsaverroes.juntadeandalucia.es/ceiplachanca/files/2021/02/1612737213730.jpg 1556w" sizes="(max-width: 640px) 100vw, 640px" /></p>

<p>En esta sección iremos subiendo todos los trabajos realizados por nuestro alumnado en relación con el Plan de Igualdad del CEIP La Chanca. &nbsp;</p>
