{"id":99,"date":"2015-03-16T07:22:54","date_gmt":"2015-03-16T07:22:54","guid":{"rendered":"http:\/\/blogsaverroes.juntadeandalucia.es\/pre\/ceip\/?page_id=99"},"modified":"2025-01-08T12:34:45","modified_gmt":"2025-01-08T12:34:45","slug":"comedor-escolar","status":"publish","type":"page","link":"https:\/\/blogsaverroes.juntadeandalucia.es\/ceiplachanca\/comedor-escolar\/","title":{"rendered":"Comedor escolar"},"content":{"rendered":"<p>Los comedores escolares son un servicio complementario que resulta de gran utilidad a padres y madres para ayudarles a&nbsp;conciliar la vida laboral y familiar. Tienen una duraci\u00f3n de hasta dos horas desde que acaba la jornada escolar de la ma\u00f1ana (de 14.00 a 16.00 horas).<\/p>\n<p>Los comedores son adem\u00e1s una pieza importante&nbsp;en todas las medidas dirigidas a mejorar los h\u00e1bitos alimenticios de los ni\u00f1os y ni\u00f1as y prevenir problemas de salud como la obesidad.<\/p>\n<p>Los comedores escolares de los centros p\u00fablicos andaluces promueven una alimentaci\u00f3n saludable que est\u00e1 supervisada por nutricionistas y que, entre otros aspectos, se caracteriza por:<\/p>\n<ul>\n<li>Una mayor proporci\u00f3n de verdura en los men\u00fas.<\/li>\n<li>Fruta fresca como postre al menos cuatro d\u00edas a la semana.<\/li>\n<li>Uso de aceite de oliva virgen extra.<\/li>\n<li>M\u00e1s pescado que carne, que debe ser magra.<\/li>\n<li>Prohibici\u00f3n de los alimentos precocinados y limitaci\u00f3n de los fritos.<\/li>\n<li>Apuesta por la dieta mediterr\u00e1nea y los productos ecol\u00f3gicos.<\/li>\n<\/ul>\n<p>&nbsp;<\/p>\n<p>La empresa encargada del comedor . Siendo necesario rese\u00f1ar que nuestro comedor cuenta con cocina propia, siendo los empleados, tanto de cocina como de comedor, del barrio.<\/p>\n<p>&nbsp;<\/p>\n<ul style=\"list-style-type: circle\">\n<li>Men\u00fa del mes:<\/li>\n<\/ul>\n<p><img loading=\"lazy\" decoding=\"async\" class=\"aligncenter size-large wp-image-2841\" src=\"https:\/\/blogsaverroes.juntadeandalucia.es\/ceiplachanca\/files\/2021\/12\/comedor-escolar-1024x538.png\" alt=\"\" width=\"640\" height=\"336\" srcset=\"https:\/\/blogsaverroes.juntadeandalucia.es\/ceiplachanca\/files\/2021\/12\/comedor-escolar-1024x538.png 1024w, https:\/\/blogsaverroes.juntadeandalucia.es\/ceiplachanca\/files\/2021\/12\/comedor-escolar-300x158.png 300w, https:\/\/blogsaverroes.juntadeandalucia.es\/ceiplachanca\/files\/2021\/12\/comedor-escolar-768x403.png 768w, https:\/\/blogsaverroes.juntadeandalucia.es\/ceiplachanca\/files\/2021\/12\/comedor-escolar.png 1200w\" sizes=\"(max-width: 640px) 100vw, 640px\" \/><\/p>\n<p style=\"text-align: center\"><strong>MEN\u00da DE ENERO 2025<\/strong><\/p>\n<p><img loading=\"lazy\" decoding=\"async\" class=\"aligncenter size-large wp-image-3441\" src=\"https:\/\/blogsaverroes.juntadeandalucia.es\/ceiplachanca\/files\/2025\/01\/Captura-de-pantalla-2025-01-08-a-las-13.25.06-1024x726.png\" alt=\"\" width=\"640\" height=\"454\" srcset=\"https:\/\/blogsaverroes.juntadeandalucia.es\/ceiplachanca\/files\/2025\/01\/Captura-de-pantalla-2025-01-08-a-las-13.25.06-1024x726.png 1024w, https:\/\/blogsaverroes.juntadeandalucia.es\/ceiplachanca\/files\/2025\/01\/Captura-de-pantalla-2025-01-08-a-las-13.25.06-300x213.png 300w, https:\/\/blogsaverroes.juntadeandalucia.es\/ceiplachanca\/files\/2025\/01\/Captura-de-pantalla-2025-01-08-a-las-13.25.06-768x544.png 768w, https:\/\/blogsaverroes.juntadeandalucia.es\/ceiplachanca\/files\/2025\/01\/Captura-de-pantalla-2025-01-08-a-las-13.25.06-1536x1089.png 1536w, https:\/\/blogsaverroes.juntadeandalucia.es\/ceiplachanca\/files\/2025\/01\/Captura-de-pantalla-2025-01-08-a-las-13.25.06-2048x1451.png 2048w, https:\/\/blogsaverroes.juntadeandalucia.es\/ceiplachanca\/files\/2025\/01\/Captura-de-pantalla-2025-01-08-a-las-13.25.06.png 1600w\" sizes=\"(max-width: 640px) 100vw, 640px\" \/><\/p>\n","protected":false},"excerpt":{"rendered":"<p>Los comedores escolares son un servicio complementario que resulta de gran utilidad a padres y madres para ayudarles a&nbsp;conciliar la vida laboral y familiar. Tienen una duraci\u00f3n de hasta dos horas desde que acaba&#46;&#46;&#46;<\/p>\n","protected":false},"author":1,"featured_media":0,"parent":0,"menu_order":0,"comment_status":"closed","ping_status":"open","template":"","meta":{"ngg_post_thumbnail":0,"footnotes":"","_mc_calendar":[]},"aioseo_notices":[],"_links":{"self":[{"href":"https:\/\/blogsaverroes.juntadeandalucia.es\/ceiplachanca\/wp-json\/wp\/v2\/pages\/99"}],"collection":[{"href":"https:\/\/blogsaverroes.juntadeandalucia.es\/ceiplachanca\/wp-json\/wp\/v2\/pages"}],"about":[{"href":"https:\/\/blogsaverroes.juntadeandalucia.es\/ceiplachanca\/wp-json\/wp\/v2\/types\/page"}],"author":[{"embeddable":true,"href":"https:\/\/blogsaverroes.juntadeandalucia.es\/ceiplachanca\/wp-json\/wp\/v2\/users\/1"}],"replies":[{"embeddable":true,"href":"https:\/\/blogsaverroes.juntadeandalucia.es\/ceiplachanca\/wp-json\/wp\/v2\/comments?post=99"}],"version-history":[{"count":35,"href":"https:\/\/blogsaverroes.juntadeandalucia.es\/ceiplachanca\/wp-json\/wp\/v2\/pages\/99\/revisions"}],"predecessor-version":[{"id":3442,"href":"https:\/\/blogsaverroes.juntadeandalucia.es\/ceiplachanca\/wp-json\/wp\/v2\/pages\/99\/revisions\/3442"}],"wp:attachment":[{"href":"https:\/\/blogsaverroes.juntadeandalucia.es\/ceiplachanca\/wp-json\/wp\/v2\/media?parent=99"}],"curies":[{"name":"wp","href":"https:\/\/api.w.org\/{rel}","templated":true}]}}