{"id":4086,"date":"2024-08-19T07:59:46","date_gmt":"2024-08-19T07:59:46","guid":{"rendered":"https:\/\/blogsaverroes.juntadeandalucia.es\/ceiplacruz\/?page_id=4086"},"modified":"2024-08-19T07:59:46","modified_gmt":"2024-08-19T07:59:46","slug":"niveles-de-desempeno-de-los-criterios-de-evaluacion","status":"publish","type":"page","link":"https:\/\/blogsaverroes.juntadeandalucia.es\/ceiplacruz\/educacion-infantil\/niveles-de-desempeno-de-los-criterios-de-evaluacion\/","title":{"rendered":"Niveles de Desempe\u00f1o de los Criterios de Evaluaci\u00f3n"},"content":{"rendered":"<p>Para la evaluaci\u00f3n del alumnado se tendr\u00e1n en cuenta los siguientes niveles de los criterios de evaluaci\u00f3n de cada \u00e1mbito para la Etapa de Educaci\u00f3n Infantil.<\/p>\n<p><iframe loading=\"lazy\" src=\"https:\/\/drive.google.com\/file\/d\/1HI6_II-cVQ1FPJLtprIy0zJV2c6KeOxE\/preview\" width=\"640\" height=\"480\"><\/iframe><\/p>\n","protected":false},"excerpt":{"rendered":"<p>Para la evaluaci\u00f3n del alumnado se tendr\u00e1n en cuenta los siguientes niveles de los criterios de evaluaci\u00f3n de cada \u00e1mbito para la Etapa de Educaci\u00f3n Infantil.<\/p>\n","protected":false},"author":11553,"featured_media":0,"parent":424,"menu_order":0,"comment_status":"closed","ping_status":"closed","template":"","meta":{"ngg_post_thumbnail":0,"footnotes":"","_mc_calendar":[]},"aioseo_notices":[],"_links":{"self":[{"href":"https:\/\/blogsaverroes.juntadeandalucia.es\/ceiplacruz\/wp-json\/wp\/v2\/pages\/4086"}],"collection":[{"href":"https:\/\/blogsaverroes.juntadeandalucia.es\/ceiplacruz\/wp-json\/wp\/v2\/pages"}],"about":[{"href":"https:\/\/blogsaverroes.juntadeandalucia.es\/ceiplacruz\/wp-json\/wp\/v2\/types\/page"}],"author":[{"embeddable":true,"href":"https:\/\/blogsaverroes.juntadeandalucia.es\/ceiplacruz\/wp-json\/wp\/v2\/users\/11553"}],"replies":[{"embeddable":true,"href":"https:\/\/blogsaverroes.juntadeandalucia.es\/ceiplacruz\/wp-json\/wp\/v2\/comments?post=4086"}],"version-history":[{"count":1,"href":"https:\/\/blogsaverroes.juntadeandalucia.es\/ceiplacruz\/wp-json\/wp\/v2\/pages\/4086\/revisions"}],"predecessor-version":[{"id":4087,"href":"https:\/\/blogsaverroes.juntadeandalucia.es\/ceiplacruz\/wp-json\/wp\/v2\/pages\/4086\/revisions\/4087"}],"up":[{"embeddable":true,"href":"https:\/\/blogsaverroes.juntadeandalucia.es\/ceiplacruz\/wp-json\/wp\/v2\/pages\/424"}],"wp:attachment":[{"href":"https:\/\/blogsaverroes.juntadeandalucia.es\/ceiplacruz\/wp-json\/wp\/v2\/media?parent=4086"}],"curies":[{"name":"wp","href":"https:\/\/api.w.org\/{rel}","templated":true}]}}