{"id":4090,"date":"2024-08-25T10:52:08","date_gmt":"2024-08-25T10:52:08","guid":{"rendered":"https:\/\/blogsaverroes.juntadeandalucia.es\/ceiplacruz\/?page_id=4090"},"modified":"2024-08-25T10:52:08","modified_gmt":"2024-08-25T10:52:08","slug":"niveles-de-desempeno-de-los-criterios-de-evaluacion","status":"publish","type":"page","link":"https:\/\/blogsaverroes.juntadeandalucia.es\/ceiplacruz\/ed-primaria-1o-ciclo\/niveles-de-desempeno-de-los-criterios-de-evaluacion\/","title":{"rendered":"Niveles de Desempe\u00f1o de los Criterios de Evaluaci\u00f3n."},"content":{"rendered":"<p>A continuaci\u00f3n se describen los niveles de desempe\u00f1o de los criterios de evaluaci\u00f3n por ciclo y \u00e1rea de Educaci\u00f3n Primaria.<\/p>\n<p>Son utilizados por el profesorado para la evaluaci\u00f3n.<\/p>\n<p>PRIMER CICLO<\/p>\n<p><iframe loading=\"lazy\" src=\"https:\/\/drive.google.com\/file\/d\/1_RuoU5y1ifblDyn2gJzqJTLru56uCB4W\/preview\" width=\"640\" height=\"480\"><\/iframe><\/p>\n<p>SEGUNDO CICLO<\/p>\n<p><iframe loading=\"lazy\" src=\"https:\/\/drive.google.com\/file\/d\/15BJ-Odv58eek9UlW6RB-fYbtm9a9nogu\/preview\" width=\"640\" height=\"480\"><\/iframe><\/p>\n<p>&nbsp;<\/p>\n<p>TERCER CICLO<\/p>\n<p><iframe loading=\"lazy\" src=\"https:\/\/drive.google.com\/file\/d\/1KEycbyJbmg5fq7DZuuIVlrcpd7ECjQTO\/preview\" width=\"640\" height=\"480\"><\/iframe><\/p>\n","protected":false},"excerpt":{"rendered":"<p>A continuaci\u00f3n se describen los niveles de desempe\u00f1o de los criterios de evaluaci\u00f3n por ciclo y \u00e1rea de Educaci\u00f3n Primaria. Son utilizados por el profesorado para la evaluaci\u00f3n. PRIMER CICLO SEGUNDO CICLO &nbsp; TERCER&#46;&#46;&#46;<\/p>\n","protected":false},"author":11553,"featured_media":0,"parent":428,"menu_order":0,"comment_status":"closed","ping_status":"closed","template":"","meta":{"ngg_post_thumbnail":0,"footnotes":"","_mc_calendar":[]},"aioseo_notices":[],"_links":{"self":[{"href":"https:\/\/blogsaverroes.juntadeandalucia.es\/ceiplacruz\/wp-json\/wp\/v2\/pages\/4090"}],"collection":[{"href":"https:\/\/blogsaverroes.juntadeandalucia.es\/ceiplacruz\/wp-json\/wp\/v2\/pages"}],"about":[{"href":"https:\/\/blogsaverroes.juntadeandalucia.es\/ceiplacruz\/wp-json\/wp\/v2\/types\/page"}],"author":[{"embeddable":true,"href":"https:\/\/blogsaverroes.juntadeandalucia.es\/ceiplacruz\/wp-json\/wp\/v2\/users\/11553"}],"replies":[{"embeddable":true,"href":"https:\/\/blogsaverroes.juntadeandalucia.es\/ceiplacruz\/wp-json\/wp\/v2\/comments?post=4090"}],"version-history":[{"count":1,"href":"https:\/\/blogsaverroes.juntadeandalucia.es\/ceiplacruz\/wp-json\/wp\/v2\/pages\/4090\/revisions"}],"predecessor-version":[{"id":4091,"href":"https:\/\/blogsaverroes.juntadeandalucia.es\/ceiplacruz\/wp-json\/wp\/v2\/pages\/4090\/revisions\/4091"}],"up":[{"embeddable":true,"href":"https:\/\/blogsaverroes.juntadeandalucia.es\/ceiplacruz\/wp-json\/wp\/v2\/pages\/428"}],"wp:attachment":[{"href":"https:\/\/blogsaverroes.juntadeandalucia.es\/ceiplacruz\/wp-json\/wp\/v2\/media?parent=4090"}],"curies":[{"name":"wp","href":"https:\/\/api.w.org\/{rel}","templated":true}]}}