{"id":4126,"date":"2024-09-07T11:38:25","date_gmt":"2024-09-07T11:38:25","guid":{"rendered":"https:\/\/blogsaverroes.juntadeandalucia.es\/ceiplacruz\/?page_id=4126"},"modified":"2025-09-09T07:17:14","modified_gmt":"2025-09-09T07:17:14","slug":"actividades-extraescolares","status":"publish","type":"page","link":"https:\/\/blogsaverroes.juntadeandalucia.es\/ceiplacruz\/actividades-extraescolares\/","title":{"rendered":"ACTIVIDADES EXTRAESCOLARES"},"content":{"rendered":"<p>Gracias a nuestra Asociaci\u00f3n de Familias el centro puede ofertar actividades en horario escolar. La direcci\u00f3n del centro sigue luchando porque dichas actividades sean ofertadas a trav\u00e9s de la Consejer\u00eda de Educaci\u00f3n.<\/p>\n<p>&nbsp;INSCRIPCIONES ACTIVIDADES DE ACADEMIA CL:<\/p>\n<p><a href=\"https:\/\/www.clgranada.com\/colegios\/actividades-extraescolares\/#inscripciones\">https:\/\/www.clgranada.com\/colegios\/actividades-extraescolares\/#inscripciones<\/a><\/p>\n<p>&nbsp;<\/p>\n<p><iframe loading=\"lazy\" src=\"https:\/\/drive.google.com\/file\/d\/13H6apCQJ3dm24LK9vRhOme6XmjbbamNy\/preview\" width=\"640\" height=\"480\"><\/iframe><\/p>\n<p>INSCRIPCIONES PARA AULA ESPERA<\/p>\n<p>&nbsp;<br \/>\n<iframe loading=\"lazy\" src=\"https:\/\/drive.google.com\/file\/d\/1NXaby7gReGzycDn5Itpk4nc0GRqCOKdC\/preview\" width=\"640\" height=\"480\"><\/iframe><\/p>\n","protected":false},"excerpt":{"rendered":"<p>Gracias a nuestra Asociaci\u00f3n de Familias el centro puede ofertar actividades en horario escolar. La direcci\u00f3n del centro sigue luchando porque dichas actividades sean ofertadas a trav\u00e9s de la Consejer\u00eda de Educaci\u00f3n. &nbsp;INSCRIPCIONES ACTIVIDADES&#46;&#46;&#46;<\/p>\n","protected":false},"author":11553,"featured_media":0,"parent":0,"menu_order":0,"comment_status":"closed","ping_status":"closed","template":"","meta":{"ngg_post_thumbnail":0,"footnotes":"","_mc_calendar":[]},"aioseo_notices":[],"_links":{"self":[{"href":"https:\/\/blogsaverroes.juntadeandalucia.es\/ceiplacruz\/wp-json\/wp\/v2\/pages\/4126"}],"collection":[{"href":"https:\/\/blogsaverroes.juntadeandalucia.es\/ceiplacruz\/wp-json\/wp\/v2\/pages"}],"about":[{"href":"https:\/\/blogsaverroes.juntadeandalucia.es\/ceiplacruz\/wp-json\/wp\/v2\/types\/page"}],"author":[{"embeddable":true,"href":"https:\/\/blogsaverroes.juntadeandalucia.es\/ceiplacruz\/wp-json\/wp\/v2\/users\/11553"}],"replies":[{"embeddable":true,"href":"https:\/\/blogsaverroes.juntadeandalucia.es\/ceiplacruz\/wp-json\/wp\/v2\/comments?post=4126"}],"version-history":[{"count":10,"href":"https:\/\/blogsaverroes.juntadeandalucia.es\/ceiplacruz\/wp-json\/wp\/v2\/pages\/4126\/revisions"}],"predecessor-version":[{"id":4865,"href":"https:\/\/blogsaverroes.juntadeandalucia.es\/ceiplacruz\/wp-json\/wp\/v2\/pages\/4126\/revisions\/4865"}],"wp:attachment":[{"href":"https:\/\/blogsaverroes.juntadeandalucia.es\/ceiplacruz\/wp-json\/wp\/v2\/media?parent=4126"}],"curies":[{"name":"wp","href":"https:\/\/api.w.org\/{rel}","templated":true}]}}

<p>Gracias a nuestra Asociación de Familias el centro puede ofertar actividades en horario escolar. La dirección del centro sigue luchando porque dichas actividades sean ofertadas a través de la Consejería de Educación.</p>
<p>&nbsp;INSCRIPCIONES ACTIVIDADES DE ACADEMIA CL:</p>
<p><a href="https://www.clgranada.com/colegios/actividades-extraescolares/#inscripciones">https://www.clgranada.com/colegios/actividades-extraescolares/#inscripciones</a></p>
<p>&nbsp;</p>
<p><iframe loading="lazy" src="https://drive.google.com/file/d/13H6apCQJ3dm24LK9vRhOme6XmjbbamNy/preview" width="640" height="480"></iframe></p>
<p>INSCRIPCIONES PARA AULA ESPERA</p>
<p>&nbsp;<br />
<iframe loading="lazy" src="https://drive.google.com/file/d/1NXaby7gReGzycDn5Itpk4nc0GRqCOKdC/preview" width="640" height="480"></iframe></p>

<p>Gracias a nuestra Asociación de Familias el centro puede ofertar actividades en horario escolar. La dirección del centro sigue luchando porque dichas actividades sean ofertadas a través de la Consejería de Educación. &nbsp;INSCRIPCIONES ACTIVIDADES&#46;&#46;&#46;</p>
