{"id":77,"date":"2015-03-16T06:54:56","date_gmt":"2015-03-16T06:54:56","guid":{"rendered":"http:\/\/blogsaverroes.juntadeandalucia.es\/pre\/ceip\/?page_id=77"},"modified":"2015-10-27T11:28:12","modified_gmt":"2015-10-27T11:28:12","slug":"secretaria","status":"publish","type":"page","link":"https:\/\/blogsaverroes.juntadeandalucia.es\/ceiplaesperanza\/?page_id=77","title":{"rendered":"Secretar\u00eda"},"content":{"rendered":"<p align=\"center\"><span style=\"color: #0000ff;font-size: large\">IMPRESOS<\/span><\/p>\n<p align=\"justify\"><span style=\"color: #0000ff;font-size: small\">\u00a0\u00a0\u00a0 Desde esta p\u00e1gina tendr\u00e1 la oportunidad de rellenar e imprimir impresos que deber\u00e1 entregar en la Secretar\u00eda del Centro para su gesti\u00f3n. Para bajarlos, pinche sobre el icono correspondiente.<\/span><\/p>\n<p align=\"justify\"><span style=\"color: #0000ff;font-size: small\">\u00a0\u00a0\u00a0 Para poder verlos necesita de Adobe Reader. Para descargar la \u00faltima versi\u00f3n pinche en este icono <\/span><a href=\"https:\/\/get.adobe.com\/es\/reader\/\" target=\"_blank\"><img loading=\"lazy\" decoding=\"async\" class=\"alignnone\" src=\"http:\/\/wwwimages.adobe.com\/www.adobe.com\/products\/acrobat\/images\/reader_icon_special.jpg\" alt=\"Adobe Reader\" width=\"22\" height=\"18\" border=\"0\" \/><\/a><\/p>\n<ol>\n<li>\n<p align=\"justify\"><span style=\"font-size: small\"><a href=\"http:\/\/averroes.ced.junta-andalucia.es\/ceip_juan_ramon_jimenez\/images\/Impresos\/Descargas\/AnexoV.pdf\" target=\"_blank\"><img loading=\"lazy\" decoding=\"async\" src=\"http:\/\/averroes.ced.junta-andalucia.es\/ceip_juan_ramon_jimenez\/images\/Iconos%20PDF\/impres6.gif\" alt=\"\" width=\"16\" height=\"16\" border=\"0\" \/><\/a><b> Anexo V. <\/b>(Rellenable) Solicitud de de subvenci\u00f3n para Comedor Escolar, Aula Matinal y\/o Actividades Extraescolares. Se debe entregar en la Secretar\u00eda del Centro entre el 1 y el 7 de septiembre de cada curso escolar.<\/span><\/p>\n<\/li>\n<li>\n<p align=\"justify\"><span style=\"font-size: small\"><a href=\"http:\/\/averroes.ced.junta-andalucia.es\/ceip_juan_ramon_jimenez\/images\/Impresos\/Descargas\/Matr%C3%ADcula%20Infantil%20y%20Primaria.pdf\" target=\"_blank\"><img loading=\"lazy\" decoding=\"async\" src=\"http:\/\/averroes.ced.junta-andalucia.es\/ceip_juan_ramon_jimenez\/images\/Iconos%20PDF\/impres6.gif\" alt=\"\" width=\"16\" height=\"16\" border=\"0\" \/><\/a> <b>M<\/b><\/span><span style=\"color: #0000ff;font-size: small\"><b>odelo oficial de Impreso de Matriculaci\u00f3n (Anexo IV)<\/b> (Rellenable). Desde este enlace tendr\u00e1n acceso al modelo oficial de Matr\u00edcula. Rell\u00e9nenlo e impr\u00edmanlo\u00a0 y hagan entrega de la misma en la Secretar\u00eda del Centro del 2 al 9 de junio, (los alumnos nuevos deber\u00e1n entregar adem\u00e1s 1 foto de carn\u00e9 y si es de tres a\u00f1os, de la misma foto, todas las que quepan en un folio y el impreso de Religi\u00f3n si la van a cursar).<\/span><\/p>\n<\/li>\n<li>\n<p align=\"justify\"><span style=\"font-size: small\"><a href=\"http:\/\/averroes.ced.junta-andalucia.es\/ceip_juan_ramon_jimenez\/images\/Impresos\/Descargas\/Legislacion\/Anexo%20III%20Solicitud%20Plaza.pdf\" target=\"_blank\"><img loading=\"lazy\" decoding=\"async\" src=\"http:\/\/averroes.ced.junta-andalucia.es\/ceip_juan_ramon_jimenez\/images\/Iconos%20PDF\/impres6.gif\" alt=\"\" width=\"16\" height=\"16\" border=\"0\" \/><\/a> <b>M<\/b><\/span><span style=\"color: #0000ff;font-size: small\"><b>odelo oficial de solicitud de Plaza (Anexo III)<\/b> (Rellenable). Desde este enlace tendr\u00e1n acceso al modelo oficial de Solicitud. Impriman dos ejemplares si quieren que se les selle uno de ellos como resguardo al entregarla en la Secretar\u00eda del Centro junto con la documentaci\u00f3n necesaria.<\/span><\/p>\n<\/li>\n<li>\n<p align=\"justify\"><span style=\"font-size: small\"><a href=\"http:\/\/averroes.ced.junta-andalucia.es\/ceip_juan_ramon_jimenez\/images\/Impresos\/Descargas\/Legislacion\/AnexoIX.pdf\" target=\"_blank\"><img loading=\"lazy\" decoding=\"async\" src=\"http:\/\/averroes.ced.junta-andalucia.es\/ceip_juan_ramon_jimenez\/images\/Iconos%20PDF\/impres6.gif\" alt=\"\" width=\"16\" height=\"16\" border=\"0\" \/><\/a> <b>M<\/b><\/span><span style=\"color: #0000ff;font-size: small\"><b>odelo oficial de solicitud de Plaza por traslado (Anexo IX). <\/b>Se usar\u00e1 fuera del plazo oficial de solicitud (1 al 31 de marzo)<\/span><\/p>\n<\/li>\n<li>\n<p align=\"justify\"><span style=\"font-size: small\"><a href=\"http:\/\/averroes.ced.junta-andalucia.es\/ceip_juan_ramon_jimenez\/images\/Impresos\/Descargas\/solicitud%20AMCAE.pdf\" target=\"_blank\"><img loading=\"lazy\" decoding=\"async\" src=\"http:\/\/averroes.ced.junta-andalucia.es\/ceip_juan_ramon_jimenez\/images\/Iconos%20PDF\/impres1.gif\" alt=\"\" width=\"16\" height=\"16\" border=\"0\" \/><\/a><\/span><span style=\"color: #0000ff;font-size: small\"> <b>Solicitud de Comedor Escolar, Aula Matinal y Actividades Extraescolares<\/b>.(Rellenable). Entregar entre el 1 y 8 de junio de cada curso escolar. Una vez rellena, impr\u00edmala y entr\u00e9guela en la secretar\u00eda del Centro. Ser\u00eda conveniente que la impresi\u00f3n fuera en un solo folio por delante y por detr\u00e1s. No olviden que deber\u00e1n rellenar, imprimir y entregar en Secretaria el Anexo V (Solicitud de subvenci\u00f3n) entre el 1 y el 7 de septiembre de cada a\u00f1o si creen que tienen derecho a subvenci\u00f3n.<\/span><\/p>\n<\/li>\n<li>\n<p align=\"justify\"><span style=\"font-size: small\"><a href=\"http:\/\/averroes.ced.junta-andalucia.es\/ceip_juan_ramon_jimenez\/images\/Impresos\/Descargas\/BajaAulaMatinal.pdf\" target=\"_blank\"><img loading=\"lazy\" decoding=\"async\" src=\"http:\/\/averroes.ced.junta-andalucia.es\/ceip_juan_ramon_jimenez\/images\/Iconos%20PDF\/impres2.gif\" alt=\"\" width=\"16\" height=\"16\" border=\"0\" \/><\/a><\/span><span style=\"color: #0000ff;font-size: small\"> <b>Solicitud de Baja de Aula Matinal y Actividades Extraescolares<\/b>. La solicitud de baja en el servicio de Aula Matinal o Actividades Extraescolares, se comunicar\u00e1 con una antelaci\u00f3n de, al menos, una semana del inicio del mes en que se pretenda hacer efectiva la baja. Asimismo, la opci\u00f3n inicialmente elegida podr\u00e1 modificarse a lo largo del curso, lo que se comunicar\u00e1 en el plazo mencionado anteriormente. (Articulo 6.3 y 14.6 de la ORDEN de 3 de agosto de 2010, por la que se regulan los servicios complementarios de la ense\u00f1anza de aula matinal, comedor escolar y actividades extraescolares en los centros docentes p\u00fablicos, as\u00ed como la ampliaci\u00f3n de horario. BOJA 158 de 12-08-2010) (Rellenable). Una vez relleno e impr\u00edmalo y entr\u00e9guelo en la Secretar\u00eda del Centro.<\/span><\/p>\n<\/li>\n<li>\n<p align=\"justify\"><span style=\"font-size: small\"><a href=\"http:\/\/averroes.ced.junta-andalucia.es\/ceip_juan_ramon_jimenez\/images\/Impresos\/Descargas\/Baja%20Cambio%20de%20dias%20o%20ausencia%20comedor.pdf\" target=\"_blank\"><img loading=\"lazy\" decoding=\"async\" src=\"http:\/\/averroes.ced.junta-andalucia.es\/ceip_juan_ramon_jimenez\/images\/Iconos%20PDF\/impres6.gif\" alt=\"\" width=\"16\" height=\"16\" border=\"0\" \/><\/a>\u00a0 <b>Impreso para comunicar la Baja Total, cambio de d\u00edas en el comedor o baja temporal. <\/b>\u00a0La solicitud de baja en el servicio de Comedor Escolar, se comunicar\u00e1 con una antelaci\u00f3n de, al menos, una semana del inicio del mes en que se pretenda hacer efectiva la baja. Asimismo, la opci\u00f3n inicialmente elegida podr\u00e1 modificarse a lo largo del curso, lo que se comunicar\u00e1 en el plazo mencionado anteriormente. (Articulo 8.4 de la ORDEN de 3 de agosto de 2010, por la que se regulan los servicios complementarios de la ense\u00f1anza de aula matinal, comedor escolar y actividades extraescolares en los centros docentes p\u00fablicos, as\u00ed como la ampliaci\u00f3n de horario. BOJA 158 de 12-08-2010). (Rellenable)<\/span><\/p>\n<\/li>\n<li>\n<p align=\"justify\"><span style=\"font-size: small\"><a href=\"http:\/\/averroes.ced.junta-andalucia.es\/ceip_juan_ramon_jimenez\/images\/Impresos\/Descargas\/Justificaci%C3%B3n%20asistencia%20de%20alumnos%20pLAN%20DE%20aPERTURA.pdf\" target=\"_blank\"><img loading=\"lazy\" decoding=\"async\" src=\"http:\/\/averroes.ced.junta-andalucia.es\/ceip_juan_ramon_jimenez\/images\/Iconos%20PDF\/impres6.gif\" alt=\"\" width=\"16\" height=\"16\" border=\"0\" \/><\/a> <b>Impreso para justificar las faltas de asistencia a cualquier actividad del Plan de Ayuda a la Familias Andaluzas. <\/b>Deber\u00e1 ser entregado en la Secretar\u00eda del centro cuando el alumno\/a falte a cualquiera de las actividades de las que sea usuario (Aula Matinal, Comedor Escolar o Actividades Extraescolares. (Rellenable)<\/span><\/p>\n<\/li>\n<li>\n<p align=\"justify\"><span style=\"font-size: small\"><a href=\"http:\/\/averroes.ced.junta-andalucia.es\/ceip_juan_ramon_jimenez\/images\/Impresos\/Descargas\/Justificacionasistencia.pdf\" target=\"_blank\"><img loading=\"lazy\" decoding=\"async\" src=\"http:\/\/averroes.ced.junta-andalucia.es\/ceip_juan_ramon_jimenez\/images\/Iconos%20PDF\/impres3.gif\" alt=\"\" width=\"16\" height=\"16\" border=\"0\" \/><\/a><\/span><span style=\"color: #0000ff;font-size: small\"> <b>Justificaci\u00f3n de faltas de asistencia a clase de alumnos<\/b>. (Rellenable). Una vez lo haya rellenado, lo deber\u00e1 imprimir y entregarlo al profesor\/a tutor\/a de su hijo\/a.<\/span><\/p>\n<\/li>\n<li>\n<p align=\"justify\"><span style=\"font-size: small\"><a href=\"http:\/\/averroes.ced.junta-andalucia.es\/ceip_juan_ramon_jimenez\/images\/Impresos\/Descargas\/SolicituddeReligionEI.pdf\" target=\"_blank\"><img loading=\"lazy\" decoding=\"async\" src=\"http:\/\/averroes.ced.junta-andalucia.es\/ceip_juan_ramon_jimenez\/images\/Iconos%20PDF\/impres4.gif\" alt=\"\" width=\"16\" height=\"16\" border=\"0\" \/><\/a> <b>Solicitud de Ense\u00f1anza de Religi\u00f3n para Infantil<\/b>. (Rellenable). S\u00f3lo se podr\u00e1 solicitar el cambio de ense\u00f1anza de Religi\u00f3n del 1 a 8 de Junio de cada a\u00f1o. Para ello, lo deber\u00e1 rellenar, imprimir y entregar junto con el impreso de Inscripci\u00f3n en la fecha citada.<\/span><\/p>\n<\/li>\n<li>\n<p align=\"justify\"><span style=\"font-size: small\"><a href=\"http:\/\/averroes.ced.junta-andalucia.es\/ceip_juan_ramon_jimenez\/images\/Impresos\/Descargas\/SolicituddeReligionEP.pdf\" target=\"_blank\"><img loading=\"lazy\" decoding=\"async\" src=\"http:\/\/averroes.ced.junta-andalucia.es\/ceip_juan_ramon_jimenez\/images\/Iconos%20PDF\/impres5.gif\" alt=\"\" width=\"16\" height=\"16\" border=\"0\" \/><\/a> <b>Solicitud de Ense\u00f1anza de Religi\u00f3n para Educaci\u00f3n Primaria.<\/b> (Rellenable). S\u00f3lo se podr\u00e1 solicitar el cambio de ense\u00f1anza de Religi\u00f3n del 1 a 8 de Junio de cada a\u00f1o debido a que hay que entregar los Cheque-Libros. Para ello, lo deber\u00e1 rellenar, imprimir y entregar junto con el impreso de Inscripci\u00f3n en la fecha citada.<\/span><\/p>\n<\/li>\n<li>\n<p align=\"justify\"><span style=\"font-size: small\"><a href=\"http:\/\/averroes.ced.junta-andalucia.es\/ceip_juan_ramon_jimenez\/images\/Impresos\/Anexo%20I%20renuncia%20gratuidad.pdf\" target=\"_blank\"><img loading=\"lazy\" decoding=\"async\" src=\"http:\/\/averroes.ced.junta-andalucia.es\/ceip_juan_ramon_jimenez\/images\/Iconos%20PDF\/impres7.gif\" alt=\"\" width=\"16\" height=\"16\" border=\"0\" \/><\/a> <b>Anexo I, de renuncia al Programa de Gratuidad<\/b>. (Rellenable). Para los padres, madres o tutores legales que no quieran acogerse a la Programa de Gratuidad de Libros de texto. Deben rellenarlo, imprimirlo y entregarlo en la Secretar\u00eda del Centro los alumnos nuevos o a sus maestros o maestras tutores los que ya est\u00e1n matriculados en el Centro junto con el impreso de inscripci\u00f3n entre el 1 y el 8 de junio.<\/span><\/p>\n<\/li>\n<li>\n<p align=\"justify\"><span style=\"font-size: small\"><a href=\"http:\/\/averroes.ced.junta-andalucia.es\/ceip_juan_ramon_jimenez\/images\/Impresos\/Descargas\/FORMULARIO%20DE%20INSCRIPCION%20A%20LA%20AMPA.pdf\" target=\"_blank\"><img loading=\"lazy\" decoding=\"async\" src=\"http:\/\/averroes.ced.junta-andalucia.es\/ceip_juan_ramon_jimenez\/images\/Iconos%20PDF\/impres8.gif\" alt=\"\" width=\"16\" height=\"16\" border=\"0\" \/><\/a> <b>Formulario de inscripci\u00f3n como miembro de la A.M.P.A<\/b>.(Rellenable). Si quiere pertenecer a la A.M.P.A. rellene e imprima este documento y entr\u00e9guelo en la oficina de la Asociaci\u00f3n de Madres y Padres de Alumnos en el Colegio.<\/span><\/p>\n<\/li>\n<\/ol>\n<p>&nbsp;<\/p>\n","protected":false},"excerpt":{"rendered":"<p>IMPRESOS \u00a0\u00a0\u00a0 Desde esta p\u00e1gina tendr\u00e1 la oportunidad de rellenar e imprimir impresos que deber\u00e1 entregar en la Secretar\u00eda del Centro para su gesti\u00f3n. Para bajarlos, pinche sobre el icono correspondiente. \u00a0\u00a0\u00a0 Para poder&#46;&#46;&#46;<\/p>\n","protected":false},"author":1,"featured_media":0,"parent":0,"menu_order":0,"comment_status":"open","ping_status":"open","template":"page-templates\/child-menu.php","meta":{"ngg_post_thumbnail":0,"footnotes":"","_mc_calendar":[]},"aioseo_notices":[],"_links":{"self":[{"href":"https:\/\/blogsaverroes.juntadeandalucia.es\/ceiplaesperanza\/index.php?rest_route=\/wp\/v2\/pages\/77"}],"collection":[{"href":"https:\/\/blogsaverroes.juntadeandalucia.es\/ceiplaesperanza\/index.php?rest_route=\/wp\/v2\/pages"}],"about":[{"href":"https:\/\/blogsaverroes.juntadeandalucia.es\/ceiplaesperanza\/index.php?rest_route=\/wp\/v2\/types\/page"}],"author":[{"embeddable":true,"href":"https:\/\/blogsaverroes.juntadeandalucia.es\/ceiplaesperanza\/index.php?rest_route=\/wp\/v2\/users\/1"}],"replies":[{"embeddable":true,"href":"https:\/\/blogsaverroes.juntadeandalucia.es\/ceiplaesperanza\/index.php?rest_route=%2Fwp%2Fv2%2Fcomments&post=77"}],"version-history":[{"count":7,"href":"https:\/\/blogsaverroes.juntadeandalucia.es\/ceiplaesperanza\/index.php?rest_route=\/wp\/v2\/pages\/77\/revisions"}],"predecessor-version":[{"id":2125,"href":"https:\/\/blogsaverroes.juntadeandalucia.es\/ceiplaesperanza\/index.php?rest_route=\/wp\/v2\/pages\/77\/revisions\/2125"}],"wp:attachment":[{"href":"https:\/\/blogsaverroes.juntadeandalucia.es\/ceiplaesperanza\/index.php?rest_route=%2Fwp%2Fv2%2Fmedia&parent=77"}],"curies":[{"name":"wp","href":"https:\/\/api.w.org\/{rel}","templated":true}]}}