{"id":871,"date":"2015-03-16T07:25:46","date_gmt":"2015-03-16T07:25:46","guid":{"rendered":"http:\/\/blogsaverroes.juntadeandalucia.es\/pre\/ceip\/?page_id=106"},"modified":"2016-02-01T20:01:27","modified_gmt":"2016-02-01T20:01:27","slug":"actividades-extraescolares","status":"publish","type":"page","link":"https:\/\/blogsaverroes.juntadeandalucia.es\/ceiplaesperanza\/?page_id=871","title":{"rendered":"Actividades extraescolares"},"content":{"rendered":"<p style=\"text-align: center\"><a href=\"http:\/\/blogsaverroes.juntadeandalucia.es\/ceiplaesperanza\/files\/2015\/03\/AAEE.jpg\"><img loading=\"lazy\" decoding=\"async\" class=\"alignleft size-medium wp-image-2145\" src=\"http:\/\/blogsaverroes.juntadeandalucia.es\/ceiplaesperanza\/files\/2015\/03\/AAEE-225x300.jpg\" alt=\"AAEE\" width=\"225\" height=\"300\" srcset=\"https:\/\/blogsaverroes.juntadeandalucia.es\/ceiplaesperanza\/files\/2015\/03\/AAEE-225x300.jpg 225w, https:\/\/blogsaverroes.juntadeandalucia.es\/ceiplaesperanza\/files\/2015\/03\/AAEE.jpg 591w\" sizes=\"(max-width: 225px) 100vw, 225px\" \/><\/a>ACTIVIDADES EXTRAESCOLARES<\/p>\n<h4><\/h4>\n<p style=\"text-align: left\">Las actividades extraescolares tienen lugar en horario de tarde, hasta las 18.00, y abarcan aspectos como la lectura, el deporte, la m\u00fasica, la inform\u00e1tica, la pintura, la ludoteca, los idiomas, la danza o el teatro, entre otras actividades l\u00fadicas y formativas.<\/p>\n<p>Para hacer posible la realizaci\u00f3n de estas actividades fuera del horario lectivo, el centro La Esperanza abre sus instalaciones hasta las 18.00 todos los d\u00edas lectivos con excepci\u00f3n de los viernes, en los que el cierre se establece a las 16.00.<\/p>\n<p>&nbsp;<\/p>\n<p><a href=\"http:\/\/blogsaverroes.juntadeandalucia.es\/ceiplaesperanza\/files\/2015\/03\/TALLERES-EXTRA.jpg\"><img loading=\"lazy\" decoding=\"async\" class=\"  wp-image-2151 aligncenter\" src=\"http:\/\/blogsaverroes.juntadeandalucia.es\/ceiplaesperanza\/files\/2015\/03\/TALLERES-EXTRA-300x100.jpg\" alt=\"TALLERES EXTRA\" width=\"891\" height=\"297\" srcset=\"https:\/\/blogsaverroes.juntadeandalucia.es\/ceiplaesperanza\/files\/2015\/03\/TALLERES-EXTRA-300x100.jpg 300w, https:\/\/blogsaverroes.juntadeandalucia.es\/ceiplaesperanza\/files\/2015\/03\/TALLERES-EXTRA-1024x341.jpg 1024w, https:\/\/blogsaverroes.juntadeandalucia.es\/ceiplaesperanza\/files\/2015\/03\/TALLERES-EXTRA.jpg 1600w\" sizes=\"(max-width: 891px) 100vw, 891px\" \/><\/a><\/p>\n<h4><a href=\"http:\/\/blogsaverroes.juntadeandalucia.es\/ceiplaesperanza\/files\/2015\/03\/HORARIOS-ACTIVIDADES-EXTRAESCOLARES-2015.pdf\" target=\"_blank\">HORARIOS ACTIVIDADES EXTRAESCOLARES 2015\/16 <\/a><sub><strong>(PDF)<\/strong><\/sub><\/h4>\n<p><strong><a href=\"http:\/\/blogsaverroes.juntadeandalucia.es\/ceiplaesperanza\/files\/2015\/03\/solicitud-AMCAE-2016.pdf\" target=\"_blank\">Solicitud de AAEE. <\/a><sub>(PDF editable)<\/sub><\/strong><\/p>\n<p><strong><a href=\"http:\/\/blogsaverroes.juntadeandalucia.es\/ceiplaesperanza\/files\/2015\/03\/AnexoV.pdf\" target=\"_blank\">Solicitud de Bonificaci\u00f3n AAEE.<\/a> <sub>(PDF editable)<\/sub><\/strong><\/p>\n<p><strong><a href=\"http:\/\/blogsaverroes.juntadeandalucia.es\/ceiplaesperanza\/files\/2015\/03\/bonificaciones.pdf\" target=\"_blank\">Precios y bonificaciones.<\/a> <sub><sup>(PDF)<\/sup><\/sub><\/strong><\/p>\n","protected":false},"excerpt":{"rendered":"<p>ACTIVIDADES EXTRAESCOLARES Las actividades extraescolares tienen lugar en horario de tarde, hasta las 18.00, y abarcan aspectos como la lectura, el deporte, la m\u00fasica, la inform\u00e1tica, la pintura, la ludoteca, los idiomas, la danza&#46;&#46;&#46;<\/p>\n","protected":false},"author":1,"featured_media":0,"parent":0,"menu_order":0,"comment_status":"open","ping_status":"open","template":"page-templates\/child-menu.php","meta":{"ngg_post_thumbnail":0,"footnotes":"","_mc_calendar":[]},"aioseo_notices":[],"_links":{"self":[{"href":"https:\/\/blogsaverroes.juntadeandalucia.es\/ceiplaesperanza\/index.php?rest_route=\/wp\/v2\/pages\/871"}],"collection":[{"href":"https:\/\/blogsaverroes.juntadeandalucia.es\/ceiplaesperanza\/index.php?rest_route=\/wp\/v2\/pages"}],"about":[{"href":"https:\/\/blogsaverroes.juntadeandalucia.es\/ceiplaesperanza\/index.php?rest_route=\/wp\/v2\/types\/page"}],"author":[{"embeddable":true,"href":"https:\/\/blogsaverroes.juntadeandalucia.es\/ceiplaesperanza\/index.php?rest_route=\/wp\/v2\/users\/1"}],"replies":[{"embeddable":true,"href":"https:\/\/blogsaverroes.juntadeandalucia.es\/ceiplaesperanza\/index.php?rest_route=%2Fwp%2Fv2%2Fcomments&post=871"}],"version-history":[{"count":8,"href":"https:\/\/blogsaverroes.juntadeandalucia.es\/ceiplaesperanza\/index.php?rest_route=\/wp\/v2\/pages\/871\/revisions"}],"predecessor-version":[{"id":2152,"href":"https:\/\/blogsaverroes.juntadeandalucia.es\/ceiplaesperanza\/index.php?rest_route=\/wp\/v2\/pages\/871\/revisions\/2152"}],"wp:attachment":[{"href":"https:\/\/blogsaverroes.juntadeandalucia.es\/ceiplaesperanza\/index.php?rest_route=%2Fwp%2Fv2%2Fmedia&parent=871"}],"curies":[{"name":"wp","href":"https:\/\/api.w.org\/{rel}","templated":true}]}}