{"id":35,"date":"2015-03-13T08:21:43","date_gmt":"2015-03-13T08:21:43","guid":{"rendered":"http:\/\/blogsaverroes.juntadeandalucia.es\/pre\/ceip\/?page_id=35"},"modified":"2023-09-08T09:23:47","modified_gmt":"2023-09-08T09:23:47","slug":"el-centro-2","status":"publish","type":"page","link":"https:\/\/blogsaverroes.juntadeandalucia.es\/ceiplaflorida\/el-centro-2\/","title":{"rendered":"Datos del centro"},"content":{"rendered":"<p><a href=\"https:\/\/blogsaverroes.juntadeandalucia.es\/ceiplaflorida\/files\/2015\/05\/logo-la-florida.jpg\"><img loading=\"lazy\" decoding=\"async\" class=\"alignnone size-full wp-image-2130\" src=\"https:\/\/blogsaverroes.juntadeandalucia.es\/ceiplaflorida\/files\/2015\/05\/logo-la-florida.jpg\" alt=\"\" width=\"288\" height=\"210\" srcset=\"https:\/\/blogsaverroes.juntadeandalucia.es\/ceiplaflorida\/files\/2015\/05\/logo-la-florida.jpg 288w, https:\/\/blogsaverroes.juntadeandalucia.es\/ceiplaflorida\/files\/2015\/05\/logo-la-florida-24x18.jpg 24w, https:\/\/blogsaverroes.juntadeandalucia.es\/ceiplaflorida\/files\/2015\/05\/logo-la-florida-36x26.jpg 36w, https:\/\/blogsaverroes.juntadeandalucia.es\/ceiplaflorida\/files\/2015\/05\/logo-la-florida-48x35.jpg 48w\" sizes=\"(max-width: 288px) 100vw, 288px\" \/><\/a><\/p>\n<h1><strong>CEIP LA FLORIDA<\/strong><\/h1>\n<p><strong>C\/ Sagitario s\/n 11500 El Puerto de Santa Mar\u00eda<\/strong><\/p>\n<p><b>Tel\u00e9fonos<\/b><strong>&nbsp;del centro:<\/strong><\/p>\n<p>Direcci\u00f3n: 671 531 263<\/p>\n<p>Secretaria: 671 531 263<\/p>\n<p>Administraci\u00f3n: 671 531 263<\/p>\n<p><strong>Email:<\/strong> <a class=\"g-font-size-11 g-color-gray-dark-v1\" href=\"mailto:11006541.edu@juntadeandalucia.es\"><strong>11006541.edu@juntadeandalucia.es, 1100541@g.educaand.es<\/strong><\/a><\/p>\n<p>&nbsp;<\/p>\n<p>&nbsp;<\/p>\n","protected":false},"excerpt":{"rendered":"<p>CEIP LA FLORIDA C\/ Sagitario s\/n 11500 El Puerto de Santa Mar\u00eda Tel\u00e9fonos&nbsp;del centro: Direcci\u00f3n: 671 531 263 Secretaria: 671 531 263 Administraci\u00f3n: 671 531 263 Email: 11006541.edu@juntadeandalucia.es, 1100541@g.educaand.es &nbsp; &nbsp;<\/p>\n","protected":false},"author":1,"featured_media":0,"parent":0,"menu_order":0,"comment_status":"open","ping_status":"open","template":"","meta":{"ngg_post_thumbnail":0,"footnotes":"","_mc_calendar":[]},"aioseo_notices":[],"_links":{"self":[{"href":"https:\/\/blogsaverroes.juntadeandalucia.es\/ceiplaflorida\/wp-json\/wp\/v2\/pages\/35"}],"collection":[{"href":"https:\/\/blogsaverroes.juntadeandalucia.es\/ceiplaflorida\/wp-json\/wp\/v2\/pages"}],"about":[{"href":"https:\/\/blogsaverroes.juntadeandalucia.es\/ceiplaflorida\/wp-json\/wp\/v2\/types\/page"}],"author":[{"embeddable":true,"href":"https:\/\/blogsaverroes.juntadeandalucia.es\/ceiplaflorida\/wp-json\/wp\/v2\/users\/1"}],"replies":[{"embeddable":true,"href":"https:\/\/blogsaverroes.juntadeandalucia.es\/ceiplaflorida\/wp-json\/wp\/v2\/comments?post=35"}],"version-history":[{"count":32,"href":"https:\/\/blogsaverroes.juntadeandalucia.es\/ceiplaflorida\/wp-json\/wp\/v2\/pages\/35\/revisions"}],"predecessor-version":[{"id":4433,"href":"https:\/\/blogsaverroes.juntadeandalucia.es\/ceiplaflorida\/wp-json\/wp\/v2\/pages\/35\/revisions\/4433"}],"wp:attachment":[{"href":"https:\/\/blogsaverroes.juntadeandalucia.es\/ceiplaflorida\/wp-json\/wp\/v2\/media?parent=35"}],"curies":[{"name":"wp","href":"https:\/\/api.w.org\/{rel}","templated":true}]}}