{"id":44,"date":"2015-03-13T08:42:15","date_gmt":"2015-03-13T08:42:15","guid":{"rendered":"http:\/\/blogsaverroes.juntadeandalucia.es\/pre\/ceip\/?page_id=44"},"modified":"2023-09-08T09:30:05","modified_gmt":"2023-09-08T09:30:05","slug":"planes-y-proyectos","status":"publish","type":"page","link":"https:\/\/blogsaverroes.juntadeandalucia.es\/ceiplaflorida\/planes-y-proyectos\/","title":{"rendered":"Planes y Programas"},"content":{"rendered":"<p><img loading=\"lazy\" decoding=\"async\" class=\"alignnone size-medium wp-image-1667\" src=\"https:\/\/blogsaverroes.juntadeandalucia.es\/ceiplaflorida\/files\/2015\/03\/planes-300x150.png\" alt=\"planes\" width=\"300\" height=\"150\" srcset=\"https:\/\/blogsaverroes.juntadeandalucia.es\/ceiplaflorida\/files\/2015\/03\/planes-300x150.png 300w, https:\/\/blogsaverroes.juntadeandalucia.es\/ceiplaflorida\/files\/2015\/03\/planes.png 640w\" sizes=\"(max-width: 300px) 100vw, 300px\" \/><\/p>\n<p>Nuestro centro est\u00e1 desarrollando numerosas iniciativas orientadas a la mejora permanente de la ense\u00f1anza, favoreciendo las iniciativas de innovaci\u00f3n pedag\u00f3gica y el aumento de los servicios que se prestan a la comunidad educativa.<\/p>\n<p>Estas iniciativas, se articulan en Planes y proyectos educativos entre ellos:<\/p>\n<ul>\n<li><strong>Plan de igualdad<\/strong><\/li>\n<li><strong>PAE:<\/strong> Plan de Autoprotecci\u00f3n de los Centros Educativos<\/li>\n<li><strong>Escuela espacio de paz<\/strong><\/li>\n<li><strong>Biblioteca escolar<\/strong><\/li>\n<li><strong>Transformaci\u00f3n Digital Educativa (TDE) &#8211; Centro PRODIG<\/strong><\/li>\n<li><b>H\u00e1bitos de vida saludable:&nbsp;<\/b>programa de reparto de frutas, verduras y l\u00e1cteos<\/li>\n<li><strong>Servicios complementarios:<\/strong> aula matinal, comedor y actividades extraescolares.<\/li>\n<li><strong>Programas de acompa\u00f1amiento:&nbsp;<\/strong>\n<ul>\n<li>PROA (martes y jueves de 16:00 a 18:00)<\/li>\n<li>Escuelas Deportivas<\/li>\n<\/ul>\n<\/li>\n<\/ul>\n<p>&nbsp;<\/p>\n","protected":false},"excerpt":{"rendered":"<p>Nuestro centro est\u00e1 desarrollando numerosas iniciativas orientadas a la mejora permanente de la ense\u00f1anza, favoreciendo las iniciativas de innovaci\u00f3n pedag\u00f3gica y el aumento de los servicios que se prestan a la comunidad educativa. Estas&#46;&#46;&#46;<\/p>\n","protected":false},"author":1,"featured_media":0,"parent":0,"menu_order":0,"comment_status":"open","ping_status":"closed","template":"page-templates\/child-menu.php","meta":{"ngg_post_thumbnail":0,"footnotes":"","_mc_calendar":[]},"aioseo_notices":[],"_links":{"self":[{"href":"https:\/\/blogsaverroes.juntadeandalucia.es\/ceiplaflorida\/wp-json\/wp\/v2\/pages\/44"}],"collection":[{"href":"https:\/\/blogsaverroes.juntadeandalucia.es\/ceiplaflorida\/wp-json\/wp\/v2\/pages"}],"about":[{"href":"https:\/\/blogsaverroes.juntadeandalucia.es\/ceiplaflorida\/wp-json\/wp\/v2\/types\/page"}],"author":[{"embeddable":true,"href":"https:\/\/blogsaverroes.juntadeandalucia.es\/ceiplaflorida\/wp-json\/wp\/v2\/users\/1"}],"replies":[{"embeddable":true,"href":"https:\/\/blogsaverroes.juntadeandalucia.es\/ceiplaflorida\/wp-json\/wp\/v2\/comments?post=44"}],"version-history":[{"count":16,"href":"https:\/\/blogsaverroes.juntadeandalucia.es\/ceiplaflorida\/wp-json\/wp\/v2\/pages\/44\/revisions"}],"predecessor-version":[{"id":4435,"href":"https:\/\/blogsaverroes.juntadeandalucia.es\/ceiplaflorida\/wp-json\/wp\/v2\/pages\/44\/revisions\/4435"}],"wp:attachment":[{"href":"https:\/\/blogsaverroes.juntadeandalucia.es\/ceiplaflorida\/wp-json\/wp\/v2\/media?parent=44"}],"curies":[{"name":"wp","href":"https:\/\/api.w.org\/{rel}","templated":true}]}}