{"id":2503,"date":"2024-06-27T22:42:15","date_gmt":"2024-06-27T22:42:15","guid":{"rendered":"https:\/\/blogsaverroes.juntadeandalucia.es\/ceiplagloria\/?page_id=2503"},"modified":"2025-07-02T13:12:54","modified_gmt":"2025-07-02T13:12:54","slug":"relacion-de-libros-de-textos","status":"publish","type":"page","link":"https:\/\/blogsaverroes.juntadeandalucia.es\/ceiplagloria\/relacion-de-libros-de-textos\/","title":{"rendered":"Relaci\u00f3n de libros de texto"},"content":{"rendered":"<p style=\"text-align: center\"><span style=\"color: #0000ff\"><em><strong><a href=\"https:\/\/blogsaverroes.juntadeandalucia.es\/ceiplagloria\/files\/2025\/07\/LISTADO-DE-LIBROS-2025-2026.pdf\">RELACI\u00d3N DE LIBROS DE TEXTO DEL CEIP LA GLORIA. Curso 2025-2026<\/a>&nbsp; <\/strong><\/em><\/span><a href=\"https:\/\/drive.google.com\/file\/d\/1Adjv4ElhSbtsUOgwwuGA7jgYcvXVYKV9\/view?usp=drive_link\"><img loading=\"lazy\" decoding=\"async\" class=\"alignnone\" src=\"https:\/\/encrypted-tbn0.gstatic.com\/images?q=tbn:ANd9GcTH7IxG-dS5cCdGAVhFLq0DGrrR9yXccyLhsW3D-hI7FoMH-DVLsNgTxWIEAmUgrP867rk&amp;usqp=CAU\" alt=\"Relaci\u00f3n de libros de texto de este curso.\" width=\"49\" height=\"49\"><\/a><\/p>\n<p><img loading=\"lazy\" decoding=\"async\" class=\"alignleft\" src=\"https:\/\/encrypted-tbn0.gstatic.com\/images?q=tbn%3AANd9GcS1a_qZ8enAr1FKSpkF_JvptM2H50npxHI7l0DrNtt2sg7v9RnC&amp;usqp=CAU\" alt=\"Junta de Andaluc\u00eda - Gratuidad de los libros de texto para ...\" width=\"271\" height=\"190\"><\/p>\n<p style=\"text-align: justify\">El alumnado matriculado en los centros docentes de Andaluc\u00eda sostenidos con fondos p\u00fablicos, esto es, p\u00fablicos y concertados, en los cursos de Primaria, Educaci\u00f3n Secundaria Obligatoria (ESO), Formaci\u00f3n Profesional (FP) B\u00e1sica y Educaci\u00f3n Especial, puede disponer gratuitamente de los correspondientes libros de texto. Dichos libros ser\u00e1n propiedad de la Administraci\u00f3n educativa y, una vez concluido el a\u00f1o acad\u00e9mico, permanecer\u00e1n en el centro docente para que puedan ser utilizados por otros alumnos o alumnas. Todos los libros de texto ser\u00e1n renovados&nbsp; &nbsp;cada&nbsp; &nbsp; &nbsp; &nbsp; &nbsp; &nbsp; &nbsp; &nbsp; &nbsp; &nbsp; &nbsp; &nbsp; &nbsp; &nbsp; &nbsp; &nbsp; &nbsp; &nbsp; &nbsp; &nbsp; &nbsp; &nbsp; &nbsp; &nbsp; &nbsp; &nbsp; &nbsp; &nbsp; &nbsp; &nbsp; &nbsp; &nbsp; &nbsp; &nbsp; &nbsp;cuatro cursos escolares.<\/p>\n<ul>\n<li><a href=\"https:\/\/www.juntadeandalucia.es\/temas\/estudiar\/becas\/libros-texto.html\" target=\"_blank\" rel=\"noopener noreferrer\">Acceso a la web de la Junta de Andaluc\u00eda&nbsp;<\/a><\/li>\n<li><a href=\"http:\/\/www.juntadeandalucia.es\/educacion\/portals\/web\/becas-y-ayudas\/gratuidad-de-libros\">Informaci\u00f3n general sobre la gratuidad de los libros de texto<\/a><\/li>\n<\/ul>\n<p style=\"text-align: justify\">Los beneficiarios del programa est\u00e1n obligados a:<\/p>\n<ol style=\"text-align: justify\">\n<li>Garantizar un uso adecuado y cuidadoso de los libros de texto.<\/li>\n<li>Devolver los libros de texto al centro una vez terminado el curso, o en el momento de la baja en caso de traslado.<\/li>\n<li>Reponer aquellos libros extraviados o deteriorados malintencionadamente.<\/li>\n<\/ol>\n<p style=\"text-align: justify\">El representante legal del alumno o alumna que no desee participar en el programa de gratuidad en un determinado a\u00f1o acad\u00e9mico, lo comunicar\u00e1 en el centro docente en el momento de formalizar la inscripci\u00f3n.<\/p>\n<ul>\n<li style=\"text-align: justify\"><a href=\"https:\/\/www.juntadeandalucia.es\/boja\/2005\/92\/d6.pdf\">Impreso de renuncia. Disponible en el Anexo I&nbsp;de la Orden de 27 de abril de 2005.<\/a><\/li>\n<\/ul>\n<p>&nbsp;<\/p>\n<p>&nbsp;<\/p>\n","protected":false},"excerpt":{"rendered":"<p>RELACI\u00d3N DE LIBROS DE TEXTO DEL CEIP LA GLORIA. Curso 2025-2026&nbsp; El alumnado matriculado en los centros docentes de Andaluc\u00eda sostenidos con fondos p\u00fablicos, esto es, p\u00fablicos y concertados, en los cursos de Primaria, Educaci\u00f3n Secundaria Obligatoria (ESO), Formaci\u00f3n Profesional (FP) B\u00e1sica y Educaci\u00f3n Especial, puede disponer gratuitamente de los correspondientes libros de texto. Dichos &hellip; <\/p>\n<p><a class=\"more-link btn\" href=\"https:\/\/blogsaverroes.juntadeandalucia.es\/ceiplagloria\/relacion-de-libros-de-textos\/\">Seguir leyendo<\/a><\/p>\n","protected":false},"author":8164,"featured_media":0,"parent":0,"menu_order":0,"comment_status":"closed","ping_status":"closed","template":"","meta":{"ngg_post_thumbnail":0,"footnotes":"","_mc_calendar":[]},"aioseo_notices":[],"_links":{"self":[{"href":"https:\/\/blogsaverroes.juntadeandalucia.es\/ceiplagloria\/wp-json\/wp\/v2\/pages\/2503"}],"collection":[{"href":"https:\/\/blogsaverroes.juntadeandalucia.es\/ceiplagloria\/wp-json\/wp\/v2\/pages"}],"about":[{"href":"https:\/\/blogsaverroes.juntadeandalucia.es\/ceiplagloria\/wp-json\/wp\/v2\/types\/page"}],"author":[{"embeddable":true,"href":"https:\/\/blogsaverroes.juntadeandalucia.es\/ceiplagloria\/wp-json\/wp\/v2\/users\/8164"}],"replies":[{"embeddable":true,"href":"https:\/\/blogsaverroes.juntadeandalucia.es\/ceiplagloria\/wp-json\/wp\/v2\/comments?post=2503"}],"version-history":[{"count":17,"href":"https:\/\/blogsaverroes.juntadeandalucia.es\/ceiplagloria\/wp-json\/wp\/v2\/pages\/2503\/revisions"}],"predecessor-version":[{"id":3698,"href":"https:\/\/blogsaverroes.juntadeandalucia.es\/ceiplagloria\/wp-json\/wp\/v2\/pages\/2503\/revisions\/3698"}],"wp:attachment":[{"href":"https:\/\/blogsaverroes.juntadeandalucia.es\/ceiplagloria\/wp-json\/wp\/v2\/media?parent=2503"}],"curies":[{"name":"wp","href":"https:\/\/api.w.org\/{rel}","templated":true}]}}