{"id":77,"date":"2015-03-16T06:54:56","date_gmt":"2015-03-16T06:54:56","guid":{"rendered":"http:\/\/blogsaverroes.juntadeandalucia.es\/pre\/ceip\/?page_id=77"},"modified":"2022-05-31T17:11:27","modified_gmt":"2022-05-31T17:11:27","slug":"secretaria","status":"publish","type":"page","link":"https:\/\/blogsaverroes.juntadeandalucia.es\/ceiplagloria\/secretaria\/","title":{"rendered":"Secretar\u00eda"},"content":{"rendered":"<p>Actualmente la secretar\u00eda de nuestro centro permanece abierta para la atenci\u00f3n al p\u00fablico de manera <strong>presencial<\/strong> de lunes a viernes en horario de 9:30h a 10:30h, <strong>previa cita<\/strong>. Y de forma <strong>telef\u00f3nica<\/strong> de 10:30 a 13:30.<\/p>\n<p><a style=\"font-weight: bold\" href=\"https:\/\/blogsaverroes.juntadeandalucia.es\/ceiplagloria\/files\/2020\/05\/dibujo-impreso-con-l\u00e1piz-l\u00e1piz--e1589903059300.jpg\"><img loading=\"lazy\" decoding=\"async\" class=\" wp-image-2342\" src=\"https:\/\/blogsaverroes.juntadeandalucia.es\/ceiplagloria\/files\/2020\/05\/dibujo-impreso-con-l\u00e1piz-l\u00e1piz--150x150.jpg\" alt=\"\" width=\"58\" height=\"58\"><\/a><span style=\"color: #008080\"><strong>Podr\u00e1n realizar los diferentes tr\u00e1mites relativos a:<\/strong><\/span><\/p>\n<ul>\n<li>Solicitud de admisi\u00f3n en el Centro del nuevo alumnado (mes de marzo)<\/li>\n<li>Matriculaci\u00f3n del alumnado (principios de junio)<\/li>\n<li>Solicitud para cursar la ense\u00f1anza de religi\u00f3n.<\/li>\n<li>Solicitud de comedor, aula matinal y actividades extraescolares.<\/li>\n<li>Solicitud de bonificaci\u00f3n de comedor, aula matinal y actividades extraescolares.<\/li>\n<li>Expedici\u00f3n de certificados (acad\u00e9micos, de asistencia\u2026)<\/li>\n<\/ul>\n<p>&nbsp;<\/p>\n<p><a href=\"https:\/\/blogsaverroes.juntadeandalucia.es\/ceiplagloria\/files\/2020\/05\/imagen-enlace.png\"><img loading=\"lazy\" decoding=\"async\" class=\"wp-image-2345 alignleft\" src=\"https:\/\/blogsaverroes.juntadeandalucia.es\/ceiplagloria\/files\/2020\/05\/imagen-enlace-150x150.png\" alt=\"\" width=\"41\" height=\"41\" srcset=\"https:\/\/blogsaverroes.juntadeandalucia.es\/ceiplagloria\/files\/2020\/05\/imagen-enlace-150x150.png 150w, https:\/\/blogsaverroes.juntadeandalucia.es\/ceiplagloria\/files\/2020\/05\/imagen-enlace-100x100.png 100w\" sizes=\"(max-width: 41px) 100vw, 41px\" \/><\/a><\/p>\n<p>Les ofrecemos a continuaci\u00f3n el enlace al portal de la Junta de Andaluc\u00eda, as\u00ed como los diferentes enlaces donde poder descargarse los impresos que necesite:<\/p>\n<ul>\n<li>Acceso a portal de escolarizaci\u00f3n de la Junta de Andaluc\u00eda <a href=\"https:\/\/www.juntadeandalucia.es\/educacion\/portals\/web\/escolarizacion\">https:\/\/www.juntadeandalucia.es\/educacion\/portals\/web\/escolarizacion<\/a><\/li>\n<\/ul>\n<p>Pinchando sobre los siguientes enlaces podr\u00e1n descargar los impresos que necesiten.<\/p>\n<ul>\n<li><a href=\"https:\/\/www.juntadeandalucia.es\/educacion\/portals\/web\/escolarizacion\/infantil-a-bachillerato\/impresos\" target=\"_blank\" rel=\"noopener noreferrer\">Impresos del portal de la Junta de Andaluc\u00eda<\/a> .<\/li>\n<li><a href=\"https:\/\/www.juntadeandalucia.es\/educacion\/portals\/delegate\/content\/7e1d7b27-eaa4-42e7-bfa3-ac436db80ed6\/ANEXO%20III\" target=\"_blank\" rel=\"noopener noreferrer\">Impreso de <strong>admisi\u00f3n<\/strong> rellenable y\/descargable<\/a>.<\/li>\n<li><a href=\"https:\/\/www.juntadeandalucia.es\/educacion\/portals\/delegate\/content\/d26442b2-4b4a-433a-9c1e-e1790a29f781\/ANEXO%20IV\" target=\"_blank\" rel=\"noopener noreferrer\">Impreso de <strong>matriculaci\u00f3n INFANTIL<\/strong> (rellenable y\/descargable)<\/a><\/li>\n<li><a href=\"https:\/\/www.juntadeandalucia.es\/educacion\/portals\/delegate\/content\/55fad88e-7bb3-40e3-bbe4-198107487345\/ANEXO%20V\" target=\"_blank\" rel=\"noopener noreferrer\">Impreso de<strong> matriculaci\u00f3n PRIMARIA<\/strong> (rellenable y\/descargable<\/a>)<\/li>\n<li><a href=\"https:\/\/www.juntadeandalucia.es\/educacion\/portals\/delegate\/content\/6c4342f7-1581-4c26-bc7e-2e49b4b64cee\/Anexo%20II.-%20Servicio%20de%20Aula%20Matinal,%20Comedor%20Escolar%20y%20actividades%20Extraescolares\" target=\"_blank\" rel=\"noopener noreferrer\"> Impreso <strong>comedor, aula matinal y actividades extraescolares<\/strong>.<\/a><\/li>\n<li><a href=\"https:\/\/www.juntadeandalucia.es\/educacion\/portals\/delegate\/content\/fcc8b9c5-53ad-46ca-9098-80d7b3c81097\/Anexo%20V.-%20Gratuidad\/bonificaci%C3%B3n%20del%20precio%20p%C3%BAblico%20por%20los%20servicios%20complementarios%20de%20Aula%20Matinal,%20Comedor%20Escolar%20y%20Actividades%20Extraescolares\" target=\"_blank\" rel=\"noopener noreferrer\"> Impreso <strong>solicitud de BONIFICACI\u00d3N <\/strong>de comedor, aula matinal y actividades extraescolares.<\/a><\/li>\n<\/ul>\n<p>&nbsp;<\/p>\n<p><strong>&nbsp;Si desea informaci\u00f3n sobre el proceso de matriculaci\u00f3n y formas de hacerlo, pulse <a href=\"https:\/\/blogsaverroes.juntadeandalucia.es\/ceiplagloria\/escolarizacion\/\" target=\"_blank\" rel=\"noopener noreferrer\">AQU\u00cd<\/a>.<\/strong><\/p>\n","protected":false},"excerpt":{"rendered":"<p>Actualmente la secretar\u00eda de nuestro centro permanece abierta para la atenci\u00f3n al p\u00fablico de manera presencial de lunes a viernes en horario de 9:30h a 10:30h, previa cita. Y de forma telef\u00f3nica de 10:30 a 13:30. Podr\u00e1n realizar los diferentes tr\u00e1mites relativos a: Solicitud de admisi\u00f3n en el Centro del nuevo alumnado (mes de marzo) &hellip; <\/p>\n<p><a class=\"more-link btn\" href=\"https:\/\/blogsaverroes.juntadeandalucia.es\/ceiplagloria\/secretaria\/\">Seguir leyendo<\/a><\/p>\n","protected":false},"author":1,"featured_media":0,"parent":0,"menu_order":0,"comment_status":"closed","ping_status":"open","template":"page-cs.php","meta":{"ngg_post_thumbnail":0,"footnotes":"","_mc_calendar":[]},"aioseo_notices":[],"_links":{"self":[{"href":"https:\/\/blogsaverroes.juntadeandalucia.es\/ceiplagloria\/wp-json\/wp\/v2\/pages\/77"}],"collection":[{"href":"https:\/\/blogsaverroes.juntadeandalucia.es\/ceiplagloria\/wp-json\/wp\/v2\/pages"}],"about":[{"href":"https:\/\/blogsaverroes.juntadeandalucia.es\/ceiplagloria\/wp-json\/wp\/v2\/types\/page"}],"author":[{"embeddable":true,"href":"https:\/\/blogsaverroes.juntadeandalucia.es\/ceiplagloria\/wp-json\/wp\/v2\/users\/1"}],"replies":[{"embeddable":true,"href":"https:\/\/blogsaverroes.juntadeandalucia.es\/ceiplagloria\/wp-json\/wp\/v2\/comments?post=77"}],"version-history":[{"count":13,"href":"https:\/\/blogsaverroes.juntadeandalucia.es\/ceiplagloria\/wp-json\/wp\/v2\/pages\/77\/revisions"}],"predecessor-version":[{"id":3384,"href":"https:\/\/blogsaverroes.juntadeandalucia.es\/ceiplagloria\/wp-json\/wp\/v2\/pages\/77\/revisions\/3384"}],"wp:attachment":[{"href":"https:\/\/blogsaverroes.juntadeandalucia.es\/ceiplagloria\/wp-json\/wp\/v2\/media?parent=77"}],"curies":[{"name":"wp","href":"https:\/\/api.w.org\/{rel}","templated":true}]}}