{"id":870,"date":"2020-04-17T21:54:27","date_gmt":"2020-04-17T21:54:27","guid":{"rendered":"http:\/\/blogsaverroes.juntadeandalucia.es\/pre\/ceip\/?page_id=103"},"modified":"2020-04-17T21:20:54","modified_gmt":"2020-04-17T21:20:54","slug":"aula-matinal","status":"publish","type":"page","link":"https:\/\/blogsaverroes.juntadeandalucia.es\/ceiplagloria\/aula-matinal\/","title":{"rendered":"Aula Matinal"},"content":{"rendered":"<p style=\"text-align: justify\">El <strong>Aula Matinal<\/strong> abre sus puertas 7:30 h a 9:00 h de lunes a viernes, ofreciendo actividades diversas a los estudiantes hasta el comienzo del horario lectivo.<\/p>\n<p style=\"text-align: justify\">Dos monitores cualificados trabajan con el alumnado actividades l\u00fadicas y manualidades relacionadas con \u00e9pocas del a\u00f1o, efem\u00e9rides y proyectos que se est\u00e9n trabajando en el centro.<\/p>\n<p style=\"text-align: justify\">Puede utilizarse cualquier d\u00eda previa inscripci\u00f3n.<\/p>\n<p style=\"text-align: center\"><a href=\"https:\/\/blogsaverroes.juntadeandalucia.es\/ceiplagloria\/files\/2020\/02\/collage_2_aula_matinal.jpg\"><img loading=\"lazy\" decoding=\"async\" class=\"alignnone size-medium wp-image-2173\" src=\"https:\/\/blogsaverroes.juntadeandalucia.es\/ceiplagloria\/files\/2020\/02\/collage_2_aula_matinal-300x300.jpg\" alt=\"\" width=\"300\" height=\"300\" srcset=\"https:\/\/blogsaverroes.juntadeandalucia.es\/ceiplagloria\/files\/2020\/02\/collage_2_aula_matinal-300x300.jpg 300w, https:\/\/blogsaverroes.juntadeandalucia.es\/ceiplagloria\/files\/2020\/02\/collage_2_aula_matinal-150x150.jpg 150w, https:\/\/blogsaverroes.juntadeandalucia.es\/ceiplagloria\/files\/2020\/02\/collage_2_aula_matinal-100x100.jpg 100w, https:\/\/blogsaverroes.juntadeandalucia.es\/ceiplagloria\/files\/2020\/02\/collage_2_aula_matinal-24x24.jpg 24w, https:\/\/blogsaverroes.juntadeandalucia.es\/ceiplagloria\/files\/2020\/02\/collage_2_aula_matinal-36x36.jpg 36w, https:\/\/blogsaverroes.juntadeandalucia.es\/ceiplagloria\/files\/2020\/02\/collage_2_aula_matinal-48x48.jpg 48w, https:\/\/blogsaverroes.juntadeandalucia.es\/ceiplagloria\/files\/2020\/02\/collage_2_aula_matinal.jpg 500w\" sizes=\"(max-width: 300px) 100vw, 300px\" \/><\/a><\/p>\n","protected":false},"excerpt":{"rendered":"<p>El Aula Matinal abre sus puertas 7:30 h a 9:00 h de lunes a viernes, ofreciendo actividades diversas a los estudiantes hasta el comienzo del horario lectivo. Dos monitores cualificados trabajan con el alumnado actividades l\u00fadicas y manualidades relacionadas con \u00e9pocas del a\u00f1o, efem\u00e9rides y proyectos que se est\u00e9n trabajando en el centro. Puede utilizarse &hellip; <\/p>\n<p><a class=\"more-link btn\" href=\"https:\/\/blogsaverroes.juntadeandalucia.es\/ceiplagloria\/aula-matinal\/\">Seguir leyendo<\/a><\/p>\n","protected":false},"author":1,"featured_media":0,"parent":0,"menu_order":0,"comment_status":"closed","ping_status":"open","template":"page-cs.php","meta":{"ngg_post_thumbnail":0,"footnotes":"","_mc_calendar":[]},"aioseo_notices":[],"_links":{"self":[{"href":"https:\/\/blogsaverroes.juntadeandalucia.es\/ceiplagloria\/wp-json\/wp\/v2\/pages\/870"}],"collection":[{"href":"https:\/\/blogsaverroes.juntadeandalucia.es\/ceiplagloria\/wp-json\/wp\/v2\/pages"}],"about":[{"href":"https:\/\/blogsaverroes.juntadeandalucia.es\/ceiplagloria\/wp-json\/wp\/v2\/types\/page"}],"author":[{"embeddable":true,"href":"https:\/\/blogsaverroes.juntadeandalucia.es\/ceiplagloria\/wp-json\/wp\/v2\/users\/1"}],"replies":[{"embeddable":true,"href":"https:\/\/blogsaverroes.juntadeandalucia.es\/ceiplagloria\/wp-json\/wp\/v2\/comments?post=870"}],"version-history":[{"count":12,"href":"https:\/\/blogsaverroes.juntadeandalucia.es\/ceiplagloria\/wp-json\/wp\/v2\/pages\/870\/revisions"}],"predecessor-version":[{"id":2309,"href":"https:\/\/blogsaverroes.juntadeandalucia.es\/ceiplagloria\/wp-json\/wp\/v2\/pages\/870\/revisions\/2309"}],"wp:attachment":[{"href":"https:\/\/blogsaverroes.juntadeandalucia.es\/ceiplagloria\/wp-json\/wp\/v2\/media?parent=870"}],"curies":[{"name":"wp","href":"https:\/\/api.w.org\/{rel}","templated":true}]}}

<p style="text-align: justify">El <strong>Aula Matinal</strong> abre sus puertas 7:30 h a 9:00 h de lunes a viernes, ofreciendo actividades diversas a los estudiantes hasta el comienzo del horario lectivo.</p>
<p style="text-align: justify">Dos monitores cualificados trabajan con el alumnado actividades lúdicas y manualidades relacionadas con épocas del año, efemérides y proyectos que se estén trabajando en el centro.</p>
<p style="text-align: justify">Puede utilizarse cualquier día previa inscripción.</p>
<p style="text-align: center"><a href="https://blogsaverroes.juntadeandalucia.es/ceiplagloria/files/2020/02/collage_2_aula_matinal.jpg"><img loading="lazy" decoding="async" class="alignnone size-medium wp-image-2173" src="https://blogsaverroes.juntadeandalucia.es/ceiplagloria/files/2020/02/collage_2_aula_matinal-300x300.jpg" alt="" width="300" height="300" srcset="https://blogsaverroes.juntadeandalucia.es/ceiplagloria/files/2020/02/collage_2_aula_matinal-300x300.jpg 300w, https://blogsaverroes.juntadeandalucia.es/ceiplagloria/files/2020/02/collage_2_aula_matinal-150x150.jpg 150w, https://blogsaverroes.juntadeandalucia.es/ceiplagloria/files/2020/02/collage_2_aula_matinal-100x100.jpg 100w, https://blogsaverroes.juntadeandalucia.es/ceiplagloria/files/2020/02/collage_2_aula_matinal-24x24.jpg 24w, https://blogsaverroes.juntadeandalucia.es/ceiplagloria/files/2020/02/collage_2_aula_matinal-36x36.jpg 36w, https://blogsaverroes.juntadeandalucia.es/ceiplagloria/files/2020/02/collage_2_aula_matinal-48x48.jpg 48w, https://blogsaverroes.juntadeandalucia.es/ceiplagloria/files/2020/02/collage_2_aula_matinal.jpg 500w" sizes="(max-width: 300px) 100vw, 300px" /></a></p>

<p>El Aula Matinal abre sus puertas 7:30 h a 9:00 h de lunes a viernes, ofreciendo actividades diversas a los estudiantes hasta el comienzo del horario lectivo. Dos monitores cualificados trabajan con el alumnado actividades lúdicas y manualidades relacionadas con épocas del año, efemérides y proyectos que se estén trabajando en el centro. Puede utilizarse &hellip; </p>
<p><a class="more-link btn" href="https://blogsaverroes.juntadeandalucia.es/ceiplagloria/aula-matinal/">Seguir leyendo</a></p>
