{"id":48,"date":"2018-02-15T10:18:27","date_gmt":"2018-02-15T10:18:27","guid":{"rendered":"https:\/\/blogsaverroes.juntadeandalucia.es\/ceiplaguijarrosa\/?page_id=48"},"modified":"2019-08-24T18:49:30","modified_gmt":"2019-08-24T18:49:30","slug":"ed-primaria","status":"publish","type":"page","link":"https:\/\/blogsaverroes.juntadeandalucia.es\/ceiplaguijarrosa\/ed-primaria\/","title":{"rendered":"Ed. Primaria"},"content":{"rendered":"<ul>\n<li>Educaci\u00f3n Primaria:<\/li>\n<\/ul>\n<p>La finalidad de la educaci\u00f3n primaria es proporcionar a todos los ni\u00f1os y ni\u00f1as una educaci\u00f3n que permita afianzar su desarrollo personal y su propio bienestar, adquirir las habilidades culturales b\u00e1sicas relativas a la expresi\u00f3n y comprensi\u00f3n oral, a la lectura, a la escritura y al c\u00e1lculo, as\u00ed como desarrollar las habilidades sociales, los h\u00e1bitos de trabajo y estudio, el sentido art\u00edstico, la creatividad y la afectividad.<\/p>\n","protected":false},"excerpt":{"rendered":"<p>Educaci\u00f3n Primaria: La finalidad de la educaci\u00f3n primaria es proporcionar a todos los ni\u00f1os y ni\u00f1as una educaci\u00f3n que permita afianzar su desarrollo personal y su propio bienestar, adquirir las habilidades culturales b\u00e1sicas relativas&#46;&#46;&#46;<\/p>\n","protected":false},"author":5737,"featured_media":0,"parent":0,"menu_order":0,"comment_status":"closed","ping_status":"closed","template":"","meta":{"ngg_post_thumbnail":0,"footnotes":""},"aioseo_notices":[],"_links":{"self":[{"href":"https:\/\/blogsaverroes.juntadeandalucia.es\/ceiplaguijarrosa\/wp-json\/wp\/v2\/pages\/48"}],"collection":[{"href":"https:\/\/blogsaverroes.juntadeandalucia.es\/ceiplaguijarrosa\/wp-json\/wp\/v2\/pages"}],"about":[{"href":"https:\/\/blogsaverroes.juntadeandalucia.es\/ceiplaguijarrosa\/wp-json\/wp\/v2\/types\/page"}],"author":[{"embeddable":true,"href":"https:\/\/blogsaverroes.juntadeandalucia.es\/ceiplaguijarrosa\/wp-json\/wp\/v2\/users\/5737"}],"replies":[{"embeddable":true,"href":"https:\/\/blogsaverroes.juntadeandalucia.es\/ceiplaguijarrosa\/wp-json\/wp\/v2\/comments?post=48"}],"version-history":[{"count":1,"href":"https:\/\/blogsaverroes.juntadeandalucia.es\/ceiplaguijarrosa\/wp-json\/wp\/v2\/pages\/48\/revisions"}],"predecessor-version":[{"id":49,"href":"https:\/\/blogsaverroes.juntadeandalucia.es\/ceiplaguijarrosa\/wp-json\/wp\/v2\/pages\/48\/revisions\/49"}],"wp:attachment":[{"href":"https:\/\/blogsaverroes.juntadeandalucia.es\/ceiplaguijarrosa\/wp-json\/wp\/v2\/media?parent=48"}],"curies":[{"name":"wp","href":"https:\/\/api.w.org\/{rel}","templated":true}]}}