{"id":1113,"date":"2015-03-12T11:00:55","date_gmt":"2015-03-12T11:00:55","guid":{"rendered":"http:\/\/blogsaverroes.juntadeandalucia.es\/pre\/ceip\/?page_id=2"},"modified":"2025-08-28T15:14:43","modified_gmt":"2025-08-28T15:14:43","slug":"inicio","status":"publish","type":"page","link":"https:\/\/blogsaverroes.juntadeandalucia.es\/ceiplainmaculada\/inicio\/","title":{"rendered":"INICIO"},"content":{"rendered":"<h2 style=\"text-align: center\"><span style=\"color: #008080\"><strong>WEB DEL CEIP LA INMACULADA<\/strong><\/span><\/h2>\n<h3 style=\"text-align: center\">BIENVENIDOS Y BIENVENIDAS A LA P\u00c1GINA WEB DEL CEIP LA INMACULADA DE C\u00c1DIZ.<\/h3>\n<p>Nuestro centro Biling\u00fce ingl\u00e9s ofrece, dentro del Plan de apertura de Centros, los servicios de Aula Matinal, Comedor Escolar y Actividades Extraescolares.<\/p>\n<p>A trav\u00e9s de la p\u00e1gina WEB podr\u00e9is acceder a toda la info del cole y de la comunidad educativa.<\/p>\n<p>Os recomendamos que visit\u00e9is la pesta\u00f1a de novedades y la p\u00e1gina de Facebook del centro, donde podr\u00e9is acceder a las \u00faltimas noticias e informaciones relevantes de nuestro entorno. Navegando por la Web, en la parte superior derecha, encontrar\u00e9is el icono para acceder al Facebook o directamente pinchando <span style=\"color: #008080\"><a style=\"color: #008080\" href=\"https:\/\/www.facebook.com\/CEIP-La-Inmaculada-C\u00e1diz-115116736536984\/\">aqu\u00ed<\/a><\/span>.<\/p>\n<p>&nbsp;<\/p>\n<p style=\"text-align: center\"><span style=\"color: #008080\">#SomosLaInmaculada<\/span><\/p>\n","protected":false},"excerpt":{"rendered":"<p>WEB DEL CEIP LA INMACULADA BIENVENIDOS Y BIENVENIDAS A LA P\u00c1GINA WEB DEL CEIP LA INMACULADA DE C\u00c1DIZ. Nuestro centro Biling\u00fce ingl\u00e9s ofrece, dentro del Plan de apertura de Centros, los servicios de Aula Matinal,&#46;&#46;&#46;<\/p>\n","protected":false},"author":1,"featured_media":0,"parent":0,"menu_order":0,"comment_status":"closed","ping_status":"open","template":"","meta":{"ngg_post_thumbnail":0,"footnotes":"","_mc_calendar":[]},"aioseo_notices":[],"_links":{"self":[{"href":"https:\/\/blogsaverroes.juntadeandalucia.es\/ceiplainmaculada\/wp-json\/wp\/v2\/pages\/1113"}],"collection":[{"href":"https:\/\/blogsaverroes.juntadeandalucia.es\/ceiplainmaculada\/wp-json\/wp\/v2\/pages"}],"about":[{"href":"https:\/\/blogsaverroes.juntadeandalucia.es\/ceiplainmaculada\/wp-json\/wp\/v2\/types\/page"}],"author":[{"embeddable":true,"href":"https:\/\/blogsaverroes.juntadeandalucia.es\/ceiplainmaculada\/wp-json\/wp\/v2\/users\/1"}],"replies":[{"embeddable":true,"href":"https:\/\/blogsaverroes.juntadeandalucia.es\/ceiplainmaculada\/wp-json\/wp\/v2\/comments?post=1113"}],"version-history":[{"count":36,"href":"https:\/\/blogsaverroes.juntadeandalucia.es\/ceiplainmaculada\/wp-json\/wp\/v2\/pages\/1113\/revisions"}],"predecessor-version":[{"id":12010,"href":"https:\/\/blogsaverroes.juntadeandalucia.es\/ceiplainmaculada\/wp-json\/wp\/v2\/pages\/1113\/revisions\/12010"}],"wp:attachment":[{"href":"https:\/\/blogsaverroes.juntadeandalucia.es\/ceiplainmaculada\/wp-json\/wp\/v2\/media?parent=1113"}],"curies":[{"name":"wp","href":"https:\/\/api.w.org\/{rel}","templated":true}]}}