{"id":12013,"date":"2025-08-28T15:23:48","date_gmt":"2025-08-28T15:23:48","guid":{"rendered":"https:\/\/blogsaverroes.juntadeandalucia.es\/ceiplainmaculada\/?page_id=12013"},"modified":"2025-08-28T15:23:48","modified_gmt":"2025-08-28T15:23:48","slug":"seccion-familias","status":"publish","type":"page","link":"https:\/\/blogsaverroes.juntadeandalucia.es\/ceiplainmaculada\/seccion-familias\/","title":{"rendered":"SECCI\u00d3N FAMILIAS"},"content":{"rendered":"<p>\u2728 <span style=\"color: #008080\"><strong>Un espacio para nuestras familias<\/strong><\/span> \u2728<\/p>\n<p>En nuestra web hemos habilitado un apartado especialmente pensado para vosotras y vosotros: <strong>la secci\u00f3n de Familias<\/strong> \ud83d\udc68\u200d\ud83d\udc69\u200d\ud83d\udc67\u200d\ud83d\udc66.<\/p>\n<p>Aqu\u00ed podr\u00e9is encontrar toda la informaci\u00f3n relevante relacionada con la vida del centro: circulares, comunicados, proyectos y actividades en marcha. Adem\u00e1s, hemos incluido <span style=\"color: #008080\"><strong>tutoriales y gu\u00edas pr\u00e1cticas<\/strong><\/span> \ud83d\udcdd que os ayudar\u00e1n a resolver dudas sobre tr\u00e1mites digitales, uso de aplicaciones educativas, gestiones administrativas y otros aspectos de inter\u00e9s.<\/p>\n<p>Nuestro objetivo es que teng\u00e1is siempre a mano los recursos necesarios para estar informadas e informados, participar activamente y sentiros acompa\u00f1adas y acompa\u00f1ados en el d\u00eda a d\u00eda escolar. \ud83c\udf31\ud83d\udcbb<\/p>\n<p>Os invitamos a visitar esta secci\u00f3n de manera frecuente para no perderos ninguna novedad ni recurso \u00fatil.<\/p>\n<p>\u00a1Es vuestro espacio dentro de la WEB del cole! \ud83c\udf92\ud83d\udcda<\/p>\n","protected":false},"excerpt":{"rendered":"<p>\u2728 Un espacio para nuestras familias \u2728 En nuestra web hemos habilitado un apartado especialmente pensado para vosotras y vosotros: la secci\u00f3n de Familias \ud83d\udc68\u200d\ud83d\udc69\u200d\ud83d\udc67\u200d\ud83d\udc66. Aqu\u00ed podr\u00e9is encontrar toda la informaci\u00f3n relevante relacionada con la&#46;&#46;&#46;<\/p>\n","protected":false},"author":3031,"featured_media":0,"parent":0,"menu_order":0,"comment_status":"closed","ping_status":"closed","template":"","meta":{"ngg_post_thumbnail":0,"footnotes":"","_mc_calendar":[]},"aioseo_notices":[],"_links":{"self":[{"href":"https:\/\/blogsaverroes.juntadeandalucia.es\/ceiplainmaculada\/wp-json\/wp\/v2\/pages\/12013"}],"collection":[{"href":"https:\/\/blogsaverroes.juntadeandalucia.es\/ceiplainmaculada\/wp-json\/wp\/v2\/pages"}],"about":[{"href":"https:\/\/blogsaverroes.juntadeandalucia.es\/ceiplainmaculada\/wp-json\/wp\/v2\/types\/page"}],"author":[{"embeddable":true,"href":"https:\/\/blogsaverroes.juntadeandalucia.es\/ceiplainmaculada\/wp-json\/wp\/v2\/users\/3031"}],"replies":[{"embeddable":true,"href":"https:\/\/blogsaverroes.juntadeandalucia.es\/ceiplainmaculada\/wp-json\/wp\/v2\/comments?post=12013"}],"version-history":[{"count":1,"href":"https:\/\/blogsaverroes.juntadeandalucia.es\/ceiplainmaculada\/wp-json\/wp\/v2\/pages\/12013\/revisions"}],"predecessor-version":[{"id":12014,"href":"https:\/\/blogsaverroes.juntadeandalucia.es\/ceiplainmaculada\/wp-json\/wp\/v2\/pages\/12013\/revisions\/12014"}],"wp:attachment":[{"href":"https:\/\/blogsaverroes.juntadeandalucia.es\/ceiplainmaculada\/wp-json\/wp\/v2\/media?parent=12013"}],"curies":[{"name":"wp","href":"https:\/\/api.w.org\/{rel}","templated":true}]}}