{"id":4951,"date":"2022-02-15T18:57:03","date_gmt":"2022-02-15T18:57:03","guid":{"rendered":"https:\/\/blogsaverroes.juntadeandalucia.es\/ceiplainmaculada\/?page_id=4951"},"modified":"2022-02-15T23:37:53","modified_gmt":"2022-02-15T23:37:53","slug":"proyecto-apadrina-tu-playa","status":"publish","type":"page","link":"https:\/\/blogsaverroes.juntadeandalucia.es\/ceiplainmaculada\/proyecto-apadrina-tu-playa\/","title":{"rendered":"PROYECTO APADRINA TU PLAYA"},"content":{"rendered":"<p class=\"mce\">El&nbsp;<strong class=\"mce\">Colegio de Educaci\u00f3n Infantil y Primaria La Inmaculada <\/strong>ha sido el&nbsp;<strong class=\"mce\">primero de la provincia de C\u00e1diz<\/strong> en poner en marcha el Proyecto Educativo <strong class=\"mce\">\u00abApadrina tu playa\u00bb,<\/strong> una iniciativa impulsada por la Asociaci\u00f3n Ecopuertos, el Proyecto de investigaci\u00f3n Plan, de la UCA, y la Asociaci\u00f3n Natura Sin Basura.<\/p>\n<p class=\"mce\">Este proyecto incluye tanto la&nbsp;<strong class=\"mce\">formaci\u00f3n para el profesorado como talleres did\u00e1cticos para los alumnos,<\/strong>&nbsp;que son quienes posteriormente realizan las actividades en la playa partiendo de la metodolog\u00eda aprendida y concienciar sobre el problema de las basuras marinas a los usuarios de la playa.<\/p>\n<p class=\"mce\">Un proyecto que se considera de gran inter\u00e9s porque&nbsp;<strong class=\"mce\">normaliza las buenas pr\u00e1cticas e involucra a los escolares, fomentando la gesti\u00f3n preventiva, que ayuda a frenar que los residuos acaben en la playa en los mares y oc\u00e9anos<\/strong>.<\/p>\n<p class=\"western mce\" align=\"justify\">Posteriormente el an\u00e1lisis y presentaci\u00f3n de los resultados se expondr\u00e1 en el centro, mostrando c\u00f3mo los escolares han asimilado los nuevos conocimientos.<\/p>\n<p class=\"western mce\" align=\"justify\">Los profesores responsables de la implantaci\u00f3n del proyecto han destacado la importancia de&nbsp;<strong class=\"mce\">unir investigaci\u00f3n, divulgaci\u00f3n y educaci\u00f3n ambiental para fomentar la reducci\u00f3n de residuos en origen<\/strong>. \u00abEl proyecto \u00abApadrina tu playa\u00bb es una herramienta did\u00e1ctica de gran utilidad, que adem\u00e1s desarrolla un v\u00ednculo especial de los alumnos con el entorno natural pr\u00f3ximo a su centro escolar, como es la playa de Cortadura\u00bb.<\/p>\n","protected":false},"excerpt":{"rendered":"<p>El&nbsp;Colegio de Educaci\u00f3n Infantil y Primaria La Inmaculada ha sido el&nbsp;primero de la provincia de C\u00e1diz en poner en marcha el Proyecto Educativo \u00abApadrina tu playa\u00bb, una iniciativa impulsada por la Asociaci\u00f3n Ecopuertos, el Proyecto&#46;&#46;&#46;<\/p>\n","protected":false},"author":3031,"featured_media":0,"parent":0,"menu_order":0,"comment_status":"closed","ping_status":"closed","template":"","meta":{"ngg_post_thumbnail":0,"footnotes":"","_mc_calendar":[]},"aioseo_notices":[],"_links":{"self":[{"href":"https:\/\/blogsaverroes.juntadeandalucia.es\/ceiplainmaculada\/wp-json\/wp\/v2\/pages\/4951"}],"collection":[{"href":"https:\/\/blogsaverroes.juntadeandalucia.es\/ceiplainmaculada\/wp-json\/wp\/v2\/pages"}],"about":[{"href":"https:\/\/blogsaverroes.juntadeandalucia.es\/ceiplainmaculada\/wp-json\/wp\/v2\/types\/page"}],"author":[{"embeddable":true,"href":"https:\/\/blogsaverroes.juntadeandalucia.es\/ceiplainmaculada\/wp-json\/wp\/v2\/users\/3031"}],"replies":[{"embeddable":true,"href":"https:\/\/blogsaverroes.juntadeandalucia.es\/ceiplainmaculada\/wp-json\/wp\/v2\/comments?post=4951"}],"version-history":[{"count":4,"href":"https:\/\/blogsaverroes.juntadeandalucia.es\/ceiplainmaculada\/wp-json\/wp\/v2\/pages\/4951\/revisions"}],"predecessor-version":[{"id":4961,"href":"https:\/\/blogsaverroes.juntadeandalucia.es\/ceiplainmaculada\/wp-json\/wp\/v2\/pages\/4951\/revisions\/4961"}],"wp:attachment":[{"href":"https:\/\/blogsaverroes.juntadeandalucia.es\/ceiplainmaculada\/wp-json\/wp\/v2\/media?parent=4951"}],"curies":[{"name":"wp","href":"https:\/\/api.w.org\/{rel}","templated":true}]}}