{"id":113,"date":"2015-03-16T08:06:00","date_gmt":"2015-03-16T08:06:00","guid":{"rendered":"http:\/\/blogsaverroes.juntadeandalucia.es\/pre\/ceip\/?page_id=113"},"modified":"2025-06-09T12:41:48","modified_gmt":"2025-06-09T12:41:48","slug":"biblioteca","status":"publish","type":"page","link":"https:\/\/blogsaverroes.juntadeandalucia.es\/ceiplainmaculadaelviso\/biblioteca\/","title":{"rendered":"Biblioteca"},"content":{"rendered":"<p>&nbsp;<\/p>\n<p><a title=\"Bibliotecas escolares\" href=\"http:\/\/www.juntadeandalucia.es\/educacion\/webportal\/web\/lecturas-y-bibliotecas-escolares\/bibliotecas-escolares\" target=\"_blank\" rel=\"noopener noreferrer\">Enlace al portal sobre las Bibliotecas Escolares.<\/a><\/p>\n<p><span style=\"color: #000000\">RECURSOS Y ACTIVIDADES DEL PROYECTO BIBLIOTECA DEL CENTRO:<\/span><\/p>\n<p>Actividades para trabajar la semana de Halloween:<\/p>\n<p><a href=\"https:\/\/youtu.be\/pL83g-wOPLU\"><span style=\"color: #0000ff\">https:\/\/youtu.be\/pL83g-wOPLU<\/span><\/a><\/p>\n<p><a href=\"https:\/\/blogsaverroes.juntadeandalucia.es\/ceiplainmaculadaelviso\/files\/2020\/12\/CUADERNILLO-MATE-HALLOWEEN-PDF.pdf\">CUADERNILLO-MATE-HALLOWEEN-PDF<\/a><\/p>\n<p><a href=\"https:\/\/blogsaverroes.juntadeandalucia.es\/ceiplainmaculadaelviso\/files\/2020\/12\/CUADERNO-ATENCION-HALLOWEEN.pdf\">CUADERNO-ATENCION-HALLOWEEN<\/a><\/p>\n<p><a href=\"https:\/\/blogsaverroes.juntadeandalucia.es\/ceiplainmaculadaelviso\/files\/2020\/12\/IMG-20201116-WA0024.jpg\"><img loading=\"lazy\" decoding=\"async\" class=\"aligncenter size-full wp-image-2410\" src=\"https:\/\/blogsaverroes.juntadeandalucia.es\/ceiplainmaculadaelviso\/files\/2020\/12\/IMG-20201116-WA0024.jpg\" alt=\"\" width=\"1061\" height=\"1149\" srcset=\"https:\/\/blogsaverroes.juntadeandalucia.es\/ceiplainmaculadaelviso\/files\/2020\/12\/IMG-20201116-WA0024.jpg 1061w, https:\/\/blogsaverroes.juntadeandalucia.es\/ceiplainmaculadaelviso\/files\/2020\/12\/IMG-20201116-WA0024-277x300.jpg 277w, https:\/\/blogsaverroes.juntadeandalucia.es\/ceiplainmaculadaelviso\/files\/2020\/12\/IMG-20201116-WA0024-946x1024.jpg 946w, https:\/\/blogsaverroes.juntadeandalucia.es\/ceiplainmaculadaelviso\/files\/2020\/12\/IMG-20201116-WA0024-768x832.jpg 768w, https:\/\/blogsaverroes.juntadeandalucia.es\/ceiplainmaculadaelviso\/files\/2020\/12\/IMG-20201116-WA0024-22x24.jpg 22w, https:\/\/blogsaverroes.juntadeandalucia.es\/ceiplainmaculadaelviso\/files\/2020\/12\/IMG-20201116-WA0024-33x36.jpg 33w, https:\/\/blogsaverroes.juntadeandalucia.es\/ceiplainmaculadaelviso\/files\/2020\/12\/IMG-20201116-WA0024-44x48.jpg 44w\" sizes=\"(max-width: 1061px) 100vw, 1061px\" \/><\/a><\/p>\n<p>&nbsp;<\/p>\n<p><a href=\"https:\/\/blogsaverroes.juntadeandalucia.es\/ceiplainmaculadaelviso\/files\/2020\/12\/IMG-20201116-WA0025.jpg\"><img loading=\"lazy\" decoding=\"async\" class=\"aligncenter size-full wp-image-2411\" src=\"https:\/\/blogsaverroes.juntadeandalucia.es\/ceiplainmaculadaelviso\/files\/2020\/12\/IMG-20201116-WA0025.jpg\" alt=\"\" width=\"970\" height=\"1057\" srcset=\"https:\/\/blogsaverroes.juntadeandalucia.es\/ceiplainmaculadaelviso\/files\/2020\/12\/IMG-20201116-WA0025.jpg 970w, https:\/\/blogsaverroes.juntadeandalucia.es\/ceiplainmaculadaelviso\/files\/2020\/12\/IMG-20201116-WA0025-275x300.jpg 275w, https:\/\/blogsaverroes.juntadeandalucia.es\/ceiplainmaculadaelviso\/files\/2020\/12\/IMG-20201116-WA0025-940x1024.jpg 940w, https:\/\/blogsaverroes.juntadeandalucia.es\/ceiplainmaculadaelviso\/files\/2020\/12\/IMG-20201116-WA0025-768x837.jpg 768w, https:\/\/blogsaverroes.juntadeandalucia.es\/ceiplainmaculadaelviso\/files\/2020\/12\/IMG-20201116-WA0025-22x24.jpg 22w, https:\/\/blogsaverroes.juntadeandalucia.es\/ceiplainmaculadaelviso\/files\/2020\/12\/IMG-20201116-WA0025-33x36.jpg 33w, https:\/\/blogsaverroes.juntadeandalucia.es\/ceiplainmaculadaelviso\/files\/2020\/12\/IMG-20201116-WA0025-44x48.jpg 44w\" sizes=\"(max-width: 970px) 100vw, 970px\" \/><\/a><\/p>\n<p><a href=\"https:\/\/blogsaverroes.juntadeandalucia.es\/ceiplainmaculadaelviso\/files\/2020\/12\/IMG-20201116-WA0026.jpg\"><img loading=\"lazy\" decoding=\"async\" class=\"aligncenter size-full wp-image-2412\" src=\"https:\/\/blogsaverroes.juntadeandalucia.es\/ceiplainmaculadaelviso\/files\/2020\/12\/IMG-20201116-WA0026.jpg\" alt=\"\" width=\"796\" height=\"1132\" srcset=\"https:\/\/blogsaverroes.juntadeandalucia.es\/ceiplainmaculadaelviso\/files\/2020\/12\/IMG-20201116-WA0026.jpg 796w, https:\/\/blogsaverroes.juntadeandalucia.es\/ceiplainmaculadaelviso\/files\/2020\/12\/IMG-20201116-WA0026-211x300.jpg 211w, https:\/\/blogsaverroes.juntadeandalucia.es\/ceiplainmaculadaelviso\/files\/2020\/12\/IMG-20201116-WA0026-720x1024.jpg 720w, https:\/\/blogsaverroes.juntadeandalucia.es\/ceiplainmaculadaelviso\/files\/2020\/12\/IMG-20201116-WA0026-768x1092.jpg 768w, https:\/\/blogsaverroes.juntadeandalucia.es\/ceiplainmaculadaelviso\/files\/2020\/12\/IMG-20201116-WA0026-17x24.jpg 17w, https:\/\/blogsaverroes.juntadeandalucia.es\/ceiplainmaculadaelviso\/files\/2020\/12\/IMG-20201116-WA0026-25x36.jpg 25w, https:\/\/blogsaverroes.juntadeandalucia.es\/ceiplainmaculadaelviso\/files\/2020\/12\/IMG-20201116-WA0026-34x48.jpg 34w\" sizes=\"(max-width: 796px) 100vw, 796px\" \/><\/a><\/p>\n<p><a href=\"https:\/\/blogsaverroes.juntadeandalucia.es\/ceiplainmaculadaelviso\/files\/2020\/12\/juego-memoria-halloween.pdf\">juego-memoria-halloween<\/a><\/p>\n<p><a href=\"https:\/\/blogsaverroes.juntadeandalucia.es\/ceiplainmaculadaelviso\/files\/2020\/12\/LECTOESCRITURA-HALLOWEEN-ACTIVIDADES-PDF.pdf\">LECTOESCRITURA-HALLOWEEN-ACTIVIDADES-PDF<\/a><\/p>\n<p><a href=\"https:\/\/blogsaverroes.juntadeandalucia.es\/ceiplainmaculadaelviso\/files\/2020\/12\/minihistorias-Halloween.pdf\">minihistorias-Halloween<\/a><\/p>\n<p>Actividades para trabajar la Navidad:<\/p>\n<p><a href=\"https:\/\/blogsaverroes.juntadeandalucia.es\/ceiplainmaculadaelviso\/files\/2020\/12\/Fichas-para-la-comprensi\u00f3n-lectora-El-\u00e1rbol-de-navidad.pdf\"><span style=\"color: #0000ff\">Fichas para la comprensi\u00f3n lectora-El \u00e1rbol de navidad<\/span><\/a><\/p>\n<p>Actividades generales:<\/p>\n<p><a href=\"https:\/\/blogsaverroes.juntadeandalucia.es\/ceiplainmaculadaelviso\/files\/2020\/12\/Lecturas-compresivas-color.pdf\"><span style=\"color: #0000ff\">Lecturas-compresivas-color<\/span><\/a><\/p>\n<p><a href=\"https:\/\/blogsaverroes.juntadeandalucia.es\/ceiplainmaculadaelviso\/files\/2020\/12\/60-actividades-de-comprension-lectora-para-peques.pdf\">60-actividades-de-comprension-lectora-para-peques<\/a><\/p>\n<p><a href=\"https:\/\/blogsaverroes.juntadeandalucia.es\/ceiplainmaculadaelviso\/files\/2020\/12\/Actividades-para-trabajar-la-memoria-sem\u00e1ntica.pdf\">Actividades-para-trabajar-la-memoria-sem\u00e1ntica<\/a><\/p>\n<p><a href=\"https:\/\/blogsaverroes.juntadeandalucia.es\/ceiplainmaculadaelviso\/files\/2020\/12\/comprension-lectora-instrucciones-colorear.pdf\">Comprensi\u00f3n-lectora-instrucciones-colorear<\/a><\/p>\n<p><a href=\"https:\/\/blogsaverroes.juntadeandalucia.es\/ceiplainmaculadaelviso\/files\/2020\/12\/orientacion-espacial-comprensi\u00f3n-lectora.pdf\">Orientaci\u00f3n-espacial-comprensi\u00f3n-lectora<\/a><\/p>\n<p>ACTIVIDADES&nbsp; PARA EL \u00abD\u00cdA DE LA LECTURA EN ANDALUC\u00cdA\u00bb:<\/p>\n<p>El pr\u00f3ximo 16 de diciembre cada ciclo realizar\u00e1 las siguientes actividades.<\/p>\n<p><a href=\"https:\/\/blogsaverroes.juntadeandalucia.es\/ceiplainmaculadaelviso\/files\/2020\/12\/IMG-20201213-WA0025.jpg\"><img loading=\"lazy\" decoding=\"async\" class=\"aligncenter size-full wp-image-2441\" src=\"https:\/\/blogsaverroes.juntadeandalucia.es\/ceiplainmaculadaelviso\/files\/2020\/12\/IMG-20201213-WA0025.jpg\" alt=\"\" width=\"1080\" height=\"1111\" srcset=\"https:\/\/blogsaverroes.juntadeandalucia.es\/ceiplainmaculadaelviso\/files\/2020\/12\/IMG-20201213-WA0025.jpg 1080w, https:\/\/blogsaverroes.juntadeandalucia.es\/ceiplainmaculadaelviso\/files\/2020\/12\/IMG-20201213-WA0025-292x300.jpg 292w, https:\/\/blogsaverroes.juntadeandalucia.es\/ceiplainmaculadaelviso\/files\/2020\/12\/IMG-20201213-WA0025-995x1024.jpg 995w, https:\/\/blogsaverroes.juntadeandalucia.es\/ceiplainmaculadaelviso\/files\/2020\/12\/IMG-20201213-WA0025-768x790.jpg 768w, https:\/\/blogsaverroes.juntadeandalucia.es\/ceiplainmaculadaelviso\/files\/2020\/12\/IMG-20201213-WA0025-24x24.jpg 24w, https:\/\/blogsaverroes.juntadeandalucia.es\/ceiplainmaculadaelviso\/files\/2020\/12\/IMG-20201213-WA0025-36x36.jpg 36w, https:\/\/blogsaverroes.juntadeandalucia.es\/ceiplainmaculadaelviso\/files\/2020\/12\/IMG-20201213-WA0025-48x48.jpg 48w\" sizes=\"(max-width: 1080px) 100vw, 1080px\" \/><\/a><\/p>\n<p><span style=\"color: #0000ff\"><a style=\"color: #0000ff\" href=\"https:\/\/blogsaverroes.juntadeandalucia.es\/ceiplainmaculadaelviso\/files\/2020\/12\/Biblioteca.pdf\">Biblioteca<\/a><\/span><\/p>\n<p>En la Biblioteca Escolar apostamos para que nuestro alumnado haga de la lectura un mundo apasionante de aprendizaje y diversi\u00f3n. Pero siempre a su medida.<\/p>\n<p>Es por ello, que compartimos que incluye los criterios para hacer una buena selecci\u00f3n del libro, en funci\u00f3n del nivel de aprendizaje lector y muchos ejemplos de los libros m\u00e1s fascinantes.<\/p>\n<p>Esperemos que sea de utilidad.<\/p>\n<p><a href=\"https:\/\/drive.google.com\/file\/d\/169xFiruCcwBeu8zAsEU8VAuMphpwFrpq\/view?usp=drive_link\">https:\/\/drive.google.com\/file\/d\/169xFiruCcwBeu8zAsEU8VAuMphpwFrpq\/view?usp=drive_link<\/a><\/p>\n<p>Desde la Biblioteca Escolar y el Programa CIMA nos hemos propuesto mejorar las habilidades escritas del alumnado de nuestro centro. Por lo que cada mes, trabajaremos un tipo de texto diferente.<\/p>\n<p>Es enero y toca \u00a1\u00a1LA F\u00c1BULA!!<a href=\"https:\/\/blogsaverroes.juntadeandalucia.es\/ceiplainmaculadaelviso\/files\/2025\/02\/LA-FABULA.jpg\"><img loading=\"lazy\" decoding=\"async\" class=\"aligncenter size-full wp-image-6573\" src=\"https:\/\/blogsaverroes.juntadeandalucia.es\/ceiplainmaculadaelviso\/files\/2025\/02\/LA-FABULA.jpg\" alt=\"\" width=\"800\" height=\"2000\" srcset=\"https:\/\/blogsaverroes.juntadeandalucia.es\/ceiplainmaculadaelviso\/files\/2025\/02\/LA-FABULA.jpg 640w, https:\/\/blogsaverroes.juntadeandalucia.es\/ceiplainmaculadaelviso\/files\/2025\/02\/LA-FABULA-120x300.jpg 120w, https:\/\/blogsaverroes.juntadeandalucia.es\/ceiplainmaculadaelviso\/files\/2025\/02\/LA-FABULA-410x1024.jpg 410w, https:\/\/blogsaverroes.juntadeandalucia.es\/ceiplainmaculadaelviso\/files\/2025\/02\/LA-FABULA-768x1920.jpg 768w, https:\/\/blogsaverroes.juntadeandalucia.es\/ceiplainmaculadaelviso\/files\/2025\/02\/LA-FABULA-614x1536.jpg 614w\" sizes=\"(max-width: 800px) 100vw, 800px\" \/><\/a><\/p>\n<p>Muchas veces nos encontramos en la situaci\u00f3n de compartir una lectura con nuestros hijos pero, \u00bfme limito s\u00f3lo a leer?, \u00bfle comento algo m\u00e1s?, \u00bfqu\u00e9 contenido destaco? o \u00bfqu\u00e9 debo se\u00f1alar?<\/p>\n<p>Por ello, desde la Biblioteca Escolar compartimos este documento que trata de aprovechar los momentos de LECTURA COMPARTIDA para hacer expl\u00edcitos conceptos relacionados con el LENGUAJE ESCRITO.<\/p>\n<p>Podr\u00e1n ver algunos ejemplos de comentarios y gestos que pueden acompa\u00f1ar a los momentos de lectura compartida.<\/p>\n<p>Estas referencias est\u00e1n basadas en el material propuesto por Ripoll, J; G\u00f3mez N. y \u00c1vila, V. en su libro \u201cAprender a ense\u00f1ar a leer y a escribir\u201d (2024)<\/p>\n<p><a href=\"https:\/\/drive.google.com\/file\/d\/1231LjDs-HdkQkrTKt_t-HTP4xuuxYVD8\/view?usp=drive_link\">https:\/\/drive.google.com\/file\/d\/1231LjDs-HdkQkrTKt_t-HTP4xuuxYVD8\/view?usp=drive_link<\/a><\/p>\n<p>Desde la Biblioteca Escolar de nuestro Colegio hemos animado una lectura propuesta por la Consejer\u00eda de Desarrollo Educativo sobre los s\u00edmbolos de la bandera de Andaluc\u00eda.<\/p>\n<p>Esperemos que disfrut\u00e9is con \u201cLas aventuras de Verde y Blanca\u201d.<\/p>\n<p><a href=\"https:\/\/drive.google.com\/file\/d\/1i3_MdBTwW2xhV00ke9TZ5UPVUX-SLITr\/view?usp=drive_link\">https:\/\/drive.google.com\/file\/d\/1i3_MdBTwW2xhV00ke9TZ5UPVUX-SLITr\/view?usp=drive_link<\/a><\/p>\n<p><em>ABECEDARIO DE MUJERES<\/em><\/p>\n<p><em>En nuestro colegio, el alumnado de 6\u00ba ha realizado un alfabeto que rinde homenaje a grandes mujeres de la historia que han contribuido a hacer del mundo un lugar mejor. <\/em><\/p>\n<p><em>Estos artistas han realizado la ilustraci\u00f3n y han contado su historia de la mano del libro \u201cCuentos de buenas noches para ni\u00f1as rebeldes\u201d. <\/em><\/p>\n<p><em>&nbsp;<\/em><\/p>\n<p><em>Pulsa sobre el enlace para visualizarlo. <\/em><\/p>\n<p><a href=\"https:\/\/www.canva.com\/design\/DAGmA2E9gzA\/p6739xSI3-lUn5fhjDWmrw\/edit?utm_content=DAGmA2E9gzA&amp;utm_campaign=designshare&amp;utm_medium=link2&amp;utm_source=sharebutton\">https:\/\/www.canva.com\/design\/DAGmA2E9gzA\/p6739xSI3-lUn5fhjDWmrw\/edit?utm_content=DAGmA2E9gzA&amp;utm_campaign=designshare&amp;utm_medium=link2&amp;utm_source=sharebutton<\/a><\/p>\n<p>EXCURSI\u00d3N A C\u00d3RDOBA<\/p>\n<p>Conoce nuestra experiencia en C\u00f3rdoba contada por nosotr@s, el alumnado de 6\u00baEP.<\/p>\n<p>Puedes pulsar sobre el enlace o visualizar la infograf\u00eda.<\/p>\n<p><a href=\"https:\/\/www.canva.com\/design\/DAGmrXk_lZo\/LiPiTaHlyynfmSEYM9bqPQ\/edit?utm_content=DAGmrXk_lZo&amp;utm_campaign=designshare&amp;utm_medium=link2&amp;utm_source=sharebutton\">https:\/\/www.canva.com\/design\/DAGmrXk_lZo\/LiPiTaHlyynfmSEYM9bqPQ\/edit?utm_content=DAGmrXk_lZo&amp;utm_campaign=designshare&amp;utm_medium=link2&amp;utm_source=sharebutton<\/a><\/p>\n<p><em>Desde la Biblioteca Escolar y el Programa CIMA hemos hecho propuestas para mejorar las habilidades escritas del alumnado de nuestro centro. Despu\u00e9s de la f\u00e1bula, fue el turno de los textos instructivos, m\u00e1s concretamente, de la \u00a1\u00a1RECETA!! <\/em><\/p>\n<p><em>Pulsa sobre el enlace para acceder a ella o visualiza la infograf\u00eda. <\/em><\/p>\n<p><a href=\"https:\/\/www.canva.com\/design\/DAGhh7Ybukc\/ncPy7ylCjvuo7-9ekWuNsQ\/edit?utm_content=DAGhh7Ybukc&amp;utm_campaign=designshare&amp;utm_medium=link2&amp;utm_source=sharebutton\">https:\/\/www.canva.com\/design\/DAGhh7Ybukc\/ncPy7ylCjvuo7-9ekWuNsQ\/edit?utm_content=DAGhh7Ybukc&amp;utm_campaign=designshare&amp;utm_medium=link2&amp;utm_source=sharebutton<\/a><\/p>\n<p>La semana pasada tuvimos la suerte de disfrutar de las Jornadas de \u201cArte Callejero en el Recreo\u201d. Un acercamiento a la literatura de la mano del alumnado de nuestro colegio.<\/p>\n<p>Pulsa sobre el enlace para descubrir m\u00e1s.<\/p>\n<p><a href=\"https:\/\/www.canva.com\/design\/DAGovx9XF1U\/CCHsmXN2hzTeVXTTkqYg-A\/edit?utm_content=DAGovx9XF1U&amp;utm_campaign=designshare&amp;utm_medium=link2&amp;utm_source=sharebutton\">https:\/\/www.canva.com\/design\/DAGovx9XF1U\/CCHsmXN2hzTeVXTTkqYg-A\/edit?utm_content=DAGovx9XF1U&amp;utm_campaign=designshare&amp;utm_medium=link2&amp;utm_source=sharebutton<\/a><\/p>\n","protected":false},"excerpt":{"rendered":"<p>&nbsp; Enlace al portal sobre las Bibliotecas Escolares. RECURSOS Y ACTIVIDADES DEL PROYECTO BIBLIOTECA DEL CENTRO: Actividades para trabajar la semana de Halloween: https:\/\/youtu.be\/pL83g-wOPLU CUADERNILLO-MATE-HALLOWEEN-PDF CUADERNO-ATENCION-HALLOWEEN &nbsp; juego-memoria-halloween LECTOESCRITURA-HALLOWEEN-ACTIVIDADES-PDF minihistorias-Halloween Actividades para trabajar la&#46;&#46;&#46;<\/p>\n","protected":false},"author":1,"featured_media":0,"parent":0,"menu_order":0,"comment_status":"closed","ping_status":"open","template":"","meta":{"ngg_post_thumbnail":0,"footnotes":"","_mc_calendar":[]},"aioseo_notices":[],"_links":{"self":[{"href":"https:\/\/blogsaverroes.juntadeandalucia.es\/ceiplainmaculadaelviso\/wp-json\/wp\/v2\/pages\/113"}],"collection":[{"href":"https:\/\/blogsaverroes.juntadeandalucia.es\/ceiplainmaculadaelviso\/wp-json\/wp\/v2\/pages"}],"about":[{"href":"https:\/\/blogsaverroes.juntadeandalucia.es\/ceiplainmaculadaelviso\/wp-json\/wp\/v2\/types\/page"}],"author":[{"embeddable":true,"href":"https:\/\/blogsaverroes.juntadeandalucia.es\/ceiplainmaculadaelviso\/wp-json\/wp\/v2\/users\/1"}],"replies":[{"embeddable":true,"href":"https:\/\/blogsaverroes.juntadeandalucia.es\/ceiplainmaculadaelviso\/wp-json\/wp\/v2\/comments?post=113"}],"version-history":[{"count":24,"href":"https:\/\/blogsaverroes.juntadeandalucia.es\/ceiplainmaculadaelviso\/wp-json\/wp\/v2\/pages\/113\/revisions"}],"predecessor-version":[{"id":7588,"href":"https:\/\/blogsaverroes.juntadeandalucia.es\/ceiplainmaculadaelviso\/wp-json\/wp\/v2\/pages\/113\/revisions\/7588"}],"wp:attachment":[{"href":"https:\/\/blogsaverroes.juntadeandalucia.es\/ceiplainmaculadaelviso\/wp-json\/wp\/v2\/media?parent=113"}],"curies":[{"name":"wp","href":"https:\/\/api.w.org\/{rel}","templated":true}]}}