{"id":2303,"date":"2020-11-24T21:06:58","date_gmt":"2020-11-24T21:06:58","guid":{"rendered":"https:\/\/blogsaverroes.juntadeandalucia.es\/ceiplainmaculadaelviso\/?page_id=2303"},"modified":"2020-12-05T12:19:05","modified_gmt":"2020-12-05T12:19:05","slug":"inicio","status":"publish","type":"page","link":"https:\/\/blogsaverroes.juntadeandalucia.es\/ceiplainmaculadaelviso\/inicio\/","title":{"rendered":"Inicio"},"content":{"rendered":"<h2><strong>WEB DEL CEIP LA INMACULADA<\/strong><\/h2>\n<h3>BIENVENIDOS Y BIENVENIDAS A LA P\u00c1GINA WEB DEL CEIP LA INMACULADA DEL VISO.<\/h3>\n<p>A trav\u00e9s de la p\u00e1gina WEB podr\u00e9is acceder a toda la info del cole y de la comunidad educativa.<\/p>\n<p>Os recomendamos que visit\u00e9is la pesta\u00f1a de novedades y la p\u00e1gina de Facebook del AMPA, donde podr\u00e9is acceder a las \u00faltimas noticias e informaciones relevantes de nuestro entorno. Navegando por la Web, en la parte superior derecha, encontrar\u00e9is el icono para acceder al Facebook o directamente pinchando <a href=\"https:\/\/www.facebook.com\/AMPA-Antonio-Machado-El-Viso-104028418209820\"><span style=\"color: #0000ff\">aqu\u00ed<\/span><\/a>.<\/p>\n","protected":false},"excerpt":{"rendered":"<p>WEB DEL CEIP LA INMACULADA BIENVENIDOS Y BIENVENIDAS A LA P\u00c1GINA WEB DEL CEIP LA INMACULADA DEL VISO. A trav\u00e9s de la p\u00e1gina WEB podr\u00e9is acceder a toda la info del cole y de&#46;&#46;&#46;<\/p>\n","protected":false},"author":11087,"featured_media":0,"parent":0,"menu_order":0,"comment_status":"closed","ping_status":"closed","template":"page-c.php","meta":{"ngg_post_thumbnail":0,"footnotes":"","_mc_calendar":[]},"aioseo_notices":[],"_links":{"self":[{"href":"https:\/\/blogsaverroes.juntadeandalucia.es\/ceiplainmaculadaelviso\/wp-json\/wp\/v2\/pages\/2303"}],"collection":[{"href":"https:\/\/blogsaverroes.juntadeandalucia.es\/ceiplainmaculadaelviso\/wp-json\/wp\/v2\/pages"}],"about":[{"href":"https:\/\/blogsaverroes.juntadeandalucia.es\/ceiplainmaculadaelviso\/wp-json\/wp\/v2\/types\/page"}],"author":[{"embeddable":true,"href":"https:\/\/blogsaverroes.juntadeandalucia.es\/ceiplainmaculadaelviso\/wp-json\/wp\/v2\/users\/11087"}],"replies":[{"embeddable":true,"href":"https:\/\/blogsaverroes.juntadeandalucia.es\/ceiplainmaculadaelviso\/wp-json\/wp\/v2\/comments?post=2303"}],"version-history":[{"count":3,"href":"https:\/\/blogsaverroes.juntadeandalucia.es\/ceiplainmaculadaelviso\/wp-json\/wp\/v2\/pages\/2303\/revisions"}],"predecessor-version":[{"id":2424,"href":"https:\/\/blogsaverroes.juntadeandalucia.es\/ceiplainmaculadaelviso\/wp-json\/wp\/v2\/pages\/2303\/revisions\/2424"}],"wp:attachment":[{"href":"https:\/\/blogsaverroes.juntadeandalucia.es\/ceiplainmaculadaelviso\/wp-json\/wp\/v2\/media?parent=2303"}],"curies":[{"name":"wp","href":"https:\/\/api.w.org\/{rel}","templated":true}]}}

<h2><strong>WEB DEL CEIP LA INMACULADA</strong></h2>
<h3>BIENVENIDOS Y BIENVENIDAS A LA PÁGINA WEB DEL CEIP LA INMACULADA DEL VISO.</h3>
<p>A través de la página WEB podréis acceder a toda la info del cole y de la comunidad educativa.</p>
<p>Os recomendamos que visitéis la pestaña de novedades y la página de Facebook del AMPA, donde podréis acceder a las últimas noticias e informaciones relevantes de nuestro entorno. Navegando por la Web, en la parte superior derecha, encontraréis el icono para acceder al Facebook o directamente pinchando <a href="https://www.facebook.com/AMPA-Antonio-Machado-El-Viso-104028418209820"><span style="color: #0000ff">aquí</span></a>.</p>

<p>WEB DEL CEIP LA INMACULADA BIENVENIDOS Y BIENVENIDAS A LA PÁGINA WEB DEL CEIP LA INMACULADA DEL VISO. A través de la página WEB podréis acceder a toda la info del cole y de&#46;&#46;&#46;</p>
