{"id":2365,"date":"2020-11-29T20:02:43","date_gmt":"2020-11-29T20:02:43","guid":{"rendered":"https:\/\/blogsaverroes.juntadeandalucia.es\/ceiplainmaculadaelviso\/?page_id=2365"},"modified":"2022-11-07T12:25:31","modified_gmt":"2022-11-07T12:25:31","slug":"recursos-generales-2","status":"publish","type":"page","link":"https:\/\/blogsaverroes.juntadeandalucia.es\/ceiplainmaculadaelviso\/recursos-generales-2\/","title":{"rendered":"Recursos Educativos abiertos (REA)"},"content":{"rendered":"<p><span style=\"color: #0000ff\"><a style=\"color: #0000ff\" href=\"https:\/\/www.facebook.com\/595965577502217\/posts\/1128541644244605\/?sfnsn=scwspmo\">https:\/\/www.facebook.com\/595965577502217\/posts\/1128541644244605\/?sfnsn=scwspmo<\/a><\/span><\/p>\n<p>Pasapalabra coeducativo<\/p>\n<p><span style=\"color: #0000ff\"><a style=\"color: #0000ff\" href=\"http:\/\/www3.gobiernodecanarias.org\/medusa\/contenidosdigitales\/elijolapalabra\/\">http:\/\/www3.gobiernodecanarias.org\/medusa\/contenidosdigitales\/elijolapalabra\/<\/a><\/span><\/p>\n<p>Villa flamenco<\/p>\n<p><a href=\"https:\/\/jose-alberto-amador.itch.io\/villa-flamenco\"><span style=\"color: #0000ff\">https:\/\/jose-alberto-amador.itch.io\/villa-flamenco<\/span><\/a><\/p>\n<p>Pasapalabra Constituci\u00f3n&nbsp;<\/p>\n<p><a href=\"https:\/\/view.genial.ly\/5fb8081ac48a490d2894dfcd\/game-pasapalabra-constitucion\"><span style=\"color: #0000ff\">https:\/\/view.genial.ly\/5fb8081ac48a490dfcd\/game-pasapalabra-constitucion<\/span><\/a><\/p>\n<p>Cuento para el d\u00eda de la constituci\u00f3n<\/p>\n<p><a href=\"https:\/\/view.genial.ly\/5fb8ff6d9e845a12b6ece5ac\/presentation-cuento-para-el-dia-de-la-constitucion\"><span style=\"color: #0000ff\">https:\/\/view.genial.ly\/5fb8ff6d9e845a12b6ece5ac\/presentation-cuento-para-el-dia-de-la-constitucion<\/span><\/a><\/p>\n<p><span style=\"color: #0000ff\"><a style=\"color: #0000ff\" href=\"https:\/\/blogsaverroes.juntadeandalucia.es\/ceiplainmaculadaelviso\/files\/2020\/12\/La-constituci\u00f3n-espa\u00f1ola-para-ni\u00f1os.pdf\">La constituci\u00f3n espa\u00f1ola para ni\u00f1os<\/a><\/span><\/p>\n<p>&nbsp;<\/p>\n<p>&nbsp;<\/p>\n","protected":false},"excerpt":{"rendered":"<p>https:\/\/www.facebook.com\/595965577502217\/posts\/1128541644244605\/?sfnsn=scwspmo Pasapalabra coeducativo http:\/\/www3.gobiernodecanarias.org\/medusa\/contenidosdigitales\/elijolapalabra\/ Villa flamenco https:\/\/jose-alberto-amador.itch.io\/villa-flamenco Pasapalabra Constituci\u00f3n&nbsp; https:\/\/view.genial.ly\/5fb8081ac48a490dfcd\/game-pasapalabra-constitucion Cuento para el d\u00eda de la constituci\u00f3n https:\/\/view.genial.ly\/5fb8ff6d9e845a12b6ece5ac\/presentation-cuento-para-el-dia-de-la-constitucion La constituci\u00f3n espa\u00f1ola para ni\u00f1os &nbsp; &nbsp;<\/p>\n","protected":false},"author":11087,"featured_media":0,"parent":0,"menu_order":0,"comment_status":"closed","ping_status":"closed","template":"","meta":{"ngg_post_thumbnail":0,"footnotes":"","_mc_calendar":[]},"aioseo_notices":[],"_links":{"self":[{"href":"https:\/\/blogsaverroes.juntadeandalucia.es\/ceiplainmaculadaelviso\/wp-json\/wp\/v2\/pages\/2365"}],"collection":[{"href":"https:\/\/blogsaverroes.juntadeandalucia.es\/ceiplainmaculadaelviso\/wp-json\/wp\/v2\/pages"}],"about":[{"href":"https:\/\/blogsaverroes.juntadeandalucia.es\/ceiplainmaculadaelviso\/wp-json\/wp\/v2\/types\/page"}],"author":[{"embeddable":true,"href":"https:\/\/blogsaverroes.juntadeandalucia.es\/ceiplainmaculadaelviso\/wp-json\/wp\/v2\/users\/11087"}],"replies":[{"embeddable":true,"href":"https:\/\/blogsaverroes.juntadeandalucia.es\/ceiplainmaculadaelviso\/wp-json\/wp\/v2\/comments?post=2365"}],"version-history":[{"count":9,"href":"https:\/\/blogsaverroes.juntadeandalucia.es\/ceiplainmaculadaelviso\/wp-json\/wp\/v2\/pages\/2365\/revisions"}],"predecessor-version":[{"id":3593,"href":"https:\/\/blogsaverroes.juntadeandalucia.es\/ceiplainmaculadaelviso\/wp-json\/wp\/v2\/pages\/2365\/revisions\/3593"}],"wp:attachment":[{"href":"https:\/\/blogsaverroes.juntadeandalucia.es\/ceiplainmaculadaelviso\/wp-json\/wp\/v2\/media?parent=2365"}],"curies":[{"name":"wp","href":"https:\/\/api.w.org\/{rel}","templated":true}]}}

<p><span style="color: #0000ff"><a style="color: #0000ff" href="https://www.facebook.com/595965577502217/posts/1128541644244605/?sfnsn=scwspmo">https://www.facebook.com/595965577502217/posts/1128541644244605/?sfnsn=scwspmo</a></span></p>
<p>Pasapalabra coeducativo</p>
<p><span style="color: #0000ff"><a style="color: #0000ff" href="http://www3.gobiernodecanarias.org/medusa/contenidosdigitales/elijolapalabra/">http://www3.gobiernodecanarias.org/medusa/contenidosdigitales/elijolapalabra/</a></span></p>
<p>Villa flamenco</p>
<p><a href="https://jose-alberto-amador.itch.io/villa-flamenco"><span style="color: #0000ff">https://jose-alberto-amador.itch.io/villa-flamenco</span></a></p>
<p>Pasapalabra Constitución&nbsp;</p>
<p><a href="https://view.genial.ly/5fb8081ac48a490d2894dfcd/game-pasapalabra-constitucion"><span style="color: #0000ff">https://view.genial.ly/5fb8081ac48a490dfcd/game-pasapalabra-constitucion</span></a></p>
<p>Cuento para el día de la constitución</p>
<p><a href="https://view.genial.ly/5fb8ff6d9e845a12b6ece5ac/presentation-cuento-para-el-dia-de-la-constitucion"><span style="color: #0000ff">https://view.genial.ly/5fb8ff6d9e845a12b6ece5ac/presentation-cuento-para-el-dia-de-la-constitucion</span></a></p>
<p><span style="color: #0000ff"><a style="color: #0000ff" href="https://blogsaverroes.juntadeandalucia.es/ceiplainmaculadaelviso/files/2020/12/La-constitución-española-para-niños.pdf">La constitución española para niños</a></span></p>
<p>&nbsp;</p>
<p>&nbsp;</p>

<p>https://www.facebook.com/595965577502217/posts/1128541644244605/?sfnsn=scwspmo Pasapalabra coeducativo http://www3.gobiernodecanarias.org/medusa/contenidosdigitales/elijolapalabra/ Villa flamenco https://jose-alberto-amador.itch.io/villa-flamenco Pasapalabra Constitución&nbsp; https://view.genial.ly/5fb8081ac48a490dfcd/game-pasapalabra-constitucion Cuento para el día de la constitución https://view.genial.ly/5fb8ff6d9e845a12b6ece5ac/presentation-cuento-para-el-dia-de-la-constitucion La constitución española para niños &nbsp; &nbsp;</p>
