{"id":853,"date":"2020-12-18T08:50:47","date_gmt":"2020-12-18T07:50:47","guid":{"rendered":"https:\/\/blogsaverroes.juntadeandalucia.es\/pre\/plantilla-pencil\/?page_id=853"},"modified":"2025-09-28T10:09:55","modified_gmt":"2025-09-28T09:09:55","slug":"nuestra-historia","status":"publish","type":"page","link":"https:\/\/blogsaverroes.juntadeandalucia.es\/ceiplajarilla\/nuestra-historia\/","title":{"rendered":"Descripci\u00f3n"},"content":{"rendered":"<p>[et_pb_section fb_built=&#8221;1&#8243; _builder_version=&#8221;4.16&#8243; global_colors_info=&#8221;{}&#8221;][et_pb_row _builder_version=&#8221;4.16&#8243; background_size=&#8221;initial&#8221; background_position=&#8221;top_left&#8221; background_repeat=&#8221;repeat&#8221; global_colors_info=&#8221;{}&#8221;][et_pb_column type=&#8221;4_4&#8243; _builder_version=&#8221;4.16&#8243; custom_padding=&#8221;|||&#8221; global_colors_info=&#8221;{}&#8221; custom_padding__hover=&#8221;|||&#8221;][et_pb_image src=&#8221;https:\/\/blogsaverroes.juntadeandalucia.es\/ceiplajarilla\/files\/2020\/02\/elcentro.png&#8221; title_text=&#8221;elcentro&#8221; admin_label=&#8221;Imagen de la portada&#8221; _builder_version=&#8221;4.16&#8243; z_index_tablet=&#8221;500&#8243; box_shadow_horizontal_tablet=&#8221;0px&#8221; box_shadow_vertical_tablet=&#8221;0px&#8221; box_shadow_blur_tablet=&#8221;40px&#8221; box_shadow_spread_tablet=&#8221;0px&#8221; global_colors_info=&#8221;{}&#8221;][\/et_pb_image][et_pb_text admin_label=&#8221;Texto descriptivo&#8221; _builder_version=&#8221;4.24.2&#8243; hover_enabled=&#8221;0&#8243; z_index_tablet=&#8221;500&#8243; text_text_shadow_horizontal_length_tablet=&#8221;0px&#8221; text_text_shadow_vertical_length_tablet=&#8221;0px&#8221; text_text_shadow_blur_strength_tablet=&#8221;1px&#8221; link_text_shadow_horizontal_length_tablet=&#8221;0px&#8221; link_text_shadow_vertical_length_tablet=&#8221;0px&#8221; link_text_shadow_blur_strength_tablet=&#8221;1px&#8221; ul_text_shadow_horizontal_length_tablet=&#8221;0px&#8221; ul_text_shadow_vertical_length_tablet=&#8221;0px&#8221; ul_text_shadow_blur_strength_tablet=&#8221;1px&#8221; ol_text_shadow_horizontal_length_tablet=&#8221;0px&#8221; ol_text_shadow_vertical_length_tablet=&#8221;0px&#8221; ol_text_shadow_blur_strength_tablet=&#8221;1px&#8221; quote_text_shadow_horizontal_length_tablet=&#8221;0px&#8221; quote_text_shadow_vertical_length_tablet=&#8221;0px&#8221; quote_text_shadow_blur_strength_tablet=&#8221;1px&#8221; header_text_shadow_horizontal_length_tablet=&#8221;0px&#8221; header_text_shadow_vertical_length_tablet=&#8221;0px&#8221; header_text_shadow_blur_strength_tablet=&#8221;1px&#8221; header_2_text_shadow_horizontal_length_tablet=&#8221;0px&#8221; header_2_text_shadow_vertical_length_tablet=&#8221;0px&#8221; header_2_text_shadow_blur_strength_tablet=&#8221;1px&#8221; header_3_text_shadow_horizontal_length_tablet=&#8221;0px&#8221; header_3_text_shadow_vertical_length_tablet=&#8221;0px&#8221; header_3_text_shadow_blur_strength_tablet=&#8221;1px&#8221; header_4_text_shadow_horizontal_length_tablet=&#8221;0px&#8221; header_4_text_shadow_vertical_length_tablet=&#8221;0px&#8221; header_4_text_shadow_blur_strength_tablet=&#8221;1px&#8221; header_5_text_shadow_horizontal_length_tablet=&#8221;0px&#8221; header_5_text_shadow_vertical_length_tablet=&#8221;0px&#8221; header_5_text_shadow_blur_strength_tablet=&#8221;1px&#8221; header_6_text_shadow_horizontal_length_tablet=&#8221;0px&#8221; header_6_text_shadow_vertical_length_tablet=&#8221;0px&#8221; header_6_text_shadow_blur_strength_tablet=&#8221;1px&#8221; box_shadow_horizontal_tablet=&#8221;0px&#8221; box_shadow_vertical_tablet=&#8221;0px&#8221; box_shadow_blur_tablet=&#8221;40px&#8221; box_shadow_spread_tablet=&#8221;0px&#8221; global_colors_info=&#8221;{}&#8221; sticky_enabled=&#8221;0&#8243;]<\/p>\n<h2>&nbsp;<\/h2>\n<h6><span style=\"color: #808080\">EL CEIP La Jarilla es un centro de infantil y primaria situado en la localidad de Hu\u00e9rcal de Almer\u00eda, concretamente en el barrio de Villa In\u00e9s. Es un centro con denominaci\u00f3n C-3, ya que se construy\u00f3 para tres l\u00edneas educativas por nivel, si bien la realidad ha hecho modificar esta situaci\u00f3n en funci\u00f3n de la matriculaci\u00f3n del alumnado cada a\u00f1o.&nbsp;<\/span><\/h6>\n<p><span style=\"color: #808080\">En el curso 2025\/26 cuenta con una matr\u00edcula de 478 alumnos\/as distribuidos en los cursos de Infantil, Primaria, un aula espec\u00edfica y otra TEA.&nbsp;<\/span><\/p>\n<p><span style=\"color: #808080\">El alumnado es atendido por una plantilla de 35 maestros\/as.&nbsp;<\/span><\/p>\n<p><span style=\"color: #808080\"><b>El equipo directivo est\u00e1 formado por:<\/b>&nbsp;<\/span><\/p>\n<p><span style=\"color: #808080\"><b>Director:<\/b>\u202fSusana Candelario Madue\u00f1o&nbsp;<\/span><br \/><span style=\"color: #808080\"><b>Jefa de estudios:<\/b>\u202fAdelina Garc\u00eda Aguilera&nbsp;<\/span><br \/><span style=\"color: #808080\"><b>Secretario:<\/b>\u202fTeresa Rom\u00e1n Torres&nbsp;<\/span><\/p>\n<p><span style=\"color: #808080\">Otro personal no docente con el que cuenta el colegio es conserje, monitora escolar con funciones de auxiliar administrativo y dos monitores (PTIS) de las aulas TEA y de Educaci\u00f3n Especial.&nbsp;<\/span><\/p>\n<p><span style=\"color: #808080\"><b>El centro cuenta con los servicios del Plan de Apertura de Centros:<\/b>&nbsp;<\/span><\/p>\n<p><span style=\"color: #808080\"><b>Aula Matinal:<\/b>\u202f210 plazas&nbsp;<\/span><br \/><span style=\"color: #808080\"><b>Comedor:<\/b>\u202f260 plazas&nbsp;<\/span><br \/><span style=\"color: #808080\"><b>Actividades Extraescolares<\/b>&nbsp;<\/span><\/p>\n<p><span style=\"color: #808080\"><b>Atenci\u00f3n a las familias:<\/b>&nbsp;<\/span><\/p>\n<p><span style=\"color: #808080\"><b>Secretar\u00eda lunes a viernes de 09:30 a 11:30 horas<\/b>&nbsp;<\/span><br \/><span style=\"color: #808080\"><b>Tutor\u00edas: Lunes de 16:00 a 17:00 horas.<\/b>&nbsp;<\/span><\/p>\n<p><span style=\"color: #808080\">El centro cuenta con la implantaci\u00f3n de la plataforma PASEN para las comunicaciones familia-centro y centro-familia.&nbsp;<\/span><\/p>\n<p><span style=\"color: #808080\"><b>Datos de contacto:<\/b>&nbsp;<\/span><\/p>\n<p><span style=\"color: #808080\">CEIP La Jarilla&nbsp;<\/span><br \/><span style=\"color: #808080\">C\/ R\u00edo Duero, 1B&nbsp;<\/span><br \/><span style=\"color: #808080\">04230 Hu\u00e9rcal de Almer\u00eda&nbsp;<\/span><br \/><span style=\"color: #808080\"><b>Tlf.:<\/b>\u202f950156914&nbsp;<\/span><br \/><b><span data-contrast=\"auto\">Email:<\/span><\/b><span data-contrast=\"auto\">\u202f<\/span><a href=\"mailto:04006173.administracion.edu@juntadeandalucia.es\"><span data-contrast=\"none\">04006173.administracion.edu@juntadeandalucia.es<\/span><\/a><span data-ccp-props=\"{}\">&nbsp;<\/span><\/p>\n<p>[\/et_pb_text][et_pb_code _builder_version=&#8221;4.24.2&#8243; _module_preset=&#8221;default&#8221; text_orientation=&#8221;center&#8221; module_alignment=&#8221;center&#8221; global_colors_info=&#8221;{}&#8221;]<iframe loading=\"lazy\" src=\"https:\/\/www.google.com\/maps\/embed?pb=!1m18!1m12!1m3!1d12767.1864167793!2d-2.4520609409681238!3d36.87128705137608!2m3!1f0!2f0!3f0!3m2!1i1024!2i768!4f13.1!3m3!1m2!1s0xd7a9e334f51a417%3A0xebca1a465a51f4fc!2sCEIP%20La%20Jarilla!5e0!3m2!1ses!2ses!4v1729099404849!5m2!1ses!2ses\" width=\"400\" height=\"300\"><\/iframe>[\/et_pb_code][\/et_pb_column][\/et_pb_row][et_pb_row column_structure=&#8221;1_3,1_3,1_3&#8243; _builder_version=&#8221;4.16&#8243; background_size=&#8221;initial&#8221; background_position=&#8221;top_left&#8221; background_repeat=&#8221;repeat&#8221; global_colors_info=&#8221;{}&#8221;][et_pb_column type=&#8221;1_3&#8243; _builder_version=&#8221;4.16&#8243; custom_padding=&#8221;|||&#8221; global_colors_info=&#8221;{}&#8221; custom_padding__hover=&#8221;|||&#8221;][\/et_pb_column][et_pb_column type=&#8221;1_3&#8243; _builder_version=&#8221;4.16&#8243; custom_padding=&#8221;|||&#8221; global_colors_info=&#8221;{}&#8221; custom_padding__hover=&#8221;|||&#8221;][\/et_pb_column][et_pb_column type=&#8221;1_3&#8243; _builder_version=&#8221;4.16&#8243; custom_padding=&#8221;|||&#8221; global_colors_info=&#8221;{}&#8221; custom_padding__hover=&#8221;|||&#8221;][\/et_pb_column][\/et_pb_row][\/et_pb_section]<\/p>\n","protected":false},"excerpt":{"rendered":"<p>&nbsp; EL CEIP La Jarilla es un centro de infantil y primaria situado en la localidad de Hu\u00e9rcal de Almer\u00eda, concretamente en el barrio de Villa In\u00e9s. Es un centro con denominaci\u00f3n C-3, ya que se construy\u00f3 para tres l\u00edneas educativas por nivel, si bien la realidad ha hecho modificar esta situaci\u00f3n en funci\u00f3n de [&hellip;]<\/p>\n","protected":false},"author":7051,"featured_media":0,"parent":0,"menu_order":0,"comment_status":"closed","ping_status":"closed","template":"","meta":{"_et_pb_use_builder":"on","_et_pb_old_content":"","_et_gb_content_width":"","ngg_post_thumbnail":0,"footnotes":""},"aioseo_notices":[],"_links":{"self":[{"href":"https:\/\/blogsaverroes.juntadeandalucia.es\/ceiplajarilla\/wp-json\/wp\/v2\/pages\/853"}],"collection":[{"href":"https:\/\/blogsaverroes.juntadeandalucia.es\/ceiplajarilla\/wp-json\/wp\/v2\/pages"}],"about":[{"href":"https:\/\/blogsaverroes.juntadeandalucia.es\/ceiplajarilla\/wp-json\/wp\/v2\/types\/page"}],"author":[{"embeddable":true,"href":"https:\/\/blogsaverroes.juntadeandalucia.es\/ceiplajarilla\/wp-json\/wp\/v2\/users\/7051"}],"replies":[{"embeddable":true,"href":"https:\/\/blogsaverroes.juntadeandalucia.es\/ceiplajarilla\/wp-json\/wp\/v2\/comments?post=853"}],"version-history":[{"count":12,"href":"https:\/\/blogsaverroes.juntadeandalucia.es\/ceiplajarilla\/wp-json\/wp\/v2\/pages\/853\/revisions"}],"predecessor-version":[{"id":2154,"href":"https:\/\/blogsaverroes.juntadeandalucia.es\/ceiplajarilla\/wp-json\/wp\/v2\/pages\/853\/revisions\/2154"}],"wp:attachment":[{"href":"https:\/\/blogsaverroes.juntadeandalucia.es\/ceiplajarilla\/wp-json\/wp\/v2\/media?parent=853"}],"curies":[{"name":"wp","href":"https:\/\/api.w.org\/{rel}","templated":true}]}}

Descripción

<p>[et_pb_section fb_built=&#8221;1&#8243; _builder_version=&#8221;4.16&#8243; global_colors_info=&#8221;{}&#8221;][et_pb_row _builder_version=&#8221;4.16&#8243; background_size=&#8221;initial&#8221; background_position=&#8221;top_left&#8221; background_repeat=&#8221;repeat&#8221; global_colors_info=&#8221;{}&#8221;][et_pb_column type=&#8221;4_4&#8243; _builder_version=&#8221;4.16&#8243; custom_padding=&#8221;|||&#8221; global_colors_info=&#8221;{}&#8221; custom_padding__hover=&#8221;|||&#8221;][et_pb_image src=&#8221;https://blogsaverroes.juntadeandalucia.es/ceiplajarilla/files/2020/02/elcentro.png&#8221; title_text=&#8221;elcentro&#8221; admin_label=&#8221;Imagen de la portada&#8221; _builder_version=&#8221;4.16&#8243; z_index_tablet=&#8221;500&#8243; box_shadow_horizontal_tablet=&#8221;0px&#8221; box_shadow_vertical_tablet=&#8221;0px&#8221; box_shadow_blur_tablet=&#8221;40px&#8221; box_shadow_spread_tablet=&#8221;0px&#8221; global_colors_info=&#8221;{}&#8221;][/et_pb_image][et_pb_text admin_label=&#8221;Texto descriptivo&#8221; _builder_version=&#8221;4.24.2&#8243; hover_enabled=&#8221;0&#8243; z_index_tablet=&#8221;500&#8243; text_text_shadow_horizontal_length_tablet=&#8221;0px&#8221; text_text_shadow_vertical_length_tablet=&#8221;0px&#8221; text_text_shadow_blur_strength_tablet=&#8221;1px&#8221; link_text_shadow_horizontal_length_tablet=&#8221;0px&#8221; link_text_shadow_vertical_length_tablet=&#8221;0px&#8221; link_text_shadow_blur_strength_tablet=&#8221;1px&#8221; ul_text_shadow_horizontal_length_tablet=&#8221;0px&#8221; ul_text_shadow_vertical_length_tablet=&#8221;0px&#8221; ul_text_shadow_blur_strength_tablet=&#8221;1px&#8221; ol_text_shadow_horizontal_length_tablet=&#8221;0px&#8221; ol_text_shadow_vertical_length_tablet=&#8221;0px&#8221; ol_text_shadow_blur_strength_tablet=&#8221;1px&#8221; quote_text_shadow_horizontal_length_tablet=&#8221;0px&#8221; quote_text_shadow_vertical_length_tablet=&#8221;0px&#8221; quote_text_shadow_blur_strength_tablet=&#8221;1px&#8221; header_text_shadow_horizontal_length_tablet=&#8221;0px&#8221; header_text_shadow_vertical_length_tablet=&#8221;0px&#8221; header_text_shadow_blur_strength_tablet=&#8221;1px&#8221; header_2_text_shadow_horizontal_length_tablet=&#8221;0px&#8221; header_2_text_shadow_vertical_length_tablet=&#8221;0px&#8221; header_2_text_shadow_blur_strength_tablet=&#8221;1px&#8221; header_3_text_shadow_horizontal_length_tablet=&#8221;0px&#8221; header_3_text_shadow_vertical_length_tablet=&#8221;0px&#8221; header_3_text_shadow_blur_strength_tablet=&#8221;1px&#8221; header_4_text_shadow_horizontal_length_tablet=&#8221;0px&#8221; header_4_text_shadow_vertical_length_tablet=&#8221;0px&#8221; header_4_text_shadow_blur_strength_tablet=&#8221;1px&#8221; header_5_text_shadow_horizontal_length_tablet=&#8221;0px&#8221; header_5_text_shadow_vertical_length_tablet=&#8221;0px&#8221; header_5_text_shadow_blur_strength_tablet=&#8221;1px&#8221; header_6_text_shadow_horizontal_length_tablet=&#8221;0px&#8221; header_6_text_shadow_vertical_length_tablet=&#8221;0px&#8221; header_6_text_shadow_blur_strength_tablet=&#8221;1px&#8221; box_shadow_horizontal_tablet=&#8221;0px&#8221; box_shadow_vertical_tablet=&#8221;0px&#8221; box_shadow_blur_tablet=&#8221;40px&#8221; box_shadow_spread_tablet=&#8221;0px&#8221; global_colors_info=&#8221;{}&#8221; sticky_enabled=&#8221;0&#8243;]</p>
<h2>&nbsp;</h2>
<h6><span style="color: #808080">EL CEIP La Jarilla es un centro de infantil y primaria situado en la localidad de Huércal de Almería, concretamente en el barrio de Villa Inés. Es un centro con denominación C-3, ya que se construyó para tres líneas educativas por nivel, si bien la realidad ha hecho modificar esta situación en función de la matriculación del alumnado cada año.&nbsp;</span></h6>
<p><span style="color: #808080">En el curso 2025/26 cuenta con una matrícula de 478 alumnos/as distribuidos en los cursos de Infantil, Primaria, un aula específica y otra TEA.&nbsp;</span></p>
<p><span style="color: #808080">El alumnado es atendido por una plantilla de 35 maestros/as.&nbsp;</span></p>
<p><span style="color: #808080"><b>El equipo directivo está formado por:</b>&nbsp;</span></p>
<p><span style="color: #808080"><b>Director:</b> Susana Candelario Madueño&nbsp;</span><br /><span style="color: #808080"><b>Jefa de estudios:</b> Adelina García Aguilera&nbsp;</span><br /><span style="color: #808080"><b>Secretario:</b> Teresa Román Torres&nbsp;</span></p>
<p><span style="color: #808080">Otro personal no docente con el que cuenta el colegio es conserje, monitora escolar con funciones de auxiliar administrativo y dos monitores (PTIS) de las aulas TEA y de Educación Especial.&nbsp;</span></p>
<p><span style="color: #808080"><b>El centro cuenta con los servicios del Plan de Apertura de Centros:</b>&nbsp;</span></p>
<p><span style="color: #808080"><b>Aula Matinal:</b> 210 plazas&nbsp;</span><br /><span style="color: #808080"><b>Comedor:</b> 260 plazas&nbsp;</span><br /><span style="color: #808080"><b>Actividades Extraescolares</b>&nbsp;</span></p>
<p><span style="color: #808080"><b>Atención a las familias:</b>&nbsp;</span></p>
<p><span style="color: #808080"><b>Secretaría lunes a viernes de 09:30 a 11:30 horas</b>&nbsp;</span><br /><span style="color: #808080"><b>Tutorías: Lunes de 16:00 a 17:00 horas.</b>&nbsp;</span></p>
<p><span style="color: #808080">El centro cuenta con la implantación de la plataforma PASEN para las comunicaciones familia-centro y centro-familia.&nbsp;</span></p>
<p><span style="color: #808080"><b>Datos de contacto:</b>&nbsp;</span></p>
<p><span style="color: #808080">CEIP La Jarilla&nbsp;</span><br /><span style="color: #808080">C/ Río Duero, 1B&nbsp;</span><br /><span style="color: #808080">04230 Huércal de Almería&nbsp;</span><br /><span style="color: #808080"><b>Tlf.:</b> 950156914&nbsp;</span><br /><b><span data-contrast="auto">Email:</span></b><span data-contrast="auto"> </span><a href="mailto:04006173.administracion.edu@juntadeandalucia.es"><span data-contrast="none">04006173.administracion.edu@juntadeandalucia.es</span></a><span data-ccp-props="{}">&nbsp;</span></p>
<p>[/et_pb_text][et_pb_code _builder_version=&#8221;4.24.2&#8243; _module_preset=&#8221;default&#8221; text_orientation=&#8221;center&#8221; module_alignment=&#8221;center&#8221; global_colors_info=&#8221;{}&#8221;]<iframe loading="lazy" src="https://www.google.com/maps/embed?pb=!1m18!1m12!1m3!1d12767.1864167793!2d-2.4520609409681238!3d36.87128705137608!2m3!1f0!2f0!3f0!3m2!1i1024!2i768!4f13.1!3m3!1m2!1s0xd7a9e334f51a417%3A0xebca1a465a51f4fc!2sCEIP%20La%20Jarilla!5e0!3m2!1ses!2ses!4v1729099404849!5m2!1ses!2ses" width="400" height="300"></iframe>[/et_pb_code][/et_pb_column][/et_pb_row][et_pb_row column_structure=&#8221;1_3,1_3,1_3&#8243; _builder_version=&#8221;4.16&#8243; background_size=&#8221;initial&#8221; background_position=&#8221;top_left&#8221; background_repeat=&#8221;repeat&#8221; global_colors_info=&#8221;{}&#8221;][et_pb_column type=&#8221;1_3&#8243; _builder_version=&#8221;4.16&#8243; custom_padding=&#8221;|||&#8221; global_colors_info=&#8221;{}&#8221; custom_padding__hover=&#8221;|||&#8221;][/et_pb_column][et_pb_column type=&#8221;1_3&#8243; _builder_version=&#8221;4.16&#8243; custom_padding=&#8221;|||&#8221; global_colors_info=&#8221;{}&#8221; custom_padding__hover=&#8221;|||&#8221;][/et_pb_column][et_pb_column type=&#8221;1_3&#8243; _builder_version=&#8221;4.16&#8243; custom_padding=&#8221;|||&#8221; global_colors_info=&#8221;{}&#8221; custom_padding__hover=&#8221;|||&#8221;][/et_pb_column][/et_pb_row][/et_pb_section]</p>

<p>&nbsp; EL CEIP La Jarilla es un centro de infantil y primaria situado en la localidad de Huércal de Almería, concretamente en el barrio de Villa Inés. Es un centro con denominación C-3, ya que se construyó para tres líneas educativas por nivel, si bien la realidad ha hecho modificar esta situación en función de [&hellip;]</p>
