{"id":436,"date":"2015-03-20T07:08:17","date_gmt":"2015-03-20T07:08:17","guid":{"rendered":"http:\/\/blogsaverroes.juntadeandalucia.es\/pre\/ceip\/?page_id=436"},"modified":"2021-02-11T10:57:51","modified_gmt":"2021-02-11T10:57:51","slug":"ed-primaria-3o-ciclo","status":"publish","type":"page","link":"https:\/\/blogsaverroes.juntadeandalucia.es\/ceiplamolina\/ed-primaria-3o-ciclo\/","title":{"rendered":"Ed. Primaria. 3\u00ba ciclo"},"content":{"rendered":"<h1><span style=\"color: #41f02e;\"><strong>TERCER CICLO DE PRIMARIA<\/strong><\/span><\/h1>\n<p style=\"text-align: justify;\"><a href=\"https:\/\/blogsaverroes.juntadeandalucia.es\/ceiplamolina\/files\/2021\/02\/logo-tercer-ciclo-scaled.jpg\"><img fetchpriority=\"high\" decoding=\"async\" class=\"wp-image-2428 alignleft\" src=\"https:\/\/blogsaverroes.juntadeandalucia.es\/ceiplamolina\/files\/2021\/02\/logo-tercer-ciclo-300x200.jpg\" alt=\"\" width=\"336\" height=\"224\" srcset=\"https:\/\/blogsaverroes.juntadeandalucia.es\/ceiplamolina\/files\/2021\/02\/logo-tercer-ciclo-300x200.jpg 300w, https:\/\/blogsaverroes.juntadeandalucia.es\/ceiplamolina\/files\/2021\/02\/logo-tercer-ciclo-1024x683.jpg 1024w, https:\/\/blogsaverroes.juntadeandalucia.es\/ceiplamolina\/files\/2021\/02\/logo-tercer-ciclo-768x512.jpg 768w, https:\/\/blogsaverroes.juntadeandalucia.es\/ceiplamolina\/files\/2021\/02\/logo-tercer-ciclo-1536x1024.jpg 1536w, https:\/\/blogsaverroes.juntadeandalucia.es\/ceiplamolina\/files\/2021\/02\/logo-tercer-ciclo-2048x1365.jpg 2048w, https:\/\/blogsaverroes.juntadeandalucia.es\/ceiplamolina\/files\/2021\/02\/logo-tercer-ciclo-scaled.jpg 1600w\" sizes=\"(max-width: 336px) 100vw, 336px\" \/> <\/a><strong>\u00a1BIENVENIDOS AL TERCER CICLO DE PRIMARIA!<\/strong><\/p>\n<p style=\"text-align: justify;\">&nbsp;El<strong> tercer ciclo de Educaci\u00f3n Primaria<\/strong> comprende los cursos de 5\u00ba y 6\u00ba, con alumnos&nbsp;con edades comprendidas entre los 10 y los 12 a\u00f1os.<\/p>\n<p style=\"text-align: justify;\">Comienza la \u00faltima etapa de la Educaci\u00f3n Primaria.<\/p>\n<p style=\"text-align: justify;\">&nbsp;<\/p>\n<p style=\"text-align: justify;\">&nbsp;<\/p>\n<p style=\"text-align: justify;\">Se trata de una <strong>etapa con muchos cambios<\/strong>, no s\u00f3lo f\u00edsicos: siendo decisivo para ellos el ejercicio f\u00edsico, el deporte, los juegos&#8230;, si no tambi\u00e9n psicol\u00f3gicos.<\/p>\n<p style=\"text-align: justify;\">Los ni\u00f1os y ni\u00f1as contin\u00faan independiz\u00e1ndose de los adultos e incluy\u00e9ndose cada vez m\u00e1s en grupos de iguales, desarrollando estrechos lazos de amistad entre compa\u00f1eros\/as.<\/p>\n<p style=\"text-align: justify;\">Los <strong>amigos tienen un gran protagonismo<\/strong> los grupos comenzar\u00e1n a hacerse mixtos, pues se han dominado las normas del grupo homog\u00e9neo y, adem\u00e1s, van apareciendo los intereses sexuales. El grupo de compa\u00f1eros\/as es probablemente el sistema que mayor influencia ejerce sobre los ni\u00f1os\/as en esta edad. Cada vez se hacen m\u00e1s dependientes de sus compa\u00f1eros, no s\u00f3lo para disfrutar de su compa\u00f1\u00eda, sino tambi\u00e9n para la autovalidaci\u00f3n y para recibir consejos.<\/p>\n<p style=\"text-align: justify;\">La relaci\u00f3n con los adultos: padres y profesores pueden ser juzgados cr\u00edticamente.<\/p>\n<p style=\"text-align: justify;\">En casa ya <strong>no son tan condescendientes y d\u00f3ciles<\/strong> a la hora de echar una mano y colaborar. Se hacen m\u00e1s perezosos. Los padres y madres deben derrochar comprensi\u00f3n paciencia y actitudes de di\u00e1logo, ofreciendo razones y explicaciones pero siendo exigentes con los hijos\/as para que cada cual asuma su parte de responsabilidad.<\/p>\n<p style=\"text-align: justify;\">Son m\u00e1s <strong>conscientes de sus puntos fuertes y d\u00e9biles intelectuales<\/strong> (uno puede ser bueno en matem\u00e1ticas y ciencias pero no tan bueno en otras). Identifican tareas dif\u00edciles y dedican un mayor esfuerzo haciendo una evaluaci\u00f3n de su propio progreso.<\/p>\n<p style=\"text-align: justify;\">En s\u00edntesis, el alumno <strong>al terminar esta etapa est\u00e1 abierto a nuevos \u00e1mbitos de experiencia<\/strong>.<\/p>\n<p style=\"text-align: justify;\">Como padres y madres es importante respetar sus necesidades de individualidad. Pero no debemos olvidar que las reglas las seguimos poniendo nosotros. Podemos razonarlas, explicarlas e incluso negociarlas hasta cierto punto, pero los padres seguimos teniendo el mando.<\/p>\n<p style=\"text-align: justify;\">A la hora de dialogar con nuestros hijos\/as, hay que centrarse en unas reglas b\u00e1sicas (pocas pero firmes) e insistir en lo fundamental.<\/p>\n<p style=\"text-align: justify;\">\u00a1No beneficia a nadie que perdamos energ\u00eda discutiendo por cuestiones de poca trascendencia!<\/p>\n<div class=\"cc-m-hgrid-column last\" style=\"text-align: justify;\">\n<div id=\"cc-matrix-2051715161\">\n<div id=\"cc-m-7972399961\" class=\"j-module n j-header \">\n<h2 id=\"cc-m-header-7972399961\"><span style=\"color: #a463e6;\">\u00bfQU\u00c9 VAS A APRENDER?&nbsp; &nbsp; <a href=\"https:\/\/blogsaverroes.juntadeandalucia.es\/ceiplamolina\/files\/2021\/02\/profesor.png\"><img decoding=\"async\" class=\"alignnone wp-image-2430\" src=\"https:\/\/blogsaverroes.juntadeandalucia.es\/ceiplamolina\/files\/2021\/02\/profesor-300x300.png\" alt=\"\" width=\"142\" height=\"142\" srcset=\"https:\/\/blogsaverroes.juntadeandalucia.es\/ceiplamolina\/files\/2021\/02\/profesor-300x300.png 300w, https:\/\/blogsaverroes.juntadeandalucia.es\/ceiplamolina\/files\/2021\/02\/profesor-150x150.png 150w, https:\/\/blogsaverroes.juntadeandalucia.es\/ceiplamolina\/files\/2021\/02\/profesor.png 512w\" sizes=\"(max-width: 142px) 100vw, 142px\" \/><\/a><\/span><\/h2>\n<\/div>\n<div id=\"cc-m-5841368161\" class=\"j-module n j-text \">\n<p>El tercer ciclo (5\u00ba y 6\u00ba de Primaria), se profundiza m\u00e1s en las materias principales con el fin de <strong>prepararte para la Educaci\u00f3n Secundaria. <\/strong><\/p>\n<p>Adem\u00e1s, las asignaturas de Ciencias Sociales y Ciencias de la Naturaleza, se convertir\u00e1n en una importante base de cara a la E.S.O., donde ya comenzar\u00e1s una formaci\u00f3n espec\u00edfica en F\u00edsica y Qu\u00edmica, Historia o Biolog\u00eda.<\/p>\n<p>As\u00ed, en esta etapa ya habr\u00e1s estudiado en <strong>Ciencias Sociales y Naturales<\/strong> las principales civilizaciones y numerosos conceptos de historia, as\u00ed como el funcionamiento de los principales sectores econ\u00f3micos, las caracter\u00edsticas de la Tierra y el Sistema Solar, los ecosistemas y organismos vivos, los aparatos y sistemas del cuerpo humano y sus caracter\u00edsticas, la materia, la energ\u00eda y las m\u00e1quinas&#8230;<\/p>\n<p>En <strong>Lengua y Literatura<\/strong>, aprender\u00e1s a elaborar esquemas, ampliar\u00e1s tu vocabulario, redactar\u00e1s textos y aprender\u00e1s a utilizar las f\u00f3rmulas del comparativo y superlativo, reconocer el complemento directo e indirecto en una oraci\u00f3n, conocer las abreviaturas, reglas b\u00e1sicas de ortograf\u00eda y acentuaci\u00f3n, clasificar las palabras en agudas, llanas, esdr\u00fajulas y sobresdr\u00fajulas&#8230;<\/p>\n<p>En <strong>Matem\u00e1ticas<\/strong>, aprender\u00e1s a identificar n\u00fameros primos y compuestos, conocer los n\u00fameros romanos, leer fracciones, interpretar porcentajes, trabajar con potencias, hacer estad\u00edsticas&#8230;<\/p>\n<p>Adem\u00e1s, te preparar\u00e1s para una nueva tem\u00e1tica de conocimiento como es la <strong>Competencia Digital<\/strong>, de cara a una iniciaci\u00f3n a los contenidos que trabajar\u00e1s en la E.S.O. con la asignatura de Tecnolog\u00eda Educativa, donde se desarrollar\u00e1n aspectos b\u00e1sicos de manejo de programaci\u00f3n y ofim\u00e1tica, plataformas y aplicaciones educativas, ciberacoso, uso responsable de la tecnolog\u00eda&#8230;<\/p>\n<\/div>\n<\/div>\n<\/div>\n<div class=\"cc-m-hgrid-overlay\" style=\"text-align: justify;\" data-display=\"cms-only\">&nbsp;<\/div>\n","protected":false},"excerpt":{"rendered":"<p>TERCER CICLO DE PRIMARIA \u00a1BIENVENIDOS AL TERCER CICLO DE PRIMARIA! &nbsp;El tercer ciclo de Educaci\u00f3n Primaria comprende los cursos de 5\u00ba y 6\u00ba, con alumnos&nbsp;con edades comprendidas entre los 10 y los 12 a\u00f1os.&#46;&#46;&#46;<\/p>\n","protected":false},"author":1,"featured_media":2428,"parent":0,"menu_order":0,"comment_status":"closed","ping_status":"open","template":"page-sc.php","meta":{"footnotes":"","_mc_calendar":[]},"aioseo_notices":[],"_links":{"self":[{"href":"https:\/\/blogsaverroes.juntadeandalucia.es\/ceiplamolina\/wp-json\/wp\/v2\/pages\/436"}],"collection":[{"href":"https:\/\/blogsaverroes.juntadeandalucia.es\/ceiplamolina\/wp-json\/wp\/v2\/pages"}],"about":[{"href":"https:\/\/blogsaverroes.juntadeandalucia.es\/ceiplamolina\/wp-json\/wp\/v2\/types\/page"}],"author":[{"embeddable":true,"href":"https:\/\/blogsaverroes.juntadeandalucia.es\/ceiplamolina\/wp-json\/wp\/v2\/users\/1"}],"replies":[{"embeddable":true,"href":"https:\/\/blogsaverroes.juntadeandalucia.es\/ceiplamolina\/wp-json\/wp\/v2\/comments?post=436"}],"version-history":[{"count":12,"href":"https:\/\/blogsaverroes.juntadeandalucia.es\/ceiplamolina\/wp-json\/wp\/v2\/pages\/436\/revisions"}],"predecessor-version":[{"id":2630,"href":"https:\/\/blogsaverroes.juntadeandalucia.es\/ceiplamolina\/wp-json\/wp\/v2\/pages\/436\/revisions\/2630"}],"wp:featuredmedia":[{"embeddable":true,"href":"https:\/\/blogsaverroes.juntadeandalucia.es\/ceiplamolina\/wp-json\/wp\/v2\/media\/2428"}],"wp:attachment":[{"href":"https:\/\/blogsaverroes.juntadeandalucia.es\/ceiplamolina\/wp-json\/wp\/v2\/media?parent=436"}],"curies":[{"name":"wp","href":"https:\/\/api.w.org\/{rel}","templated":true}]}}

Ed. Primaria. 3º ciclo

<h1><span style="color: #41f02e;"><strong>TERCER CICLO DE PRIMARIA</strong></span></h1>
<p style="text-align: justify;"><a href="https://blogsaverroes.juntadeandalucia.es/ceiplamolina/files/2021/02/logo-tercer-ciclo-scaled.jpg"><img fetchpriority="high" decoding="async" class="wp-image-2428 alignleft" src="https://blogsaverroes.juntadeandalucia.es/ceiplamolina/files/2021/02/logo-tercer-ciclo-300x200.jpg" alt="" width="336" height="224" srcset="https://blogsaverroes.juntadeandalucia.es/ceiplamolina/files/2021/02/logo-tercer-ciclo-300x200.jpg 300w, https://blogsaverroes.juntadeandalucia.es/ceiplamolina/files/2021/02/logo-tercer-ciclo-1024x683.jpg 1024w, https://blogsaverroes.juntadeandalucia.es/ceiplamolina/files/2021/02/logo-tercer-ciclo-768x512.jpg 768w, https://blogsaverroes.juntadeandalucia.es/ceiplamolina/files/2021/02/logo-tercer-ciclo-1536x1024.jpg 1536w, https://blogsaverroes.juntadeandalucia.es/ceiplamolina/files/2021/02/logo-tercer-ciclo-2048x1365.jpg 2048w, https://blogsaverroes.juntadeandalucia.es/ceiplamolina/files/2021/02/logo-tercer-ciclo-scaled.jpg 1600w" sizes="(max-width: 336px) 100vw, 336px" /> </a><strong>¡BIENVENIDOS AL TERCER CICLO DE PRIMARIA!</strong></p>
<p style="text-align: justify;">&nbsp;El<strong> tercer ciclo de Educación Primaria</strong> comprende los cursos de 5º y 6º, con alumnos&nbsp;con edades comprendidas entre los 10 y los 12 años.</p>
<p style="text-align: justify;">Comienza la última etapa de la Educación Primaria.</p>
<p style="text-align: justify;">&nbsp;</p>
<p style="text-align: justify;">&nbsp;</p>
<p style="text-align: justify;">Se trata de una <strong>etapa con muchos cambios</strong>, no sólo físicos: siendo decisivo para ellos el ejercicio físico, el deporte, los juegos&#8230;, si no también psicológicos.</p>
<p style="text-align: justify;">Los niños y niñas continúan independizándose de los adultos e incluyéndose cada vez más en grupos de iguales, desarrollando estrechos lazos de amistad entre compañeros/as.</p>
<p style="text-align: justify;">Los <strong>amigos tienen un gran protagonismo</strong> los grupos comenzarán a hacerse mixtos, pues se han dominado las normas del grupo homogéneo y, además, van apareciendo los intereses sexuales. El grupo de compañeros/as es probablemente el sistema que mayor influencia ejerce sobre los niños/as en esta edad. Cada vez se hacen más dependientes de sus compañeros, no sólo para disfrutar de su compañía, sino también para la autovalidación y para recibir consejos.</p>
<p style="text-align: justify;">La relación con los adultos: padres y profesores pueden ser juzgados críticamente.</p>
<p style="text-align: justify;">En casa ya <strong>no son tan condescendientes y dóciles</strong> a la hora de echar una mano y colaborar. Se hacen más perezosos. Los padres y madres deben derrochar comprensión paciencia y actitudes de diálogo, ofreciendo razones y explicaciones pero siendo exigentes con los hijos/as para que cada cual asuma su parte de responsabilidad.</p>
<p style="text-align: justify;">Son más <strong>conscientes de sus puntos fuertes y débiles intelectuales</strong> (uno puede ser bueno en matemáticas y ciencias pero no tan bueno en otras). Identifican tareas difíciles y dedican un mayor esfuerzo haciendo una evaluación de su propio progreso.</p>
<p style="text-align: justify;">En síntesis, el alumno <strong>al terminar esta etapa está abierto a nuevos ámbitos de experiencia</strong>.</p>
<p style="text-align: justify;">Como padres y madres es importante respetar sus necesidades de individualidad. Pero no debemos olvidar que las reglas las seguimos poniendo nosotros. Podemos razonarlas, explicarlas e incluso negociarlas hasta cierto punto, pero los padres seguimos teniendo el mando.</p>
<p style="text-align: justify;">A la hora de dialogar con nuestros hijos/as, hay que centrarse en unas reglas básicas (pocas pero firmes) e insistir en lo fundamental.</p>
<p style="text-align: justify;">¡No beneficia a nadie que perdamos energía discutiendo por cuestiones de poca trascendencia!</p>
<div class="cc-m-hgrid-column last" style="text-align: justify;">
<div id="cc-matrix-2051715161">
<div id="cc-m-7972399961" class="j-module n j-header ">
<h2 id="cc-m-header-7972399961"><span style="color: #a463e6;">¿QUÉ VAS A APRENDER?&nbsp; &nbsp; <a href="https://blogsaverroes.juntadeandalucia.es/ceiplamolina/files/2021/02/profesor.png"><img decoding="async" class="alignnone wp-image-2430" src="https://blogsaverroes.juntadeandalucia.es/ceiplamolina/files/2021/02/profesor-300x300.png" alt="" width="142" height="142" srcset="https://blogsaverroes.juntadeandalucia.es/ceiplamolina/files/2021/02/profesor-300x300.png 300w, https://blogsaverroes.juntadeandalucia.es/ceiplamolina/files/2021/02/profesor-150x150.png 150w, https://blogsaverroes.juntadeandalucia.es/ceiplamolina/files/2021/02/profesor.png 512w" sizes="(max-width: 142px) 100vw, 142px" /></a></span></h2>
</div>
<div id="cc-m-5841368161" class="j-module n j-text ">
<p>El tercer ciclo (5º y 6º de Primaria), se profundiza más en las materias principales con el fin de <strong>prepararte para la Educación Secundaria. </strong></p>
<p>Además, las asignaturas de Ciencias Sociales y Ciencias de la Naturaleza, se convertirán en una importante base de cara a la E.S.O., donde ya comenzarás una formación específica en Física y Química, Historia o Biología.</p>
<p>Así, en esta etapa ya habrás estudiado en <strong>Ciencias Sociales y Naturales</strong> las principales civilizaciones y numerosos conceptos de historia, así como el funcionamiento de los principales sectores económicos, las características de la Tierra y el Sistema Solar, los ecosistemas y organismos vivos, los aparatos y sistemas del cuerpo humano y sus características, la materia, la energía y las máquinas&#8230;</p>
<p>En <strong>Lengua y Literatura</strong>, aprenderás a elaborar esquemas, ampliarás tu vocabulario, redactarás textos y aprenderás a utilizar las fórmulas del comparativo y superlativo, reconocer el complemento directo e indirecto en una oración, conocer las abreviaturas, reglas básicas de ortografía y acentuación, clasificar las palabras en agudas, llanas, esdrújulas y sobresdrújulas&#8230;</p>
<p>En <strong>Matemáticas</strong>, aprenderás a identificar números primos y compuestos, conocer los números romanos, leer fracciones, interpretar porcentajes, trabajar con potencias, hacer estadísticas&#8230;</p>
<p>Además, te prepararás para una nueva temática de conocimiento como es la <strong>Competencia Digital</strong>, de cara a una iniciación a los contenidos que trabajarás en la E.S.O. con la asignatura de Tecnología Educativa, donde se desarrollarán aspectos básicos de manejo de programación y ofimática, plataformas y aplicaciones educativas, ciberacoso, uso responsable de la tecnología&#8230;</p>
</div>
</div>
</div>
<div class="cc-m-hgrid-overlay" style="text-align: justify;" data-display="cms-only">&nbsp;</div>

<p>TERCER CICLO DE PRIMARIA ¡BIENVENIDOS AL TERCER CICLO DE PRIMARIA! &nbsp;El tercer ciclo de Educación Primaria comprende los cursos de 5º y 6º, con alumnos&nbsp;con edades comprendidas entre los 10 y los 12 años.&#46;&#46;&#46;</p>
