{"id":4710,"date":"2023-05-27T08:57:19","date_gmt":"2023-05-27T08:57:19","guid":{"rendered":"https:\/\/blogsaverroes.juntadeandalucia.es\/ceiplamolina\/?page_id=4710"},"modified":"2023-05-28T09:11:24","modified_gmt":"2023-05-28T09:11:24","slug":"formacion-en-centros","status":"publish","type":"page","link":"https:\/\/blogsaverroes.juntadeandalucia.es\/ceiplamolina\/formacion-en-centros\/","title":{"rendered":"Formaci\u00f3n en Centros"},"content":{"rendered":"<p><a href=\"https:\/\/blogsaverroes.juntadeandalucia.es\/ceiplamolina\/files\/2023\/05\/Logo-Competencias-digitales-docentes.jpg\"><img fetchpriority=\"high\" decoding=\"async\" class=\"aligncenter wp-image-4707\" src=\"https:\/\/blogsaverroes.juntadeandalucia.es\/ceiplamolina\/files\/2023\/05\/Logo-Competencias-digitales-docentes.jpg\" alt=\"\" width=\"466\" height=\"262\" srcset=\"https:\/\/blogsaverroes.juntadeandalucia.es\/ceiplamolina\/files\/2023\/05\/Logo-Competencias-digitales-docentes.jpg 1600w, https:\/\/blogsaverroes.juntadeandalucia.es\/ceiplamolina\/files\/2023\/05\/Logo-Competencias-digitales-docentes-300x169.jpg 300w, https:\/\/blogsaverroes.juntadeandalucia.es\/ceiplamolina\/files\/2023\/05\/Logo-Competencias-digitales-docentes-1024x576.jpg 1024w, https:\/\/blogsaverroes.juntadeandalucia.es\/ceiplamolina\/files\/2023\/05\/Logo-Competencias-digitales-docentes-768x432.jpg 768w, https:\/\/blogsaverroes.juntadeandalucia.es\/ceiplamolina\/files\/2023\/05\/Logo-Competencias-digitales-docentes-1536x864.jpg 1536w, https:\/\/blogsaverroes.juntadeandalucia.es\/ceiplamolina\/files\/2023\/05\/Logo-Competencias-digitales-docentes-24x14.jpg 24w, https:\/\/blogsaverroes.juntadeandalucia.es\/ceiplamolina\/files\/2023\/05\/Logo-Competencias-digitales-docentes-36x20.jpg 36w, https:\/\/blogsaverroes.juntadeandalucia.es\/ceiplamolina\/files\/2023\/05\/Logo-Competencias-digitales-docentes-48x27.jpg 48w\" sizes=\"(max-width: 466px) 100vw, 466px\" \/><\/a><\/p>\n<p style=\"text-align: justify\">El <strong>profesorado del CEIP La Molina<\/strong> se enfrenta a una realidad educativa compleja, que le obliga a revisar los contenidos escolares y la forma de llevarlos a la pr\u00e1ctica, as\u00ed como a la introducci\u00f3n de nuevas metodolog\u00edas que permitan la mejora de los rendimientos acad\u00e9micos. Y, para ello, el centro docente se ha convertido este a\u00f1o en un espacio de formaci\u00f3n para el profesorado, a trav\u00e9s de un trabajo cooperativo, integrado y diversificado.<\/p>\n<p align=\"JUSTIFY\">Las actuaciones que se han desarrollado en este <strong>Plan de Formaci\u00f3n del Profesorado<\/strong>, tienen el objetivo de dar respuesta, tanto a las <b>necesidades de formaci\u00f3n <\/b>surgidas, de la aplicaci\u00f3n de nuevas l\u00edneas de trabajo, impulsadas por la administraci\u00f3n educativa, as\u00ed como a las detectadas en los <b>procesos de diagn\u00f3stico y an\u00e1lisis<\/b> que se llevan a cabo en nuestro centro educativo (Indicadores homologados para la autoevaluaci\u00f3n, Memoria de Autoevaluaci\u00f3n y Propuestas de Mejora).<\/p>\n<p style=\"text-align: justify\" align=\"JUSTIFY\">Por otro lado, la formaci\u00f3n permanente del profesorado debe apoyarse en la mejora de los procesos de ense\u00f1anza y aprendizaje, impulsando la <b>actualizaci\u00f3n de los docentes<\/b> en el desarrollo de nuevos enfoques did\u00e1cticos innovadores y contextualizados, estimulando la elaboraci\u00f3n de materiales y experiencias curriculares que sirvan de ayuda para mejorar dichos procesos formativos.<\/p>\n<p style=\"text-align: justify\" align=\"JUSTIFY\">Es por ello que bajo la coordinaci\u00f3n de nuestra compa\u00f1era Loli Tejero y nuestro asesor del Centro de Profesorado de Almer\u00eda don Mario Horcas Villarreal, decidieron planificar y dise\u00f1ar este proceso de formaci\u00f3n para el resto de compa\u00f1eros\/as del centro promoviendo que, la introducci\u00f3n de <strong>las tecnolog\u00edas de la informaci\u00f3n y comunicaci\u00f3n en el centro fuera m\u00e1s all\u00e1 de tener ordenadores y pizarra digital en las aulas<\/strong>, sino que&nbsp; significara introducirlas en el curr\u00edculo, y esto implica planificar la labor docente teniendo en cuenta para qu\u00e9, c\u00f3mo y cu\u00e1ndo utilizar las herramientas digitales. Para ello result\u00f3 imprescindible trabajar con el profesorado del centro en la aplicaci\u00f3n de estas herramientas, ya que, en algunos casos, se encontraban en un nivel inicial en su uso y conocimiento, y as\u00ed asegurar una adecuada implementaci\u00f3n, en nuestro centro, de dichas tecnolog\u00edas.<\/p>\n<p align=\"JUSTIFY\">Finalizado este recorrido de formaci\u00f3n en Moodle Centros, H5P, S\u00e9neca y Genially el <strong>97,2%<\/strong> del profesorado del centro participante en esta formaci\u00f3n consigue certificar con un <strong>Nivel A2 en Competencias Digitales Docentes<\/strong> incluidos en el Marco de Referencia de la Competencia Digital Docente (MRCDD) vigente y recogidos en el <em>anexo I de la Resoluci\u00f3n de 1 de julio de 2022, de la Direcci\u00f3n General de Evaluaci\u00f3n y Cooperaci\u00f3n Territorial, por la que se piublica el Acuerdo de la Conferencia Sectorial de Educaci\u00f3n sobre la certificaci\u00f3n, acrfeditaci\u00f3n y reconocimiento de la competencia digital docente.<\/em><\/p>\n<p align=\"JUSTIFY\">Os compartimos algunos momentos de las sesiones de formaci\u00f3n online.<\/p>\n<p style=\"text-align: center\" align=\"JUSTIFY\"><iframe src=\"\/\/www.youtube.com\/embed\/3odZ0uJGwLE\" width=\"560\" height=\"314\"><\/iframe><\/p>\n<h2 style=\"text-align: center\"><strong><span style=\"color: #008000\">GAMIFICACI\u00d3N CON GENIALLY <\/span><\/strong><\/h2>\n<h2 style=\"text-align: center\"><strong><span style=\"color: #008000\">\u00abFORMACI\u00d3N EN CENTROS: COMPETENCIAS DIGITALES DOCENTES CEIP LA MOLINA\u00bb<\/span><\/strong><\/h2>\n<p style=\"text-align: justify\">Los&nbsp;<strong>alumnos y alumnas de sexto<\/strong>&nbsp;se inician en el&nbsp;<strong>uso de la herramienta Genially&nbsp;<\/strong>y dise\u00f1an un juego de preguntas y respuestas como producto final de la tarea: \u00bfQu\u00e9 producimos?<\/p>\n<p style=\"text-align: justify\">Esta actividad, es una evidencia, que se encuadra dentro de las actividades, desarrolladas por el profesorado del centro, en su <strong>formaci\u00f3n<\/strong> para adquirir nuevas <strong>competencias digitales<\/strong> para su desarrollo profesional <strong>docente<\/strong>.<\/p>\n<p>&nbsp;<\/p>\n<p style=\"text-align: center\"><iframe src=\"\/\/www.youtube.com\/embed\/0TOmBESBg8k\" width=\"560\" height=\"314\"><\/iframe><\/p>\n<p>&nbsp;<\/p>\n<p style=\"text-align: center\"><iframe src=\"\/\/www.youtube.com\/embed\/imzfNWGz3pY\" width=\"560\" height=\"314\"><\/iframe><\/p>\n<p>&nbsp;<\/p>\n<p>&nbsp;<\/p>\n<h1 style=\"text-align: center\"><span style=\"color: #3366ff\">Formaci\u00f3n en<\/span> <a href=\"https:\/\/blogsaverroes.juntadeandalucia.es\/ceiplamolina\/files\/2020\/04\/Logo-Moodle-centros-.png\"><img decoding=\"async\" class=\"alignnone wp-image-2208\" src=\"https:\/\/blogsaverroes.juntadeandalucia.es\/ceiplamolina\/files\/2020\/04\/Logo-Moodle-centros-.png\" alt=\"\" width=\"173\" height=\"72\" srcset=\"https:\/\/blogsaverroes.juntadeandalucia.es\/ceiplamolina\/files\/2020\/04\/Logo-Moodle-centros-.png 279w, https:\/\/blogsaverroes.juntadeandalucia.es\/ceiplamolina\/files\/2020\/04\/Logo-Moodle-centros--24x10.png 24w, https:\/\/blogsaverroes.juntadeandalucia.es\/ceiplamolina\/files\/2020\/04\/Logo-Moodle-centros--36x15.png 36w, https:\/\/blogsaverroes.juntadeandalucia.es\/ceiplamolina\/files\/2020\/04\/Logo-Moodle-centros--48x20.png 48w\" sizes=\"(max-width: 173px) 100vw, 173px\" \/><\/a> <span style=\"color: #3366ff\">CEIP La Molina 20-21<\/span><\/h1>\n<p>&nbsp;<\/p>\n<p style=\"text-align: justify\">Ante la situaci\u00f3n de pandemia que vivimos el curso pasado, el centro consider\u00f3 la necesidad de<strong> mejorar<\/strong> la formaci\u00f3n del profesorado del centro, en las <strong>nuevas tecnolog\u00edas de la informaci\u00f3n y la comunicaci\u00f3n<\/strong>, as\u00ed como de unificar el uso de una \u00fanica plataforma educativa, considerando que<strong> Moodle Centros,<\/strong> plataforma de la Junta de Andaluc\u00eda, era la m\u00e1s adecuada.<\/p>\n<p style=\"text-align: justify\">Por ello el profesorado, durante el presente curso escolar, inici\u00f3 una formaci\u00f3n, que llev\u00f3 a cabo nuestra coordinadora de TDE, que ya contaba con formaci\u00f3n en esta plataforma, y que gir\u00f3 en torno al uso de las herramientas de las que dispone Moodle Centros.<\/p>\n<p>En esta Infograf\u00eda se muestra la formaci\u00f3n realizada:<\/p>\n<p>&nbsp;<\/p>\n<div style=\"width: 100%\">\n<div style=\"padding-bottom: 56.25%;padding-top: 0;height: 0\"><iframe src=\"https:\/\/view.genial.ly\/60814e070cd6d30d0ea76c4c\" width=\"1200\" height=\"675\" frameborder=\"0\" scrolling=\"yes\"><\/iframe><\/div>\n<div>&nbsp;<\/div>\n<\/div>\n<div style=\"padding-bottom: 56.25%;padding-top: 0;height: 0\">&nbsp;<\/div>\n<div>&nbsp;<\/div>\n<div>&nbsp;<\/div>\n<div>&nbsp;<\/div>\n<div>&nbsp;<\/div>\n<div>&nbsp;<\/div>\n","protected":false},"excerpt":{"rendered":"<p>El profesorado del CEIP La Molina se enfrenta a una realidad educativa compleja, que le obliga a revisar los contenidos escolares y la forma de llevarlos a la pr\u00e1ctica, as\u00ed como a la introducci\u00f3n&#46;&#46;&#46;<\/p>\n","protected":false},"author":11627,"featured_media":0,"parent":0,"menu_order":0,"comment_status":"closed","ping_status":"closed","template":"","meta":{"footnotes":"","_mc_calendar":[]},"aioseo_notices":[],"_links":{"self":[{"href":"https:\/\/blogsaverroes.juntadeandalucia.es\/ceiplamolina\/wp-json\/wp\/v2\/pages\/4710"}],"collection":[{"href":"https:\/\/blogsaverroes.juntadeandalucia.es\/ceiplamolina\/wp-json\/wp\/v2\/pages"}],"about":[{"href":"https:\/\/blogsaverroes.juntadeandalucia.es\/ceiplamolina\/wp-json\/wp\/v2\/types\/page"}],"author":[{"embeddable":true,"href":"https:\/\/blogsaverroes.juntadeandalucia.es\/ceiplamolina\/wp-json\/wp\/v2\/users\/11627"}],"replies":[{"embeddable":true,"href":"https:\/\/blogsaverroes.juntadeandalucia.es\/ceiplamolina\/wp-json\/wp\/v2\/comments?post=4710"}],"version-history":[{"count":8,"href":"https:\/\/blogsaverroes.juntadeandalucia.es\/ceiplamolina\/wp-json\/wp\/v2\/pages\/4710\/revisions"}],"predecessor-version":[{"id":4722,"href":"https:\/\/blogsaverroes.juntadeandalucia.es\/ceiplamolina\/wp-json\/wp\/v2\/pages\/4710\/revisions\/4722"}],"wp:attachment":[{"href":"https:\/\/blogsaverroes.juntadeandalucia.es\/ceiplamolina\/wp-json\/wp\/v2\/media?parent=4710"}],"curies":[{"name":"wp","href":"https:\/\/api.w.org\/{rel}","templated":true}]}}

Formación en Centros

<p><a href="https://blogsaverroes.juntadeandalucia.es/ceiplamolina/files/2023/05/Logo-Competencias-digitales-docentes.jpg"><img fetchpriority="high" decoding="async" class="aligncenter wp-image-4707" src="https://blogsaverroes.juntadeandalucia.es/ceiplamolina/files/2023/05/Logo-Competencias-digitales-docentes.jpg" alt="" width="466" height="262" srcset="https://blogsaverroes.juntadeandalucia.es/ceiplamolina/files/2023/05/Logo-Competencias-digitales-docentes.jpg 1600w, https://blogsaverroes.juntadeandalucia.es/ceiplamolina/files/2023/05/Logo-Competencias-digitales-docentes-300x169.jpg 300w, https://blogsaverroes.juntadeandalucia.es/ceiplamolina/files/2023/05/Logo-Competencias-digitales-docentes-1024x576.jpg 1024w, https://blogsaverroes.juntadeandalucia.es/ceiplamolina/files/2023/05/Logo-Competencias-digitales-docentes-768x432.jpg 768w, https://blogsaverroes.juntadeandalucia.es/ceiplamolina/files/2023/05/Logo-Competencias-digitales-docentes-1536x864.jpg 1536w, https://blogsaverroes.juntadeandalucia.es/ceiplamolina/files/2023/05/Logo-Competencias-digitales-docentes-24x14.jpg 24w, https://blogsaverroes.juntadeandalucia.es/ceiplamolina/files/2023/05/Logo-Competencias-digitales-docentes-36x20.jpg 36w, https://blogsaverroes.juntadeandalucia.es/ceiplamolina/files/2023/05/Logo-Competencias-digitales-docentes-48x27.jpg 48w" sizes="(max-width: 466px) 100vw, 466px" /></a></p>
<p style="text-align: justify">El <strong>profesorado del CEIP La Molina</strong> se enfrenta a una realidad educativa compleja, que le obliga a revisar los contenidos escolares y la forma de llevarlos a la práctica, así como a la introducción de nuevas metodologías que permitan la mejora de los rendimientos académicos. Y, para ello, el centro docente se ha convertido este año en un espacio de formación para el profesorado, a través de un trabajo cooperativo, integrado y diversificado.</p>
<p align="JUSTIFY">Las actuaciones que se han desarrollado en este <strong>Plan de Formación del Profesorado</strong>, tienen el objetivo de dar respuesta, tanto a las <b>necesidades de formación </b>surgidas, de la aplicación de nuevas líneas de trabajo, impulsadas por la administración educativa, así como a las detectadas en los <b>procesos de diagnóstico y análisis</b> que se llevan a cabo en nuestro centro educativo (Indicadores homologados para la autoevaluación, Memoria de Autoevaluación y Propuestas de Mejora).</p>
<p style="text-align: justify" align="JUSTIFY">Por otro lado, la formación permanente del profesorado debe apoyarse en la mejora de los procesos de enseñanza y aprendizaje, impulsando la <b>actualización de los docentes</b> en el desarrollo de nuevos enfoques didácticos innovadores y contextualizados, estimulando la elaboración de materiales y experiencias curriculares que sirvan de ayuda para mejorar dichos procesos formativos.</p>
<p style="text-align: justify" align="JUSTIFY">Es por ello que bajo la coordinación de nuestra compañera Loli Tejero y nuestro asesor del Centro de Profesorado de Almería don Mario Horcas Villarreal, decidieron planificar y diseñar este proceso de formación para el resto de compañeros/as del centro promoviendo que, la introducción de <strong>las tecnologías de la información y comunicación en el centro fuera más allá de tener ordenadores y pizarra digital en las aulas</strong>, sino que&nbsp; significara introducirlas en el currículo, y esto implica planificar la labor docente teniendo en cuenta para qué, cómo y cuándo utilizar las herramientas digitales. Para ello resultó imprescindible trabajar con el profesorado del centro en la aplicación de estas herramientas, ya que, en algunos casos, se encontraban en un nivel inicial en su uso y conocimiento, y así asegurar una adecuada implementación, en nuestro centro, de dichas tecnologías.</p>
<p align="JUSTIFY">Finalizado este recorrido de formación en Moodle Centros, H5P, Séneca y Genially el <strong>97,2%</strong> del profesorado del centro participante en esta formación consigue certificar con un <strong>Nivel A2 en Competencias Digitales Docentes</strong> incluidos en el Marco de Referencia de la Competencia Digital Docente (MRCDD) vigente y recogidos en el <em>anexo I de la Resolución de 1 de julio de 2022, de la Dirección General de Evaluación y Cooperación Territorial, por la que se piublica el Acuerdo de la Conferencia Sectorial de Educación sobre la certificación, acrfeditación y reconocimiento de la competencia digital docente.</em></p>
<p align="JUSTIFY">Os compartimos algunos momentos de las sesiones de formación online.</p>
<p style="text-align: center" align="JUSTIFY"><iframe src="//www.youtube.com/embed/3odZ0uJGwLE" width="560" height="314"></iframe></p>
<h2 style="text-align: center"><strong><span style="color: #008000">GAMIFICACIÓN CON GENIALLY </span></strong></h2>
<h2 style="text-align: center"><strong><span style="color: #008000">«FORMACIÓN EN CENTROS: COMPETENCIAS DIGITALES DOCENTES CEIP LA MOLINA»</span></strong></h2>
<p style="text-align: justify">Los&nbsp;<strong>alumnos y alumnas de sexto</strong>&nbsp;se inician en el&nbsp;<strong>uso de la herramienta Genially&nbsp;</strong>y diseñan un juego de preguntas y respuestas como producto final de la tarea: ¿Qué producimos?</p>
<p style="text-align: justify">Esta actividad, es una evidencia, que se encuadra dentro de las actividades, desarrolladas por el profesorado del centro, en su <strong>formación</strong> para adquirir nuevas <strong>competencias digitales</strong> para su desarrollo profesional <strong>docente</strong>.</p>
<p>&nbsp;</p>
<p style="text-align: center"><iframe src="//www.youtube.com/embed/0TOmBESBg8k" width="560" height="314"></iframe></p>
<p>&nbsp;</p>
<p style="text-align: center"><iframe src="//www.youtube.com/embed/imzfNWGz3pY" width="560" height="314"></iframe></p>
<p>&nbsp;</p>
<p>&nbsp;</p>
<h1 style="text-align: center"><span style="color: #3366ff">Formación en</span> <a href="https://blogsaverroes.juntadeandalucia.es/ceiplamolina/files/2020/04/Logo-Moodle-centros-.png"><img decoding="async" class="alignnone wp-image-2208" src="https://blogsaverroes.juntadeandalucia.es/ceiplamolina/files/2020/04/Logo-Moodle-centros-.png" alt="" width="173" height="72" srcset="https://blogsaverroes.juntadeandalucia.es/ceiplamolina/files/2020/04/Logo-Moodle-centros-.png 279w, https://blogsaverroes.juntadeandalucia.es/ceiplamolina/files/2020/04/Logo-Moodle-centros--24x10.png 24w, https://blogsaverroes.juntadeandalucia.es/ceiplamolina/files/2020/04/Logo-Moodle-centros--36x15.png 36w, https://blogsaverroes.juntadeandalucia.es/ceiplamolina/files/2020/04/Logo-Moodle-centros--48x20.png 48w" sizes="(max-width: 173px) 100vw, 173px" /></a> <span style="color: #3366ff">CEIP La Molina 20-21</span></h1>
<p>&nbsp;</p>
<p style="text-align: justify">Ante la situación de pandemia que vivimos el curso pasado, el centro consideró la necesidad de<strong> mejorar</strong> la formación del profesorado del centro, en las <strong>nuevas tecnologías de la información y la comunicación</strong>, así como de unificar el uso de una única plataforma educativa, considerando que<strong> Moodle Centros,</strong> plataforma de la Junta de Andalucía, era la más adecuada.</p>
<p style="text-align: justify">Por ello el profesorado, durante el presente curso escolar, inició una formación, que llevó a cabo nuestra coordinadora de TDE, que ya contaba con formación en esta plataforma, y que giró en torno al uso de las herramientas de las que dispone Moodle Centros.</p>
<p>En esta Infografía se muestra la formación realizada:</p>
<p>&nbsp;</p>
<div style="width: 100%">
<div style="padding-bottom: 56.25%;padding-top: 0;height: 0"><iframe src="https://view.genial.ly/60814e070cd6d30d0ea76c4c" width="1200" height="675" frameborder="0" scrolling="yes"></iframe></div>
<div>&nbsp;</div>
</div>
<div style="padding-bottom: 56.25%;padding-top: 0;height: 0">&nbsp;</div>
<div>&nbsp;</div>
<div>&nbsp;</div>
<div>&nbsp;</div>
<div>&nbsp;</div>
<div>&nbsp;</div>

<p>El profesorado del CEIP La Molina se enfrenta a una realidad educativa compleja, que le obliga a revisar los contenidos escolares y la forma de llevarlos a la práctica, así como a la introducción&#46;&#46;&#46;</p>
