{"id":871,"date":"2015-03-16T07:25:46","date_gmt":"2015-03-16T07:25:46","guid":{"rendered":"http:\/\/blogsaverroes.juntadeandalucia.es\/pre\/ceip\/?page_id=106"},"modified":"2021-12-13T12:23:05","modified_gmt":"2021-12-13T12:23:05","slug":"actividades-extraescolares","status":"publish","type":"page","link":"https:\/\/blogsaverroes.juntadeandalucia.es\/ceiplamolina\/actividades-extraescolares\/","title":{"rendered":"Actividades extraescolares"},"content":{"rendered":"<h4><a href=\"https:\/\/blogsaverroes.juntadeandalucia.es\/ceiplamolina\/files\/2021\/02\/actividades-extraescolares3.jpg\"><img fetchpriority=\"high\" decoding=\"async\" class=\"alignnone size-full wp-image-2411\" src=\"https:\/\/blogsaverroes.juntadeandalucia.es\/ceiplamolina\/files\/2021\/02\/actividades-extraescolares3.jpg\" alt=\"\" width=\"224\" height=\"224\" srcset=\"https:\/\/blogsaverroes.juntadeandalucia.es\/ceiplamolina\/files\/2021\/02\/actividades-extraescolares3.jpg 224w, https:\/\/blogsaverroes.juntadeandalucia.es\/ceiplamolina\/files\/2021\/02\/actividades-extraescolares3-150x150.jpg 150w\" sizes=\"(max-width: 224px) 100vw, 224px\" \/><\/a><\/h4>\n<p style=\"text-align: left\">Las <strong>actividades extraescolares<\/strong> tienen lugar en<strong> horario<\/strong> de tarde, de <strong>16:00h a 17:00h<\/strong>, y abarcan aspectos como el baile, los idiomas, los refuerzos de lengua y de matem\u00e1ticas, as\u00ed como actividades relacionadas con el mantenimiento de la cultura de origen marroqu\u00ed y rumana.<\/p>\n<p>Para hacer posible la realizaci\u00f3n de estas actividades fuera del horario lectivo, los centros pueden abrir sus instalaciones hasta las 18.00 todos los d\u00edas lectivos con excepci\u00f3n de los viernes, en los que el cierre se establece a las 16.00.<\/p>\n<p>Talleres: Refuerzo de Lengua para alumnado de E. Primaria<\/p>\n<table style=\"width: 100%\">\n<tbody>\n<tr>\n<td style=\"width: 32.2068%\" width=\"188\">&nbsp;<\/p>\n<p style=\"text-align: center\"><strong>Actividad<\/strong><\/p>\n<p><strong>&nbsp;<\/strong><\/td>\n<td style=\"width: 30.6163%;text-align: center\" width=\"189\"><b>Horario<\/b><\/td>\n<td style=\"width: 35.1889%;text-align: center\" width=\"190\"><strong>Temporalizaci\u00f3n<\/strong><\/td>\n<\/tr>\n<tr>\n<td style=\"width: 32.2068%\" width=\"188\"><strong>Ingl\u00e9s <\/strong>Infantil<\/td>\n<td style=\"width: 30.6163%\" width=\"189\">Lunes y mi\u00e9rcoles de 16:00h a 17:00h<\/td>\n<td style=\"width: 35.1889%\" width=\"190\">2 h semanales de Octubre a Mayo<\/td>\n<\/tr>\n<tr>\n<td style=\"width: 32.2068%\" width=\"188\"><strong>Baile Infantil<\/strong><\/td>\n<td style=\"width: 30.6163%\" width=\"189\">Martes y jueves de 16:00h a 17:00h<\/td>\n<td style=\"width: 35.1889%\" width=\"190\">2 h semanales de Octubre a Mayo<\/td>\n<\/tr>\n<tr>\n<td style=\"width: 32.2068%\" width=\"188\"><strong>Apoyo de Lengua<\/strong> Primaria<\/td>\n<td style=\"width: 30.6163%\" width=\"189\">Lunes y mi\u00e9rcoles de 16:00h a 17:00h<\/td>\n<td style=\"width: 35.1889%\" width=\"190\">2 h semanales de Octubre a Mayo<\/td>\n<\/tr>\n<tr>\n<td style=\"width: 32.2068%\" width=\"188\"><strong>Apoyo de Matem\u00e1ticas<\/strong><\/p>\n<p><strong>Rob\u00f3tica<\/strong><\/p>\n<p>Primaria<\/td>\n<td style=\"width: 30.6163%\" width=\"189\">Martes y jueves de 16:00h a 17:00h<\/p>\n<p>17:00h a 18:00h<\/td>\n<td style=\"width: 35.1889%\" width=\"190\">2 h semanales de Octubre a Mayo<\/td>\n<\/tr>\n<\/tbody>\n<\/table>\n<p>&nbsp;<\/p>\n<p>Solicitudes: Se presentan en secretar\u00eda<\/p>\n<p>Precios: 16,05 euros por actividad<\/p>\n","protected":false},"excerpt":{"rendered":"<p>Las actividades extraescolares tienen lugar en horario de tarde, de 16:00h a 17:00h, y abarcan aspectos como el baile, los idiomas, los refuerzos de lengua y de matem\u00e1ticas, as\u00ed como actividades relacionadas con el&#46;&#46;&#46;<\/p>\n","protected":false},"author":1,"featured_media":2412,"parent":0,"menu_order":0,"comment_status":"closed","ping_status":"open","template":"page-cs.php","meta":{"footnotes":"","_mc_calendar":[]},"aioseo_notices":[],"_links":{"self":[{"href":"https:\/\/blogsaverroes.juntadeandalucia.es\/ceiplamolina\/wp-json\/wp\/v2\/pages\/871"}],"collection":[{"href":"https:\/\/blogsaverroes.juntadeandalucia.es\/ceiplamolina\/wp-json\/wp\/v2\/pages"}],"about":[{"href":"https:\/\/blogsaverroes.juntadeandalucia.es\/ceiplamolina\/wp-json\/wp\/v2\/types\/page"}],"author":[{"embeddable":true,"href":"https:\/\/blogsaverroes.juntadeandalucia.es\/ceiplamolina\/wp-json\/wp\/v2\/users\/1"}],"replies":[{"embeddable":true,"href":"https:\/\/blogsaverroes.juntadeandalucia.es\/ceiplamolina\/wp-json\/wp\/v2\/comments?post=871"}],"version-history":[{"count":12,"href":"https:\/\/blogsaverroes.juntadeandalucia.es\/ceiplamolina\/wp-json\/wp\/v2\/pages\/871\/revisions"}],"predecessor-version":[{"id":3796,"href":"https:\/\/blogsaverroes.juntadeandalucia.es\/ceiplamolina\/wp-json\/wp\/v2\/pages\/871\/revisions\/3796"}],"wp:featuredmedia":[{"embeddable":true,"href":"https:\/\/blogsaverroes.juntadeandalucia.es\/ceiplamolina\/wp-json\/wp\/v2\/media\/2412"}],"wp:attachment":[{"href":"https:\/\/blogsaverroes.juntadeandalucia.es\/ceiplamolina\/wp-json\/wp\/v2\/media?parent=871"}],"curies":[{"name":"wp","href":"https:\/\/api.w.org\/{rel}","templated":true}]}}

<h4><a href="https://blogsaverroes.juntadeandalucia.es/ceiplamolina/files/2021/02/actividades-extraescolares3.jpg"><img fetchpriority="high" decoding="async" class="alignnone size-full wp-image-2411" src="https://blogsaverroes.juntadeandalucia.es/ceiplamolina/files/2021/02/actividades-extraescolares3.jpg" alt="" width="224" height="224" srcset="https://blogsaverroes.juntadeandalucia.es/ceiplamolina/files/2021/02/actividades-extraescolares3.jpg 224w, https://blogsaverroes.juntadeandalucia.es/ceiplamolina/files/2021/02/actividades-extraescolares3-150x150.jpg 150w" sizes="(max-width: 224px) 100vw, 224px" /></a></h4>
<p style="text-align: left">Las <strong>actividades extraescolares</strong> tienen lugar en<strong> horario</strong> de tarde, de <strong>16:00h a 17:00h</strong>, y abarcan aspectos como el baile, los idiomas, los refuerzos de lengua y de matemáticas, así como actividades relacionadas con el mantenimiento de la cultura de origen marroquí y rumana.</p>
<p>Para hacer posible la realización de estas actividades fuera del horario lectivo, los centros pueden abrir sus instalaciones hasta las 18.00 todos los días lectivos con excepción de los viernes, en los que el cierre se establece a las 16.00.</p>
<p>Talleres: Refuerzo de Lengua para alumnado de E. Primaria</p>
<table style="width: 100%">
<tbody>
<tr>
<td style="width: 32.2068%" width="188">&nbsp;</p>
<p style="text-align: center"><strong>Actividad</strong></p>
<p><strong>&nbsp;</strong></td>
<td style="width: 30.6163%;text-align: center" width="189"><b>Horario</b></td>
<td style="width: 35.1889%;text-align: center" width="190"><strong>Temporalización</strong></td>
</tr>
<tr>
<td style="width: 32.2068%" width="188"><strong>Inglés </strong>Infantil</td>
<td style="width: 30.6163%" width="189">Lunes y miércoles de 16:00h a 17:00h</td>
<td style="width: 35.1889%" width="190">2 h semanales de Octubre a Mayo</td>
</tr>
<tr>
<td style="width: 32.2068%" width="188"><strong>Baile Infantil</strong></td>
<td style="width: 30.6163%" width="189">Martes y jueves de 16:00h a 17:00h</td>
<td style="width: 35.1889%" width="190">2 h semanales de Octubre a Mayo</td>
</tr>
<tr>
<td style="width: 32.2068%" width="188"><strong>Apoyo de Lengua</strong> Primaria</td>
<td style="width: 30.6163%" width="189">Lunes y miércoles de 16:00h a 17:00h</td>
<td style="width: 35.1889%" width="190">2 h semanales de Octubre a Mayo</td>
</tr>
<tr>
<td style="width: 32.2068%" width="188"><strong>Apoyo de Matemáticas</strong></p>
<p><strong>Robótica</strong></p>
<p>Primaria</td>
<td style="width: 30.6163%" width="189">Martes y jueves de 16:00h a 17:00h</p>
<p>17:00h a 18:00h</td>
<td style="width: 35.1889%" width="190">2 h semanales de Octubre a Mayo</td>
</tr>
</tbody>
</table>
<p>&nbsp;</p>
<p>Solicitudes: Se presentan en secretaría</p>
<p>Precios: 16,05 euros por actividad</p>

<p>Las actividades extraescolares tienen lugar en horario de tarde, de 16:00h a 17:00h, y abarcan aspectos como el baile, los idiomas, los refuerzos de lengua y de matemáticas, así como actividades relacionadas con el&#46;&#46;&#46;</p>
