{"id":237,"date":"2022-03-29T14:28:18","date_gmt":"2022-03-29T12:28:18","guid":{"rendered":"https:\/\/blogsaverroes.juntadeandalucia.es\/ceiplanoria\/?page_id=237"},"modified":"2022-03-30T10:51:50","modified_gmt":"2022-03-30T08:51:50","slug":"proyecto-bilingue","status":"publish","type":"page","link":"https:\/\/blogsaverroes.juntadeandalucia.es\/ceiplanoria\/proyecto-bilingue\/","title":{"rendered":"CENTRO BIL\u00cdNG\u00dcE"},"content":{"rendered":"<p>En el curso 2007\/2008 comenz\u00f3 nuestra andadura en biling\u00fcismo, empezamos con una l\u00ednea y ya tenemos consolidadas las dos l\u00edneas.<\/p>\n<p>Se imparten el segunda lengua (ingl\u00e9s) las \u00e1reas de ciencias naturales, ciencias sociales, m\u00fasica y educaci\u00f3n f\u00edsica. Para ello contamos con una plantilla de cuatro maestros y maestras de Primaria Bil\u00edng\u00fce, dos de Educaci\u00f3n F\u00edsica bil\u00edng\u00fce y uno de M\u00fasica bil\u00edng\u00fce.<\/p>\n<p>Se imparte en \u00e1rea de ingl\u00e9s desde infantil de tres a\u00f1os.<\/p>\n<p>La finalidad de nuestro Proyecto es promover la diversidad ling\u00fc\u00edstica y cultural de nuestro alumnado, y hacer cop\u00e1rticipes a los integrantes de nuestro entorno. Por ello, los objetivos ling\u00fc\u00edsticos, culturales y cognitivos quedan incardinados en los documentos que rigen la vida del Centro. Las Finalidades Educativas, as\u00ed como el Proyecto de Centro sustentan y dan sentido a los objetivos planteados.<\/p>\n","protected":false},"excerpt":{"rendered":"<p>En el curso 2007\/2008 comenz\u00f3 nuestra andadura en biling\u00fcismo, empezamos con una l\u00ednea y ya tenemos consolidadas las dos l\u00edneas. Se imparten el segunda lengua (ingl\u00e9s) las \u00e1reas de ciencias naturales, ciencias sociales, m\u00fasica&#46;&#46;&#46;<\/p>\n","protected":false},"author":5935,"featured_media":1265,"parent":0,"menu_order":0,"comment_status":"closed","ping_status":"closed","template":"","meta":{"ngg_post_thumbnail":0,"footnotes":""},"aioseo_notices":[],"_links":{"self":[{"href":"https:\/\/blogsaverroes.juntadeandalucia.es\/ceiplanoria\/wp-json\/wp\/v2\/pages\/237"}],"collection":[{"href":"https:\/\/blogsaverroes.juntadeandalucia.es\/ceiplanoria\/wp-json\/wp\/v2\/pages"}],"about":[{"href":"https:\/\/blogsaverroes.juntadeandalucia.es\/ceiplanoria\/wp-json\/wp\/v2\/types\/page"}],"author":[{"embeddable":true,"href":"https:\/\/blogsaverroes.juntadeandalucia.es\/ceiplanoria\/wp-json\/wp\/v2\/users\/5935"}],"replies":[{"embeddable":true,"href":"https:\/\/blogsaverroes.juntadeandalucia.es\/ceiplanoria\/wp-json\/wp\/v2\/comments?post=237"}],"version-history":[{"count":4,"href":"https:\/\/blogsaverroes.juntadeandalucia.es\/ceiplanoria\/wp-json\/wp\/v2\/pages\/237\/revisions"}],"predecessor-version":[{"id":1266,"href":"https:\/\/blogsaverroes.juntadeandalucia.es\/ceiplanoria\/wp-json\/wp\/v2\/pages\/237\/revisions\/1266"}],"wp:featuredmedia":[{"embeddable":true,"href":"https:\/\/blogsaverroes.juntadeandalucia.es\/ceiplanoria\/wp-json\/wp\/v2\/media\/1265"}],"wp:attachment":[{"href":"https:\/\/blogsaverroes.juntadeandalucia.es\/ceiplanoria\/wp-json\/wp\/v2\/media?parent=237"}],"curies":[{"name":"wp","href":"https:\/\/api.w.org\/{rel}","templated":true}]}}