{"id":2607,"date":"2021-11-03T15:21:35","date_gmt":"2021-11-03T15:21:35","guid":{"rendered":"https:\/\/blogsaverroes.juntadeandalucia.es\/ceiplapachar\/?page_id=2607"},"modified":"2026-02-22T18:39:04","modified_gmt":"2026-02-22T18:39:04","slug":"huerto-escolar","status":"publish","type":"page","link":"https:\/\/blogsaverroes.juntadeandalucia.es\/ceiplapachar\/huerto-escolar\/","title":{"rendered":"HUERTO ESCOLAR"},"content":{"rendered":"<table style=\"width: 74.5037%;border-collapse: collapse;background-color: #dbf5bc\">\n<tbody>\n<tr>\n<td style=\"width: 73.4641%;text-align: center\">\n<h2><strong>HUERTO ESCOLAR LAPACHAR&#8230;<a href=\"https:\/\/blogsaverroes.juntadeandalucia.es\/ceiplapachar\/files\/2024\/06\/logo.jpg\"><img decoding=\"async\" class=\"aligncenter wp-image-6189 size-thumbnail\" src=\"https:\/\/blogsaverroes.juntadeandalucia.es\/ceiplapachar\/files\/2024\/06\/logo-150x150.jpg\" alt=\"\" width=\"150\" height=\"150\"><\/a><\/strong><\/h2>\n<p><strong><span style=\"color: #0000ff\">El respeto a nuestras ra\u00edces agr\u00edcolas&#8230;<\/span><\/strong><\/p>\n<p><strong><span style=\"color: #0000ff\">El amor a la naturaleza&#8230;<\/span><\/strong><\/p>\n<p><strong><span style=\"color: #0000ff\">Los h\u00e1bitos de vida saludable&#8230;<\/span><\/strong><\/p>\n<p><strong><span style=\"color: #0000ff\">La apuesta por lo ecol\u00f3gico y sostenible&#8230;<\/span><\/strong><\/p>\n<p><strong><span style=\"color: #0000ff\">La defensa de nuestro planeta y nuestra salud&#8230;<\/span><\/strong><\/p>\n<p><strong><span style=\"color: #0000ff\">La&nbsp; vuelta a lo natural &#8230;<\/span><\/strong><\/p>\n<p><strong><span style=\"color: #0000ff\">La valoraci\u00f3n del trabajo de nuestros agricultores y nuestras tradiciones&#8230;<\/span><\/strong><\/p>\n<p><strong><span style=\"color: #0000ff\">\u00a1\u00a1 LA APUESTA POR LO AUT\u00c9NTICO !!<\/span><\/strong><\/p>\n<p><a href=\"https:\/\/blogsaverroes.juntadeandalucia.es\/ceiplapachar\/files\/2024\/06\/HUERTA-0.jpeg\"><img fetchpriority=\"high\" decoding=\"async\" class=\"size-medium wp-image-6209 aligncenter\" src=\"https:\/\/blogsaverroes.juntadeandalucia.es\/ceiplapachar\/files\/2024\/06\/HUERTA-0-225x300.jpeg\" alt=\"\" width=\"225\" height=\"300\" srcset=\"https:\/\/blogsaverroes.juntadeandalucia.es\/ceiplapachar\/files\/2024\/06\/HUERTA-0-225x300.jpeg 225w, https:\/\/blogsaverroes.juntadeandalucia.es\/ceiplapachar\/files\/2024\/06\/HUERTA-0-768x1024.jpeg 768w, https:\/\/blogsaverroes.juntadeandalucia.es\/ceiplapachar\/files\/2024\/06\/HUERTA-0-1152x1536.jpeg 1152w, https:\/\/blogsaverroes.juntadeandalucia.es\/ceiplapachar\/files\/2024\/06\/HUERTA-0.jpeg 1200w\" sizes=\"(max-width: 225px) 100vw, 225px\" \/><\/a><\/p>\n<h2 style=\"text-align: center\"><strong>\u00a1\u00a1 LA FELICIDAD<\/strong><\/h2>\n<h2 style=\"text-align: center\"><strong> DE CUIDAR <\/strong><\/h2>\n<h2 style=\"text-align: center\"><strong>TU HUERTO !!!<\/strong><\/h2>\n<\/td>\n<td style=\"width: 1.5625%\">\n<h2 style=\"text-align: center\">&nbsp;<\/h2>\n<\/td>\n<\/tr>\n<tr>\n<td style=\"width: 75.0266%\" colspan=\"2\"><div style=\"width: 852px;\" class=\"wp-video\"><!--[if lt IE 9]><script>document.createElement('video');<\/script><![endif]-->\n<video class=\"wp-video-shortcode\" id=\"video-2607-1\" width=\"852\" height=\"480\" loop=\"1\" autoplay=\"1\" preload=\"metadata\" controls=\"controls\"><source type=\"video\/mp4\" src=\"https:\/\/blogsaverroes.juntadeandalucia.es\/ceiplapachar\/files\/2024\/06\/PresentacionHUERTO.mp4?_=1\" \/><a href=\"https:\/\/blogsaverroes.juntadeandalucia.es\/ceiplapachar\/files\/2024\/06\/PresentacionHUERTO.mp4\">https:\/\/blogsaverroes.juntadeandalucia.es\/ceiplapachar\/files\/2024\/06\/PresentacionHUERTO.mp4<\/a><\/video><\/div><\/td>\n<\/tr>\n<\/tbody>\n<\/table>\n<p><!--more--><\/p>\n<p style=\"text-align: center\">&nbsp;<\/p>\n","protected":false},"excerpt":{"rendered":"<p>HUERTO ESCOLAR LAPACHAR&#8230; El respeto a nuestras ra\u00edces agr\u00edcolas&#8230; El amor a la naturaleza&#8230; Los h\u00e1bitos de vida saludable&#8230; La apuesta por lo ecol\u00f3gico y sostenible&#8230; La defensa de nuestro planeta y nuestra salud&#8230;&#46;&#46;&#46;<\/p>\n","protected":false},"author":11673,"featured_media":0,"parent":0,"menu_order":0,"comment_status":"closed","ping_status":"closed","template":"","meta":{"ngg_post_thumbnail":0,"footnotes":"","_mc_calendar":[]},"aioseo_notices":[],"_links":{"self":[{"href":"https:\/\/blogsaverroes.juntadeandalucia.es\/ceiplapachar\/wp-json\/wp\/v2\/pages\/2607"}],"collection":[{"href":"https:\/\/blogsaverroes.juntadeandalucia.es\/ceiplapachar\/wp-json\/wp\/v2\/pages"}],"about":[{"href":"https:\/\/blogsaverroes.juntadeandalucia.es\/ceiplapachar\/wp-json\/wp\/v2\/types\/page"}],"author":[{"embeddable":true,"href":"https:\/\/blogsaverroes.juntadeandalucia.es\/ceiplapachar\/wp-json\/wp\/v2\/users\/11673"}],"replies":[{"embeddable":true,"href":"https:\/\/blogsaverroes.juntadeandalucia.es\/ceiplapachar\/wp-json\/wp\/v2\/comments?post=2607"}],"version-history":[{"count":12,"href":"https:\/\/blogsaverroes.juntadeandalucia.es\/ceiplapachar\/wp-json\/wp\/v2\/pages\/2607\/revisions"}],"predecessor-version":[{"id":7272,"href":"https:\/\/blogsaverroes.juntadeandalucia.es\/ceiplapachar\/wp-json\/wp\/v2\/pages\/2607\/revisions\/7272"}],"wp:attachment":[{"href":"https:\/\/blogsaverroes.juntadeandalucia.es\/ceiplapachar\/wp-json\/wp\/v2\/media?parent=2607"}],"curies":[{"name":"wp","href":"https:\/\/api.w.org\/{rel}","templated":true}]}}

<table style="width: 74.5037%;border-collapse: collapse;background-color: #dbf5bc">
<tbody>
<tr>
<td style="width: 73.4641%;text-align: center">
<h2><strong>HUERTO ESCOLAR LAPACHAR&#8230;<a href="https://blogsaverroes.juntadeandalucia.es/ceiplapachar/files/2024/06/logo.jpg"><img decoding="async" class="aligncenter wp-image-6189 size-thumbnail" src="https://blogsaverroes.juntadeandalucia.es/ceiplapachar/files/2024/06/logo-150x150.jpg" alt="" width="150" height="150"></a></strong></h2>
<p><strong><span style="color: #0000ff">El respeto a nuestras raíces agrícolas&#8230;</span></strong></p>
<p><strong><span style="color: #0000ff">El amor a la naturaleza&#8230;</span></strong></p>
<p><strong><span style="color: #0000ff">Los hábitos de vida saludable&#8230;</span></strong></p>
<p><strong><span style="color: #0000ff">La apuesta por lo ecológico y sostenible&#8230;</span></strong></p>
<p><strong><span style="color: #0000ff">La defensa de nuestro planeta y nuestra salud&#8230;</span></strong></p>
<p><strong><span style="color: #0000ff">La&nbsp; vuelta a lo natural &#8230;</span></strong></p>
<p><strong><span style="color: #0000ff">La valoración del trabajo de nuestros agricultores y nuestras tradiciones&#8230;</span></strong></p>
<p><strong><span style="color: #0000ff">¡¡ LA APUESTA POR LO AUTÉNTICO !!</span></strong></p>
<p><a href="https://blogsaverroes.juntadeandalucia.es/ceiplapachar/files/2024/06/HUERTA-0.jpeg"><img fetchpriority="high" decoding="async" class="size-medium wp-image-6209 aligncenter" src="https://blogsaverroes.juntadeandalucia.es/ceiplapachar/files/2024/06/HUERTA-0-225x300.jpeg" alt="" width="225" height="300" srcset="https://blogsaverroes.juntadeandalucia.es/ceiplapachar/files/2024/06/HUERTA-0-225x300.jpeg 225w, https://blogsaverroes.juntadeandalucia.es/ceiplapachar/files/2024/06/HUERTA-0-768x1024.jpeg 768w, https://blogsaverroes.juntadeandalucia.es/ceiplapachar/files/2024/06/HUERTA-0-1152x1536.jpeg 1152w, https://blogsaverroes.juntadeandalucia.es/ceiplapachar/files/2024/06/HUERTA-0.jpeg 1200w" sizes="(max-width: 225px) 100vw, 225px" /></a></p>
<h2 style="text-align: center"><strong>¡¡ LA FELICIDAD</strong></h2>
<h2 style="text-align: center"><strong> DE CUIDAR </strong></h2>
<h2 style="text-align: center"><strong>TU HUERTO !!!</strong></h2>
</td>
<td style="width: 1.5625%">
<h2 style="text-align: center">&nbsp;</h2>
</td>
</tr>
<tr>
<td style="width: 75.0266%" colspan="2"><div style="width: 852px;" class="wp-video"><!--[if lt IE 9]><script>document.createElement('video');</script><![endif]-->
<video class="wp-video-shortcode" id="video-2607-1" width="852" height="480" loop="1" autoplay="1" preload="metadata" controls="controls"><source type="video/mp4" src="https://blogsaverroes.juntadeandalucia.es/ceiplapachar/files/2024/06/PresentacionHUERTO.mp4?_=1" /><a href="https://blogsaverroes.juntadeandalucia.es/ceiplapachar/files/2024/06/PresentacionHUERTO.mp4">https://blogsaverroes.juntadeandalucia.es/ceiplapachar/files/2024/06/PresentacionHUERTO.mp4</a></video></div></td>
</tr>
</tbody>
</table>
<p><!--more--></p>
<p style="text-align: center">&nbsp;</p>

<p>HUERTO ESCOLAR LAPACHAR&#8230; El respeto a nuestras raíces agrícolas&#8230; El amor a la naturaleza&#8230; Los hábitos de vida saludable&#8230; La apuesta por lo ecológico y sostenible&#8230; La defensa de nuestro planeta y nuestra salud&#8230;&#46;&#46;&#46;</p>
