{"id":3041,"date":"2021-11-24T19:47:08","date_gmt":"2021-11-24T19:47:08","guid":{"rendered":"https:\/\/blogsaverroes.juntadeandalucia.es\/ceiplapachar\/?page_id=3041"},"modified":"2023-06-25T11:35:54","modified_gmt":"2023-06-25T11:35:54","slug":"tutoriales","status":"publish","type":"page","link":"https:\/\/blogsaverroes.juntadeandalucia.es\/ceiplapachar\/tutoriales\/","title":{"rendered":"TUTORIALES."},"content":{"rendered":"<p style=\"text-align: center\"><strong>EN ESTA P\u00c1GINA ENCONTRAR\u00c1S TODOS LOS TUTORIALES QUE SEAN DE UTILIDAD&nbsp; PARA LA COMUNIDAD EDUCATIVA.<\/strong><\/p>\n<p style=\"text-align: center\"><strong>&nbsp; &nbsp; S\u00f3lo tienes que pinchar sobre el TUTORIAL que quieras ver.<\/strong><\/p>\n<p><a href=\"https:\/\/blogsaverroes.juntadeandalucia.es\/ceiplapachar\/files\/2021\/11\/TUTORIAL.jpg\"><img fetchpriority=\"high\" decoding=\"async\" class=\"size-full wp-image-3047 aligncenter\" src=\"https:\/\/blogsaverroes.juntadeandalucia.es\/ceiplapachar\/files\/2021\/11\/TUTORIAL.jpg\" alt=\"\" width=\"275\" height=\"183\"><\/a><\/p>\n<table border=\"1\" align=\"center\">\n<tbody>\n<tr>\n<td style=\"background-color: #ecf0ad;text-align: center\"><a href=\"https:\/\/www.youtube.com\/watch?v=K7s5wXWcEdc\"><strong>PUNTO DE RECOGIDA DE DOCUMENTOS CON IPASEN&nbsp;&nbsp;<\/strong><\/a><\/td>\n<\/tr>\n<tr>\n<td style=\"background-color: #f2e15e;text-align: center\"><strong>&nbsp;&nbsp;<a href=\"https:\/\/www.youtube.com\/watch?time_continue=17&amp;v=cHLova48ULE&amp;feature=emb_logo\">ACCESO A IPASEN<\/a><\/strong><\/td>\n<\/tr>\n<tr>\n<td style=\"background-color: #d0eda6;text-align: center\">&nbsp;<strong><a href=\"https:\/\/www.youtube.com\/watch?v=7D1QzGex7SQ&amp;feature=youtu.be\">C\u00d3MO HACER LA MATR\u00cdCULA Y LA SOLICITUD DE SERVICIOS COMPLEMENTARIOS: COMEDOR, AULA MATINAL Y ACTIVIDADES EXTRAESCOLARES.<\/a><\/strong><\/td>\n<\/tr>\n<tr>\n<td style=\"background-color: #85f287;text-align: center\">&nbsp;<strong><a href=\"https:\/\/www.youtube.com\/watch?v=lvilfauZPyY\">REGISTRO A ACCESO AL LIBRO DIGITAL DE ANAYA.<\/a><\/strong><\/td>\n<\/tr>\n<\/tbody>\n<\/table>\n","protected":false},"excerpt":{"rendered":"<p>EN ESTA P\u00c1GINA ENCONTRAR\u00c1S TODOS LOS TUTORIALES QUE SEAN DE UTILIDAD&nbsp; PARA LA COMUNIDAD EDUCATIVA. &nbsp; &nbsp; S\u00f3lo tienes que pinchar sobre el TUTORIAL que quieras ver. PUNTO DE RECOGIDA DE DOCUMENTOS CON IPASEN&nbsp;&nbsp;&#46;&#46;&#46;<\/p>\n","protected":false},"author":11673,"featured_media":0,"parent":0,"menu_order":0,"comment_status":"closed","ping_status":"closed","template":"","meta":{"ngg_post_thumbnail":0,"footnotes":"","_mc_calendar":[]},"aioseo_notices":[],"_links":{"self":[{"href":"https:\/\/blogsaverroes.juntadeandalucia.es\/ceiplapachar\/wp-json\/wp\/v2\/pages\/3041"}],"collection":[{"href":"https:\/\/blogsaverroes.juntadeandalucia.es\/ceiplapachar\/wp-json\/wp\/v2\/pages"}],"about":[{"href":"https:\/\/blogsaverroes.juntadeandalucia.es\/ceiplapachar\/wp-json\/wp\/v2\/types\/page"}],"author":[{"embeddable":true,"href":"https:\/\/blogsaverroes.juntadeandalucia.es\/ceiplapachar\/wp-json\/wp\/v2\/users\/11673"}],"replies":[{"embeddable":true,"href":"https:\/\/blogsaverroes.juntadeandalucia.es\/ceiplapachar\/wp-json\/wp\/v2\/comments?post=3041"}],"version-history":[{"count":5,"href":"https:\/\/blogsaverroes.juntadeandalucia.es\/ceiplapachar\/wp-json\/wp\/v2\/pages\/3041\/revisions"}],"predecessor-version":[{"id":5646,"href":"https:\/\/blogsaverroes.juntadeandalucia.es\/ceiplapachar\/wp-json\/wp\/v2\/pages\/3041\/revisions\/5646"}],"wp:attachment":[{"href":"https:\/\/blogsaverroes.juntadeandalucia.es\/ceiplapachar\/wp-json\/wp\/v2\/media?parent=3041"}],"curies":[{"name":"wp","href":"https:\/\/api.w.org\/{rel}","templated":true}]}}