{"id":3092,"date":"2021-11-29T17:34:41","date_gmt":"2021-11-29T17:34:41","guid":{"rendered":"https:\/\/blogsaverroes.juntadeandalucia.es\/ceiplapachar\/?page_id=3092"},"modified":"2026-01-28T18:29:02","modified_gmt":"2026-01-28T18:29:02","slug":"plataformas-educativas","status":"publish","type":"page","link":"https:\/\/blogsaverroes.juntadeandalucia.es\/ceiplapachar\/plataformas-educativas\/","title":{"rendered":"PLATAFORMAS EDUCATIVAS."},"content":{"rendered":"<h1><span style=\"color: #339966\"><strong><a href=\"https:\/\/blogsaverroes.juntadeandalucia.es\/ceiplapachar\/files\/2024\/06\/logo.jpg\"><img decoding=\"async\" class=\"alignleft wp-image-6189 size-thumbnail\" src=\"https:\/\/blogsaverroes.juntadeandalucia.es\/ceiplapachar\/files\/2024\/06\/logo-150x150.jpg\" alt=\"\" width=\"150\" height=\"150\"><\/a>PLATAFORMAS EDUCATIVAS EXTERNAS AL ALCANCE DE TU MANO&#8230; ENTRA Y APRENDE CON ACTIVIDADES INTERACTIVAS&#8230;<\/strong><\/span><\/h1>\n<p>&nbsp; S\u00f3lo tienes que pinchar sobre el dibujo de cada plataforma y empezar a buscar actividades interactivas del \u00e1rea y curso que quieras.<a href=\"https:\/\/blogsaverroes.juntadeandalucia.es\/ceiplapachar\/files\/2024\/11\/nino-con-la-computadora_913.gif\"><img decoding=\"async\" class=\"size-full wp-image-6597 aligncenter\" src=\"https:\/\/blogsaverroes.juntadeandalucia.es\/ceiplapachar\/files\/2024\/11\/nino-con-la-computadora_913.gif\" alt=\"\" width=\"118\" height=\"132\"><\/a><\/p>\n<table style=\"border-collapse: collapse;width: 100%\">\n<tbody>\n<tr>\n<td style=\"width: 50%;background-color: #fad9ec\">\n<h1><a href=\"https:\/\/blogsaverroes.juntadeandalucia.es\/ceiplapachar\/files\/2024\/11\/numero-1-numero.jpg\"><img decoding=\"async\" class=\"alignleft wp-image-6589\" src=\"https:\/\/blogsaverroes.juntadeandalucia.es\/ceiplapachar\/files\/2024\/11\/numero-1-numero-300x300.jpg\" alt=\"\" width=\"50\" height=\"50\" srcset=\"https:\/\/blogsaverroes.juntadeandalucia.es\/ceiplapachar\/files\/2024\/11\/numero-1-numero-300x300.jpg 300w, https:\/\/blogsaverroes.juntadeandalucia.es\/ceiplapachar\/files\/2024\/11\/numero-1-numero-150x150.jpg 150w, https:\/\/blogsaverroes.juntadeandalucia.es\/ceiplapachar\/files\/2024\/11\/numero-1-numero.jpg 378w\" sizes=\"(max-width: 50px) 100vw, 50px\" \/><\/a><strong>Juegos educativos para Infantil y Primaria.<\/strong><\/h1>\n<p>\u00bfQui\u00e9n dijo que aprender no es divertido? En cristic.com encontrar\u00e1s m\u00e1s de 800&nbsp;<strong>juegos educativos online<\/strong>&nbsp;y&nbsp;<strong>actividades interactivas<\/strong> para que puedas aprender y divertirte.<\/p>\n<p><a href=\"https:\/\/www.cristic.com\/juegos-educativos\/\"><img loading=\"lazy\" decoding=\"async\" class=\"size-full wp-image-6476 aligncenter\" src=\"https:\/\/blogsaverroes.juntadeandalucia.es\/ceiplapachar\/files\/2024\/11\/CRISTIC.jpeg\" alt=\"\" width=\"223\" height=\"226\"><\/a><\/td>\n<td style=\"width: 50%;background-color: #e6daf7\">\n<h1 style=\"text-align: center\"><strong><a href=\"https:\/\/blogsaverroes.juntadeandalucia.es\/ceiplapachar\/files\/2024\/11\/2.png\"><img loading=\"lazy\" decoding=\"async\" class=\"alignleft wp-image-6590\" src=\"https:\/\/blogsaverroes.juntadeandalucia.es\/ceiplapachar\/files\/2024\/11\/2-300x300.png\" alt=\"\" width=\"50\" height=\"50\" srcset=\"https:\/\/blogsaverroes.juntadeandalucia.es\/ceiplapachar\/files\/2024\/11\/2-300x300.png 300w, https:\/\/blogsaverroes.juntadeandalucia.es\/ceiplapachar\/files\/2024\/11\/2-150x150.png 150w, https:\/\/blogsaverroes.juntadeandalucia.es\/ceiplapachar\/files\/2024\/11\/2.png 512w\" sizes=\"(max-width: 50px) 100vw, 50px\" \/><\/a>MILES DE ACTIVIDADES INTERACTIVAS<\/strong> de las \u00e1reas que quieras&#8230;<\/h1>\n<h2 style=\"text-align: center\"><span style=\"color: #800080\"><strong> \u00a1\u00a1 VAMOS !!<\/strong><\/span><\/h2>\n<p>&nbsp;<\/p>\n<p>&nbsp;<\/p>\n<p><a href=\"https:\/\/www.liveworksheets.com\/worksheets\"><img loading=\"lazy\" decoding=\"async\" class=\"wp-image-3098 size-full aligncenter\" src=\"https:\/\/blogsaverroes.juntadeandalucia.es\/ceiplapachar\/files\/2021\/11\/liveworksheets-1.png\" alt=\"\" width=\"283\" height=\"178\"><\/a><\/td>\n<\/tr>\n<tr>\n<td style=\"width: 50%;background-color: #d2c6f7\">\n<h2 style=\"text-align: center\"><span style=\"color: #993366\"><strong><a href=\"https:\/\/blogsaverroes.juntadeandalucia.es\/ceiplapachar\/files\/2024\/11\/3.jpg\"><img loading=\"lazy\" decoding=\"async\" class=\"alignleft wp-image-6592\" src=\"https:\/\/blogsaverroes.juntadeandalucia.es\/ceiplapachar\/files\/2024\/11\/3-300x300.jpg\" alt=\"\" width=\"50\" height=\"50\" srcset=\"https:\/\/blogsaverroes.juntadeandalucia.es\/ceiplapachar\/files\/2024\/11\/3-300x300.jpg 300w, https:\/\/blogsaverroes.juntadeandalucia.es\/ceiplapachar\/files\/2024\/11\/3-150x150.jpg 150w, https:\/\/blogsaverroes.juntadeandalucia.es\/ceiplapachar\/files\/2024\/11\/3-768x768.jpg 768w, https:\/\/blogsaverroes.juntadeandalucia.es\/ceiplapachar\/files\/2024\/11\/3.jpg 800w\" sizes=\"(max-width: 50px) 100vw, 50px\" \/><\/a>ACTIVIDADES PARA INFANTIL: LOS N\u00daMEROS, LOS COLORES, LAS FORMAS, LAS DIFERENCIAS&#8230;<\/strong><\/span><\/h2>\n<p><a href=\"https:\/\/www.waece.org\/sabemos\/principal.htm\"><br \/>\n<img loading=\"lazy\" decoding=\"async\" class=\"size-full wp-image-6578 aligncenter\" src=\"https:\/\/blogsaverroes.juntadeandalucia.es\/ceiplapachar\/files\/2024\/11\/SEGUIMOS-JUGANDO-PC.png\" alt=\"\" width=\"301\" height=\"235\"><\/a><\/p>\n<p style=\"text-align: center\">&nbsp;<\/p>\n<\/td>\n<td style=\"width: 50%;background-color: #e6daf7\">\n<h2 style=\"text-align: center\"><span style=\"color: #800000\"><strong><a href=\"https:\/\/blogsaverroes.juntadeandalucia.es\/ceiplapachar\/files\/2024\/11\/4.jpg\"><img loading=\"lazy\" decoding=\"async\" class=\"alignleft wp-image-6595\" src=\"https:\/\/blogsaverroes.juntadeandalucia.es\/ceiplapachar\/files\/2024\/11\/4-300x300.jpg\" alt=\"\" width=\"50\" height=\"50\" srcset=\"https:\/\/blogsaverroes.juntadeandalucia.es\/ceiplapachar\/files\/2024\/11\/4-300x300.jpg 300w, https:\/\/blogsaverroes.juntadeandalucia.es\/ceiplapachar\/files\/2024\/11\/4-150x150.jpg 150w, https:\/\/blogsaverroes.juntadeandalucia.es\/ceiplapachar\/files\/2024\/11\/4.jpg 550w\" sizes=\"(max-width: 50px) 100vw, 50px\" \/><\/a>MUY BUENA !!!! <\/strong><\/span><strong style=\"color: #800000\">SOBRE TODO PARA MATEM\u00c1TICAS..<\/strong><\/h2>\n<h2 style=\"text-align: center\"><span style=\"color: #800000\"><strong>TODOS LOS CURSOS&#8230;<\/strong><\/span><\/h2>\n<p>&nbsp;<\/p>\n<p>&nbsp;<\/p>\n<h2 style=\"text-align: center\"><a href=\"http:\/\/www.eltanquematematico.es\/\"><img loading=\"lazy\" decoding=\"async\" class=\"size-medium wp-image-6581 aligncenter\" src=\"https:\/\/blogsaverroes.juntadeandalucia.es\/ceiplapachar\/files\/2024\/11\/img-el-tanque-matematico-300x229.png\" alt=\"\" width=\"300\" height=\"229\" srcset=\"https:\/\/blogsaverroes.juntadeandalucia.es\/ceiplapachar\/files\/2024\/11\/img-el-tanque-matematico-300x229.png 300w, https:\/\/blogsaverroes.juntadeandalucia.es\/ceiplapachar\/files\/2024\/11\/img-el-tanque-matematico.png 400w\" sizes=\"(max-width: 300px) 100vw, 300px\" \/><\/a><\/h2>\n<\/td>\n<\/tr>\n<tr>\n<td style=\"width: 50%;background-color: #ceedeb\"><a href=\"https:\/\/blogsaverroes.juntadeandalucia.es\/ceiplapachar\/files\/2024\/11\/5.jpg\"><img loading=\"lazy\" decoding=\"async\" class=\"alignleft wp-image-6600\" src=\"https:\/\/blogsaverroes.juntadeandalucia.es\/ceiplapachar\/files\/2024\/11\/5-300x300.jpg\" alt=\"\" width=\"50\" height=\"50\" srcset=\"https:\/\/blogsaverroes.juntadeandalucia.es\/ceiplapachar\/files\/2024\/11\/5-300x300.jpg 300w, https:\/\/blogsaverroes.juntadeandalucia.es\/ceiplapachar\/files\/2024\/11\/5-150x150.jpg 150w, https:\/\/blogsaverroes.juntadeandalucia.es\/ceiplapachar\/files\/2024\/11\/5-768x768.jpg 768w, https:\/\/blogsaverroes.juntadeandalucia.es\/ceiplapachar\/files\/2024\/11\/5.jpg 1000w\" sizes=\"(max-width: 50px) 100vw, 50px\" \/><\/a><\/p>\n<h2 style=\"text-align: center\"><strong>MUNDO PRIMARIA.<\/strong><\/h2>\n<p><a href=\"https:\/\/www.mundoprimaria.com\/\"><img loading=\"lazy\" decoding=\"async\" class=\"wp-image-3118 size-medium aligncenter\" src=\"https:\/\/blogsaverroes.juntadeandalucia.es\/ceiplapachar\/files\/2021\/11\/105-mundoprimaria-portal-para-ninos-de-primaria-300x164.jpg\" alt=\"\" width=\"300\" height=\"164\" srcset=\"https:\/\/blogsaverroes.juntadeandalucia.es\/ceiplapachar\/files\/2021\/11\/105-mundoprimaria-portal-para-ninos-de-primaria-300x164.jpg 300w, https:\/\/blogsaverroes.juntadeandalucia.es\/ceiplapachar\/files\/2021\/11\/105-mundoprimaria-portal-para-ninos-de-primaria.jpg 550w\" sizes=\"(max-width: 300px) 100vw, 300px\" \/><\/a><\/td>\n<td style=\"width: 50%;background-color: #d3f0dc\">\n<h2 style=\"text-align: center\"><a href=\"https:\/\/blogsaverroes.juntadeandalucia.es\/ceiplapachar\/files\/2024\/11\/6.png\"><img loading=\"lazy\" decoding=\"async\" class=\"alignleft wp-image-6602\" src=\"https:\/\/blogsaverroes.juntadeandalucia.es\/ceiplapachar\/files\/2024\/11\/6-300x300.png\" alt=\"\" width=\"50\" height=\"50\" srcset=\"https:\/\/blogsaverroes.juntadeandalucia.es\/ceiplapachar\/files\/2024\/11\/6-300x300.png 300w, https:\/\/blogsaverroes.juntadeandalucia.es\/ceiplapachar\/files\/2024\/11\/6-150x150.png 150w, https:\/\/blogsaverroes.juntadeandalucia.es\/ceiplapachar\/files\/2024\/11\/6.png 512w\" sizes=\"(max-width: 50px) 100vw, 50px\" \/><\/a><strong>VEDOQUE<\/strong>.<a href=\"https:\/\/vedoque.com\/\"><img loading=\"lazy\" decoding=\"async\" class=\"size-medium wp-image-4641 aligncenter\" src=\"https:\/\/blogsaverroes.juntadeandalucia.es\/ceiplapachar\/files\/2022\/07\/vedoque-300x175.jpg\" alt=\"\" width=\"300\" height=\"175\" srcset=\"https:\/\/blogsaverroes.juntadeandalucia.es\/ceiplapachar\/files\/2022\/07\/vedoque-300x175.jpg 300w, https:\/\/blogsaverroes.juntadeandalucia.es\/ceiplapachar\/files\/2022\/07\/vedoque.jpg 585w\" sizes=\"(max-width: 300px) 100vw, 300px\" \/><\/a><\/h2>\n<\/td>\n<\/tr>\n<tr>\n<td style=\"width: 50%;background-color: #e6d775\">\n<h2><a href=\"https:\/\/blogsaverroes.juntadeandalucia.es\/ceiplapachar\/files\/2024\/11\/7.jpg\"><img loading=\"lazy\" decoding=\"async\" class=\"wp-image-6604\" src=\"https:\/\/blogsaverroes.juntadeandalucia.es\/ceiplapachar\/files\/2024\/11\/7-300x242.jpg\" alt=\"\" width=\"56\" height=\"45\" srcset=\"https:\/\/blogsaverroes.juntadeandalucia.es\/ceiplapachar\/files\/2024\/11\/7-300x242.jpg 300w, https:\/\/blogsaverroes.juntadeandalucia.es\/ceiplapachar\/files\/2024\/11\/7.jpg 612w\" sizes=\"(max-width: 56px) 100vw, 56px\" \/><\/a><strong>ACTIVIDADES INTERACTIVAS CIENCIAS NATURALES E. PRIMARIA.<\/strong><\/h2>\n<p>&nbsp;<\/p>\n<p><a href=\"https:\/\/wordwall.net\/es-es\/community\/ciencias-naturales\/juegos-de\"><img loading=\"lazy\" decoding=\"async\" class=\"size-medium wp-image-6583 aligncenter\" src=\"https:\/\/blogsaverroes.juntadeandalucia.es\/ceiplapachar\/files\/2024\/11\/wordwall-300x200.jpg\" alt=\"\" width=\"300\" height=\"200\" srcset=\"https:\/\/blogsaverroes.juntadeandalucia.es\/ceiplapachar\/files\/2024\/11\/wordwall-300x200.jpg 300w, https:\/\/blogsaverroes.juntadeandalucia.es\/ceiplapachar\/files\/2024\/11\/wordwall-1024x683.jpg 1024w, https:\/\/blogsaverroes.juntadeandalucia.es\/ceiplapachar\/files\/2024\/11\/wordwall-768x512.jpg 768w, https:\/\/blogsaverroes.juntadeandalucia.es\/ceiplapachar\/files\/2024\/11\/wordwall.jpg 1320w\" sizes=\"(max-width: 300px) 100vw, 300px\" \/><\/a><\/td>\n<td style=\"width: 50%;background-color: #f2c4f5;text-align: center\">\n<h2><strong>2<a href=\"https:\/\/blogsaverroes.juntadeandalucia.es\/ceiplapachar\/files\/2024\/11\/8.jpg\"><img loading=\"lazy\" decoding=\"async\" class=\"alignleft wp-image-6606\" src=\"https:\/\/blogsaverroes.juntadeandalucia.es\/ceiplapachar\/files\/2024\/11\/8-300x300.jpg\" alt=\"\" width=\"50\" height=\"50\" srcset=\"https:\/\/blogsaverroes.juntadeandalucia.es\/ceiplapachar\/files\/2024\/11\/8-300x300.jpg 300w, https:\/\/blogsaverroes.juntadeandalucia.es\/ceiplapachar\/files\/2024\/11\/8-150x150.jpg 150w, https:\/\/blogsaverroes.juntadeandalucia.es\/ceiplapachar\/files\/2024\/11\/8-768x768.jpg 768w, https:\/\/blogsaverroes.juntadeandalucia.es\/ceiplapachar\/files\/2024\/11\/8.jpg 800w\" sizes=\"(max-width: 50px) 100vw, 50px\" \/><\/a>4 JUEGOS INTEACTIVOS PARA APRENDER Y REPASAR ORTOGRAF\u00cdA (GENIALLY).<\/strong><\/h2>\n<p><a href=\"https:\/\/blogsaverroes.juntadeandalucia.es\/ceiplapachar\/files\/2024\/11\/OROTGRAFIA.png\"><img loading=\"lazy\" decoding=\"async\" class=\"alignnone size-full wp-image-6587\" src=\"https:\/\/blogsaverroes.juntadeandalucia.es\/ceiplapachar\/files\/2024\/11\/OROTGRAFIA.png\" alt=\"\" width=\"288\" height=\"175\"><\/a><\/p>\n<p>&nbsp;<\/td>\n<\/tr>\n<tr>\n<td style=\"width: 50%;background-color: #aec7f2\">\n<h2 style=\"text-align: center\"><strong><span class=\"texto2\"><a href=\"https:\/\/blogsaverroes.juntadeandalucia.es\/ceiplapachar\/files\/2025\/07\/numero-9-pegatina.jpg\"><img loading=\"lazy\" decoding=\"async\" class=\"wp-image-6972 alignleft\" src=\"https:\/\/blogsaverroes.juntadeandalucia.es\/ceiplapachar\/files\/2025\/07\/numero-9-pegatina-300x300.jpg\" alt=\"\" width=\"50\" height=\"50\" srcset=\"https:\/\/blogsaverroes.juntadeandalucia.es\/ceiplapachar\/files\/2025\/07\/numero-9-pegatina-300x300.jpg 300w, https:\/\/blogsaverroes.juntadeandalucia.es\/ceiplapachar\/files\/2025\/07\/numero-9-pegatina-150x150.jpg 150w, https:\/\/blogsaverroes.juntadeandalucia.es\/ceiplapachar\/files\/2025\/07\/numero-9-pegatina-768x768.jpg 768w, https:\/\/blogsaverroes.juntadeandalucia.es\/ceiplapachar\/files\/2025\/07\/numero-9-pegatina-80x80.jpg 80w, https:\/\/blogsaverroes.juntadeandalucia.es\/ceiplapachar\/files\/2025\/07\/numero-9-pegatina-320x320.jpg 320w, https:\/\/blogsaverroes.juntadeandalucia.es\/ceiplapachar\/files\/2025\/07\/numero-9-pegatina.jpg 800w\" sizes=\"(max-width: 50px) 100vw, 50px\" \/><\/a>Biblioteca de actividades realizadas con Clic 3.0 y Jclic.<\/span><\/strong><\/h2>\n<p><a href=\"https:\/\/projectes.xtec.cat\/clic\/es\/\"><img loading=\"lazy\" decoding=\"async\" class=\"size-full wp-image-6962 aligncenter\" src=\"https:\/\/blogsaverroes.juntadeandalucia.es\/ceiplapachar\/files\/2025\/07\/jclic.png\" alt=\"\" width=\"274\" height=\"184\"><\/a><\/td>\n<td style=\"width: 50%;background-color: #eda98e;text-align: center\">\n<h2><strong><a href=\"https:\/\/blogsaverroes.juntadeandalucia.es\/ceiplapachar\/files\/2026\/01\/10.jpg\">TABLASDEMULTIPLICAR.COM<img loading=\"lazy\" decoding=\"async\" class=\"wp-image-7212 alignleft\" src=\"https:\/\/blogsaverroes.juntadeandalucia.es\/ceiplapachar\/files\/2026\/01\/10-300x300.jpg\" alt=\"\" width=\"53\" height=\"53\" srcset=\"https:\/\/blogsaverroes.juntadeandalucia.es\/ceiplapachar\/files\/2026\/01\/10-300x300.jpg 300w, https:\/\/blogsaverroes.juntadeandalucia.es\/ceiplapachar\/files\/2026\/01\/10-1024x1024.jpg 1024w, https:\/\/blogsaverroes.juntadeandalucia.es\/ceiplapachar\/files\/2026\/01\/10-150x150.jpg 150w, https:\/\/blogsaverroes.juntadeandalucia.es\/ceiplapachar\/files\/2026\/01\/10-768x768.jpg 768w, https:\/\/blogsaverroes.juntadeandalucia.es\/ceiplapachar\/files\/2026\/01\/10-80x80.jpg 80w, https:\/\/blogsaverroes.juntadeandalucia.es\/ceiplapachar\/files\/2026\/01\/10-320x320.jpg 320w, https:\/\/blogsaverroes.juntadeandalucia.es\/ceiplapachar\/files\/2026\/01\/10.jpg 1200w\" sizes=\"(max-width: 53px) 100vw, 53px\" \/><\/a><a href=\"https:\/\/www.tablasdemultiplicar.com\/\"><img loading=\"lazy\" decoding=\"async\" class=\"wp-image-7213 aligncenter\" src=\"https:\/\/blogsaverroes.juntadeandalucia.es\/ceiplapachar\/files\/2026\/01\/tabla-del-10-225x300.jpg\" alt=\"\" width=\"142\" height=\"189\" srcset=\"https:\/\/blogsaverroes.juntadeandalucia.es\/ceiplapachar\/files\/2026\/01\/tabla-del-10-225x300.jpg 225w, https:\/\/blogsaverroes.juntadeandalucia.es\/ceiplapachar\/files\/2026\/01\/tabla-del-10.jpg 718w\" sizes=\"(max-width: 142px) 100vw, 142px\" \/><\/a> PARA APRENDER LAS TABLAS DE MULTIPLICAR &#8211; DIVERTIDA.<\/strong><\/h2>\n<\/td>\n<\/tr>\n<\/tbody>\n<\/table>\n<p>&nbsp;<\/p>\n<p>&nbsp;<\/p>\n","protected":false},"excerpt":{"rendered":"<p>PLATAFORMAS EDUCATIVAS EXTERNAS AL ALCANCE DE TU MANO&#8230; ENTRA Y APRENDE CON ACTIVIDADES INTERACTIVAS&#8230; &nbsp; S\u00f3lo tienes que pinchar sobre el dibujo de cada plataforma y empezar a buscar actividades interactivas del \u00e1rea y&#46;&#46;&#46;<\/p>\n","protected":false},"author":11673,"featured_media":0,"parent":0,"menu_order":0,"comment_status":"closed","ping_status":"closed","template":"","meta":{"ngg_post_thumbnail":0,"footnotes":"","_mc_calendar":[]},"aioseo_notices":[],"_links":{"self":[{"href":"https:\/\/blogsaverroes.juntadeandalucia.es\/ceiplapachar\/wp-json\/wp\/v2\/pages\/3092"}],"collection":[{"href":"https:\/\/blogsaverroes.juntadeandalucia.es\/ceiplapachar\/wp-json\/wp\/v2\/pages"}],"about":[{"href":"https:\/\/blogsaverroes.juntadeandalucia.es\/ceiplapachar\/wp-json\/wp\/v2\/types\/page"}],"author":[{"embeddable":true,"href":"https:\/\/blogsaverroes.juntadeandalucia.es\/ceiplapachar\/wp-json\/wp\/v2\/users\/11673"}],"replies":[{"embeddable":true,"href":"https:\/\/blogsaverroes.juntadeandalucia.es\/ceiplapachar\/wp-json\/wp\/v2\/comments?post=3092"}],"version-history":[{"count":32,"href":"https:\/\/blogsaverroes.juntadeandalucia.es\/ceiplapachar\/wp-json\/wp\/v2\/pages\/3092\/revisions"}],"predecessor-version":[{"id":7214,"href":"https:\/\/blogsaverroes.juntadeandalucia.es\/ceiplapachar\/wp-json\/wp\/v2\/pages\/3092\/revisions\/7214"}],"wp:attachment":[{"href":"https:\/\/blogsaverroes.juntadeandalucia.es\/ceiplapachar\/wp-json\/wp\/v2\/media?parent=3092"}],"curies":[{"name":"wp","href":"https:\/\/api.w.org\/{rel}","templated":true}]}}