{"id":3107,"date":"2021-11-29T18:18:30","date_gmt":"2021-11-29T18:18:30","guid":{"rendered":"https:\/\/blogsaverroes.juntadeandalucia.es\/ceiplapachar\/?page_id=3107"},"modified":"2021-11-29T18:45:17","modified_gmt":"2021-11-29T18:45:17","slug":"mates-abn","status":"publish","type":"page","link":"https:\/\/blogsaverroes.juntadeandalucia.es\/ceiplapachar\/mates-abn\/","title":{"rendered":"\u00abMATES ABN\u00bb"},"content":{"rendered":"<h3><em><strong>&nbsp;<span style=\"color: #0000ff\">Pincha<\/span>&nbsp;<\/strong><\/em>sobre cada operaci\u00f3n para ver los <strong><span style=\"color: #ff0000\">V\u00cdDEOS TUTORIALES<\/span><\/strong> de las distintas cuentas ABN.&nbsp; En algunos tutoriales hay varias operaciones.<\/h3>\n<p>&nbsp;<\/p>\n<p><img decoding=\"async\" class=\"aligncenter\" title=\"LOGO ABN\" src=\"http:\/\/www.juntadeandalucia.es\/averroes\/centros-tic\/11002274\/helvia\/sitio\/upload\/img\/algoritmoABN_1.png\" alt=\"LOGO ABN\" border=\"0\"><\/p>\n<table style=\"border-collapse: collapse;width: 100%\">\n<tbody>\n<tr style=\"background-color: #e3f76d\">\n<td style=\"width: 100%\" colspan=\"2\">\n<h3 style=\"text-align: center\"><strong>PRIMER CICLO (1\u00ba y 2\u00ba de Primaria):<\/strong><\/h3>\n<\/td>\n<\/tr>\n<tr>\n<td style=\"width: 56.3938%\"><strong><a title=\"Sumas ABN hasta el 100\" href=\"http:\/\/www.juntadeandalucia.es\/averroes\/centros-tic\/11002274\/helvia\/sitio\/upload\/Sumas_ABN_hasta_el_100.mp4\" target=\"_blank\" rel=\"noopener noreferrer\">Sumas hasta el 100:&nbsp;&nbsp;&nbsp;59 + 17 =<\/a><\/strong><\/td>\n<td style=\"width: 43.6062%\" rowspan=\"5\"><a href=\"https:\/\/blogsaverroes.juntadeandalucia.es\/ceiplapachar\/files\/2021\/11\/Algoritmo-ABN.jpg\"><img decoding=\"async\" class=\"size-medium wp-image-3113 aligncenter\" src=\"https:\/\/blogsaverroes.juntadeandalucia.es\/ceiplapachar\/files\/2021\/11\/Algoritmo-ABN-300x158.jpg\" alt=\"\" width=\"300\" height=\"158\" srcset=\"https:\/\/blogsaverroes.juntadeandalucia.es\/ceiplapachar\/files\/2021\/11\/Algoritmo-ABN-300x158.jpg 300w, https:\/\/blogsaverroes.juntadeandalucia.es\/ceiplapachar\/files\/2021\/11\/Algoritmo-ABN-1024x539.jpg 1024w, https:\/\/blogsaverroes.juntadeandalucia.es\/ceiplapachar\/files\/2021\/11\/Algoritmo-ABN-768x404.jpg 768w, https:\/\/blogsaverroes.juntadeandalucia.es\/ceiplapachar\/files\/2021\/11\/Algoritmo-ABN.jpg 1149w\" sizes=\"(max-width: 300px) 100vw, 300px\" \/><\/a><\/td>\n<\/tr>\n<tr>\n<td style=\"width: 56.3938%\"><span style=\"text-decoration: underline\"><strong><a title=\"Restar-Quitar n\u00fameros de tres cifras\" href=\"http:\/\/www.juntadeandalucia.es\/averroes\/centros-tic\/11002274\/helvia\/sitio\/upload\/RestarQuitar_tres_cifras.mp4\" target=\"_blank\" rel=\"noopener noreferrer\">Restar- quitar<\/a>:<a title=\"Restar-Quitar n\u00fameros de tres cifras\" href=\"http:\/\/www.juntadeandalucia.es\/averroes\/centros-tic\/11002274\/helvia\/sitio\/upload\/RestarQuitar_tres_cifras.mp4\" target=\"_blank\" rel=\"noopener noreferrer\">&nbsp; &nbsp;&nbsp;<\/a><a title=\"Restar-Quitar n\u00fameros de tres cifras\" href=\"http:\/\/www.juntadeandalucia.es\/averroes\/centros-tic\/11002274\/helvia\/sitio\/upload\/RestarQuitar_tres_cifras.mp4\" target=\"_blank\" rel=\"noopener noreferrer\">405&nbsp;&#8211; 287 =<\/a><\/strong><\/span><\/td>\n<\/tr>\n<tr>\n<td style=\"width: 56.3938%\"><span style=\"text-decoration: underline\"><strong><a title=\"DOBLE RESTA 87-28-16\" href=\"http:\/\/www.juntadeandalucia.es\/averroes\/centros-tic\/11002274\/helvia\/sitio\/upload\/Doble_resta.mp4\" target=\"_blank\" rel=\"noopener noreferrer\">Doble resta:<\/a>&nbsp; &nbsp;87 &#8211; 28 &#8211; 16 =&nbsp; &nbsp; &nbsp; &nbsp;y&nbsp; &nbsp; &nbsp; &nbsp;&nbsp;650 &#8211; 286 &#8211; 357 =<\/strong><\/span><\/td>\n<\/tr>\n<tr>\n<td style=\"width: 56.3938%\"><span style=\"text-decoration: underline\"><strong><a title=\"IGUALACI\u00d3N 66 - 38\" href=\"http:\/\/www.juntadeandalucia.es\/averroes\/centros-tic\/11002274\/helvia\/sitio\/upload\/Igualacion_ABN.mp4\" target=\"_blank\" rel=\"noopener noreferrer\">Igualaci\u00f3n:&nbsp;<\/a>&nbsp; &nbsp;&nbsp;66 y 38&nbsp; &nbsp; &nbsp; &nbsp;&nbsp;y&nbsp; &nbsp; &nbsp; &nbsp;271 y 167&nbsp;<\/strong><\/span><\/td>\n<\/tr>\n<tr>\n<td style=\"width: 56.3938%\"><span style=\"text-decoration: underline\"><strong><a title=\"SUMIRRESTA 28+47-59\" href=\"http:\/\/www.juntadeandalucia.es\/averroes\/centros-tic\/11002274\/helvia\/sitio\/upload\/Sumirresta.mp4\" target=\"_blank\" rel=\"noopener noreferrer\">Sumirresta:<\/a>&nbsp; &nbsp;&nbsp;28 + 47 &#8211; 59 =&nbsp; &nbsp; &nbsp; &nbsp;&nbsp;y&nbsp; &nbsp; &nbsp; 218 + 329 &#8211; 457 =&nbsp;<\/strong><\/span><\/td>\n<\/tr>\n<tr>\n<td style=\"width: 56.3938%\" colspan=\"2\"><span style=\"text-decoration: underline\"><strong><a title=\"RESTAS EN ESCALERAS\" href=\"http:\/\/www.juntadeandalucia.es\/averroes\/centros-tic\/11002274\/helvia\/sitio\/upload\/Resta_en_escalera.mp4\" target=\"_blank\" rel=\"noopener noreferrer\">Restar bajar y Restar subir (EN ESCALERA)<\/a>:&nbsp;74 &#8211; 25 =&nbsp;y&nbsp;93 &#8211; 45 =<\/strong><\/span><\/td>\n<\/tr>\n<\/tbody>\n<\/table>\n<p>&nbsp;<\/p>\n<table style=\"border-collapse: collapse;width: 100%\">\n<tbody>\n<tr style=\"background-color: #f2bb8a\">\n<td style=\"width: 50%\" colspan=\"2\">\n<h3 style=\"text-align: center\"><strong>SEGUNDO CICLO (3\u00ba y 4\u00ba de Primaria):<\/strong><\/h3>\n<\/td>\n<\/tr>\n<tr>\n<td style=\"text-align: center\" colspan=\"2\"><strong><a title=\"TUTORIAL MULTIPLICACI\u00d3N X UNA CIFRA POR DESCOMPOSICI\u00d3N\" href=\"http:\/\/www.juntadeandalucia.es\/averroes\/centros-tic\/11002274\/helvia\/sitio\/upload\/Tutorial_Producto_ABN_I.mp4\" target=\"_blank\" rel=\"noopener noreferrer\">Multiplicaci\u00f3n por una cifra, descomponiendo:<\/a>&nbsp;&nbsp;&nbsp;238 x 8 =<\/strong><\/td>\n<\/tr>\n<tr>\n<td style=\"text-align: center\" colspan=\"2\"><strong><a title=\"TUTORIAL MULTIPLICACI\u00d3N X DOS CIFRAS POR DESCOMPOSICI\u00d3N\" href=\"http:\/\/www.juntadeandalucia.es\/averroes\/centros-tic\/11002274\/helvia\/sitio\/upload\/Tutorial_Producto__ABN_II.mp4\" target=\"_blank\" rel=\"noopener noreferrer\">Multiplicaci\u00f3n por dos cifras, descomponiendo:<\/a><\/strong>&nbsp; &nbsp;&nbsp;<strong>285 x 74 =<\/strong><\/td>\n<\/tr>\n<tr>\n<td style=\"text-align: center\" colspan=\"2\"><strong><a title=\"TUTORIAL MULTIPLICACI\u00d3N X DOS CIFRAS POSICIONAL\" href=\"http:\/\/www.juntadeandalucia.es\/averroes\/centros-tic\/11002274\/helvia\/sitio\/upload\/Tutorial_Producto_Posicional_ABN.mp4\" target=\"_blank\" rel=\"noopener noreferrer\">Multiplicaci\u00f3n POSICIONAL por dos cifras:<\/a><\/strong>&nbsp; &nbsp;&nbsp;<strong>423&nbsp;x&nbsp;28&nbsp;<\/strong><strong>=<\/strong><\/td>\n<\/tr>\n<tr>\n<td style=\"text-align: center\" colspan=\"2\"><strong><a href=\"https:\/\/www.youtube.com\/watch?v=R2kBoMjyGk8\">Divisi\u00f3n por una cifra:<\/a>&nbsp;&nbsp;57: 6 =<\/strong><\/td>\n<\/tr>\n<tr>\n<td style=\"text-align: center\" colspan=\"2\"><strong><a title=\"VIDEO TUTORIAL DIVISI\u00d3N X DOS CIFRAS-N\u00daMEROS PEQUE\u00d1OS\" href=\"http:\/\/www.juntadeandalucia.es\/averroes\/centros-tic\/11002274\/helvia\/sitio\/upload\/2Division_por_2_cifrasEscala_sintetica.mp4\" target=\"_blank\" rel=\"noopener noreferrer\">Divisi\u00f3n por dos cifras, con n\u00fameros peque\u00f1os:<\/a>&nbsp;&nbsp;3.298 : 12 =<\/strong><\/td>\n<\/tr>\n<tr>\n<td style=\"text-align: center\" colspan=\"2\"><strong><a title=\"VIDEO TUTORIAL DIVISI\u00d3N POR DOS CIFRAS N\u00daMEROS MAYORES\" href=\"http:\/\/www.juntadeandalucia.es\/averroes\/centros-tic\/11002274\/helvia\/sitio\/upload\/1.Division_en_el_que_el_divisor_es_un_numero_de_dos_cifras.mp4\" target=\"_blank\" rel=\"noopener noreferrer\">Divis\u00f3n por dos cifras, con n\u00fameros mayores:&nbsp;<\/a>&nbsp;&nbsp;15.169 : 32 =<\/strong><\/td>\n<\/tr>\n<tr>\n<td style=\"width: 50%;text-align: center\" colspan=\"2\"><strong><a title=\"RESTA POR COMPARACI\u00d3N93-67\" href=\"http:\/\/www.juntadeandalucia.es\/averroes\/centros-tic\/11002274\/helvia\/sitio\/upload\/3.Detraccion_por_compariacion.mp4\" target=\"_blank\" rel=\"noopener noreferrer\">Resta por comparaci\u00f3n:&nbsp;<\/a>&nbsp;&nbsp;93 &#8211; 67 =&nbsp; &nbsp; &nbsp;&nbsp;y&nbsp; &nbsp; &nbsp;346 &#8211; 287 =<\/strong><\/td>\n<\/tr>\n<\/tbody>\n<\/table>\n<p><a href=\"https:\/\/blogsaverroes.juntadeandalucia.es\/ceiplapachar\/files\/2021\/11\/metodo-ABN-Matem\u00e1ticas.jpg\"><img decoding=\"async\" class=\"size-medium wp-image-3115 aligncenter\" src=\"https:\/\/blogsaverroes.juntadeandalucia.es\/ceiplapachar\/files\/2021\/11\/metodo-ABN-Matem\u00e1ticas-300x158.jpg\" alt=\"\" width=\"300\" height=\"158\" srcset=\"https:\/\/blogsaverroes.juntadeandalucia.es\/ceiplapachar\/files\/2021\/11\/metodo-ABN-Matem\u00e1ticas-300x158.jpg 300w, https:\/\/blogsaverroes.juntadeandalucia.es\/ceiplapachar\/files\/2021\/11\/metodo-ABN-Matem\u00e1ticas-768x404.jpg 768w, https:\/\/blogsaverroes.juntadeandalucia.es\/ceiplapachar\/files\/2021\/11\/metodo-ABN-Matem\u00e1ticas.jpg 866w\" sizes=\"(max-width: 300px) 100vw, 300px\" \/><\/a><\/p>\n<table style=\"border-collapse: collapse;width: 100%\">\n<tbody>\n<tr style=\"background-color: #44f27b\">\n<td style=\"width: 100%\">\n<h3 style=\"text-align: center\"><strong>TERCER CICLO (5\u00ba Y 6\u00ba de Primaria):<\/strong><\/h3>\n<\/td>\n<\/tr>\n<tr>\n<td style=\"width: 100%;text-align: center\"><strong><a title=\"RESTA POR COMPARACI\u00d3N N\u00daMEROS MAYORES 232.428-34.446\" href=\"http:\/\/www.juntadeandalucia.es\/averroes\/centros-tic\/11002274\/helvia\/sitio\/upload\/4.Resta_por_detraccion_y_comparacion_en_millares.mp4\" target=\"_blank\" rel=\"noopener noreferrer\">Resta por comparaci\u00f3n de n\u00fameros grandes:<\/a>&nbsp;&nbsp;232.528 &#8211; 34.446 =<\/strong><\/td>\n<\/tr>\n<tr>\n<td style=\"width: 100%;text-align: center\"><strong><a title=\"OPERACIONES CON UNIDADES DE TIEMPO\" href=\"http:\/\/www.juntadeandalucia.es\/averroes\/centros-tic\/11002274\/helvia\/sitio\/upload\/Unidades_de_tiempo.mp4\" target=\"_blank\" rel=\"noopener noreferrer\">C\u00e1lculo de unidades de tiempo, horas, minutos y segundos.<\/a><\/strong><\/td>\n<\/tr>\n<tr>\n<td style=\"width: 100%;text-align: center\"><strong><a href=\"https:\/\/www.youtube.com\/watch?v=5yXdoj0LUmk\">Suma con unidades de tiempo<\/a><\/strong>:&nbsp;&nbsp;<strong>6 h 55 min 15 seg + 9 h 32 min 43 seg =<\/strong><\/td>\n<\/tr>\n<tr>\n<td style=\"width: 100%;text-align: center\"><strong><a href=\"https:\/\/www.youtube.com\/watch?v=ktbbrdswxcM\">Resta con unidades de tiempo<\/a>:&nbsp;5 h 25 min 43 seg &#8211; 2 h 39 min 33 seg =<\/strong><\/td>\n<\/tr>\n<\/tbody>\n<\/table>\n<h3>&nbsp;<\/h3>\n","protected":false},"excerpt":{"rendered":"<p>&nbsp;Pincha&nbsp;sobre cada operaci\u00f3n para ver los V\u00cdDEOS TUTORIALES de las distintas cuentas ABN.&nbsp; En algunos tutoriales hay varias operaciones. &nbsp; PRIMER CICLO (1\u00ba y 2\u00ba de Primaria): Sumas hasta el 100:&nbsp;&nbsp;&nbsp;59 + 17 =&#46;&#46;&#46;<\/p>\n","protected":false},"author":11673,"featured_media":0,"parent":0,"menu_order":0,"comment_status":"closed","ping_status":"closed","template":"","meta":{"ngg_post_thumbnail":0,"footnotes":"","_mc_calendar":[]},"aioseo_notices":[],"_links":{"self":[{"href":"https:\/\/blogsaverroes.juntadeandalucia.es\/ceiplapachar\/wp-json\/wp\/v2\/pages\/3107"}],"collection":[{"href":"https:\/\/blogsaverroes.juntadeandalucia.es\/ceiplapachar\/wp-json\/wp\/v2\/pages"}],"about":[{"href":"https:\/\/blogsaverroes.juntadeandalucia.es\/ceiplapachar\/wp-json\/wp\/v2\/types\/page"}],"author":[{"embeddable":true,"href":"https:\/\/blogsaverroes.juntadeandalucia.es\/ceiplapachar\/wp-json\/wp\/v2\/users\/11673"}],"replies":[{"embeddable":true,"href":"https:\/\/blogsaverroes.juntadeandalucia.es\/ceiplapachar\/wp-json\/wp\/v2\/comments?post=3107"}],"version-history":[{"count":5,"href":"https:\/\/blogsaverroes.juntadeandalucia.es\/ceiplapachar\/wp-json\/wp\/v2\/pages\/3107\/revisions"}],"predecessor-version":[{"id":3116,"href":"https:\/\/blogsaverroes.juntadeandalucia.es\/ceiplapachar\/wp-json\/wp\/v2\/pages\/3107\/revisions\/3116"}],"wp:attachment":[{"href":"https:\/\/blogsaverroes.juntadeandalucia.es\/ceiplapachar\/wp-json\/wp\/v2\/media?parent=3107"}],"curies":[{"name":"wp","href":"https:\/\/api.w.org\/{rel}","templated":true}]}}