{"id":3686,"date":"2021-12-16T09:11:53","date_gmt":"2021-12-16T09:11:53","guid":{"rendered":"https:\/\/blogsaverroes.juntadeandalucia.es\/ceiplapachar\/?page_id=3686"},"modified":"2021-12-16T09:17:28","modified_gmt":"2021-12-16T09:17:28","slug":"etwinning-20-21","status":"publish","type":"page","link":"https:\/\/blogsaverroes.juntadeandalucia.es\/ceiplapachar\/etwinning-20-21\/","title":{"rendered":"eTwinning 20-21."},"content":{"rendered":"<div id=\"contenido_principal\">\n<table id=\"\" style=\"width: 96.2427%\" border=\"0\" width=\"100%\" cellspacing=\"0\" cellpadding=\"0\">\n<tbody>\n<tr>\n<td class=\"col-contenido\" style=\"width: 99.2727%\" valign=\"top\">\n<div id=\"contenido\" class=\"contenido\">\n<div id=\"contenido_sitio\">\n<table style=\"width: 500px;background-color: #eaed4c\" border=\"0\" align=\"center\">\n<tbody>\n<tr>\n<td style=\"background-color: #95ed8a\">\n<p style=\"text-align: center\"><strong>&nbsp;PROYECTO ETWINNIG&nbsp;<\/strong><\/p>\n<p style=\"text-align: center\"><strong>&nbsp; &nbsp;C.E.I.P. LAPACHAR<\/strong><\/p>\n<p style=\"text-align: center\"><strong>6\u00ba B<\/strong><\/p>\n<p style=\"text-align: center\"><strong>&nbsp; &nbsp;ACROSS THE BOUNDARIES&nbsp;&nbsp;<\/strong>&nbsp;<\/p>\n<\/td>\n<td><img decoding=\"async\" class=\"aligncenter\" src=\"http:\/\/www.juntadeandalucia.es\/averroes\/centros-tic\/11002274\/helvia\/sitio\/upload\/img\/MAPA_ETWINNING.png\" alt=\"\" width=\"80\" height=\"59\" border=\"0\"><\/td>\n<\/tr>\n<\/tbody>\n<\/table>\n<p style=\"text-align: justify\">&nbsp; &nbsp;Es un proyecto basado en la necesidad de comunicarnos con los dem\u00e1s en un idioma com\u00fan, que hoy en d\u00eda es el ingl\u00e9s.<\/p>\n<p style=\"text-align: justify\">&nbsp; &nbsp;Nuestros alumnos\/as tienen dificultades en aprender&nbsp; idiomas extranjeros. Necesitan mejorar sus habilidades para la comunicaci\u00f3n. Por eso surge la necesidad de aprender el INGL\u00c9S de una manera m\u00e1s directa e interactiva. El objetivo del proyecto es animar a nuestros estudiantes a utilizar el ingl\u00e9s y mejorar sus habilidades de expresi\u00f3n en este idioma, as\u00ed como conocer otras culturas y costumbres diferentes y mejorar el vocabulario y la sensibilidad hacia la diversidad cultural.<\/p>\n<p>&nbsp;<strong> &nbsp;\u00bf QU\u00c9 RESULTADOS ESPERAMOS ?<\/strong><\/p>\n<p>&nbsp; &nbsp;A trav\u00e9s de este proyecto, nuestros alumnos\/as:<\/p>\n<p>&nbsp; &nbsp;&#8211;&nbsp; &nbsp;Tendr\u00e1n una mentalidad m\u00e1s abierta y estar\u00e1n m\u00e1s dispuestos a conocer amigos por toda Europa.<\/p>\n<p>&nbsp; &nbsp;&#8211;&nbsp; &nbsp;Desarrollar\u00e1n sus habilidades de comunicaci\u00f3n.<\/p>\n<p>&nbsp; &nbsp;&#8211;&nbsp; &nbsp;Aumentar\u00e1n la conciencia de las diferencias culturales y se har\u00e1n m\u00e1s tolerantes.<\/p>\n<p>&nbsp; &nbsp;&#8211;&nbsp; &nbsp;Mejorar\u00e1n la confianza en s\u00ed mismos.<\/p>\n<p>&nbsp; &nbsp;&#8211;&nbsp; &nbsp;Mejorar\u00e1n su vocabulario.<\/p>\n<p>&nbsp;&#8211;&nbsp; Coorperar\u00e1n, asumiendo responsabilidades, expres\u00e1ndose de forma afectiva.<\/p>\n<p>&nbsp; &nbsp; &#8211;&nbsp; &nbsp;Mejorar\u00e1n sus habilidades de hablar en ingl\u00e9s, tanto en t\u00e9rmino de fluidez como en comprensi\u00f3n.<\/p>\n<p>&nbsp; &nbsp; &#8211;&nbsp; &nbsp; Desarrollar\u00e1n habilidades como pensadores cr\u00edticos.<\/p>\n<p>&nbsp; &nbsp;<strong>PA\u00cdSES PARTICIPANTES&nbsp;:&nbsp; POLONIA, TURQU\u00cdA, ITALIA, HUNGR\u00cdA Y ESPA\u00d1A.<\/strong><\/p>\n<table border=\"1\" align=\"center\">\n<tbody>\n<tr style=\"background-color: #f59f36\">\n<td>\n<p style=\"text-align: center\">&nbsp; &nbsp;<strong>ACTIVIDADES DEL PROYECTO&nbsp; &nbsp;<\/strong><\/p>\n<p style=\"text-align: center\"><strong>Iremos incluyendo aqu\u00ed las actividades desarrolladas durante el curso.<\/strong><\/p>\n<\/td>\n<\/tr>\n<tr>\n<td>&nbsp;<strong>&nbsp;&nbsp;VIDEOCONFERENCIA DE NUESTROS ALUMNOS\/AS CON NI\u00d1OS DE TURQU\u00cdA.<\/strong><\/p>\n<p>&nbsp; &nbsp;PARTICIPAN DOS COLEGIOS TURCOS JUNTO CON EL NUESTRO:&nbsp;<\/p>\n<p>&nbsp; NOMBRE DE LOS COLEGIO TURCOS:<\/p>\n<p>&#8211;&nbsp; &nbsp;ISMAIL SAFA \u00d6ZLER ANADOLU LISESI,&nbsp; &nbsp;CIUDAD:&nbsp; GUKUROVA.<\/p>\n<p>&#8211;&nbsp; &nbsp;AYSE DOGAN MESLEKI VE TEKMIK ANADOLU LISESI, CIUDAD: BIGA<\/td>\n<\/tr>\n<tr>\n<td>&nbsp;<strong>MAESTRAS QUE PARTICIPAN<\/strong>: Mar\u00eda del Carmen Cabo y Eva Mar\u00eda Valverde. En estas fotos podemos ver la sala de videoconferencias con el rostro de los alumnos, tapados por emoticonos.<\/td>\n<\/tr>\n<\/tbody>\n<\/table>\n<table border=\"0\" align=\"center\">\n<tbody>\n<tr>\n<td><img decoding=\"async\" class=\"aligncenter\" src=\"http:\/\/www.juntadeandalucia.es\/averroes\/centros-tic\/11002274\/helvia\/sitio\/upload\/img\/videoconferencia_turquia_1_1.jpeg\" border=\"0\"><\/td>\n<\/tr>\n<tr>\n<td><img decoding=\"async\" class=\"aligncenter\" src=\"http:\/\/www.juntadeandalucia.es\/averroes\/centros-tic\/11002274\/helvia\/sitio\/upload\/img\/videoconferencia_con_turqioa_2_1.jpeg\" border=\"0\"><\/td>\n<\/tr>\n<\/tbody>\n<\/table>\n<\/div>\n<div>&nbsp;<\/div>\n<\/div>\n<\/td>\n<td style=\"width: 0.251889%\">&nbsp;<\/td>\n<\/tr>\n<\/tbody>\n<\/table>\n<\/div>\n","protected":false},"excerpt":{"rendered":"<p>&nbsp;PROYECTO ETWINNIG&nbsp; &nbsp; &nbsp;C.E.I.P. LAPACHAR 6\u00ba B &nbsp; &nbsp;ACROSS THE BOUNDARIES&nbsp;&nbsp;&nbsp; &nbsp; &nbsp;Es un proyecto basado en la necesidad de comunicarnos con los dem\u00e1s en un idioma com\u00fan, que hoy en d\u00eda es el&#46;&#46;&#46;<\/p>\n","protected":false},"author":11673,"featured_media":0,"parent":0,"menu_order":0,"comment_status":"closed","ping_status":"closed","template":"","meta":{"ngg_post_thumbnail":0,"footnotes":"","_mc_calendar":[]},"aioseo_notices":[],"_links":{"self":[{"href":"https:\/\/blogsaverroes.juntadeandalucia.es\/ceiplapachar\/wp-json\/wp\/v2\/pages\/3686"}],"collection":[{"href":"https:\/\/blogsaverroes.juntadeandalucia.es\/ceiplapachar\/wp-json\/wp\/v2\/pages"}],"about":[{"href":"https:\/\/blogsaverroes.juntadeandalucia.es\/ceiplapachar\/wp-json\/wp\/v2\/types\/page"}],"author":[{"embeddable":true,"href":"https:\/\/blogsaverroes.juntadeandalucia.es\/ceiplapachar\/wp-json\/wp\/v2\/users\/11673"}],"replies":[{"embeddable":true,"href":"https:\/\/blogsaverroes.juntadeandalucia.es\/ceiplapachar\/wp-json\/wp\/v2\/comments?post=3686"}],"version-history":[{"count":4,"href":"https:\/\/blogsaverroes.juntadeandalucia.es\/ceiplapachar\/wp-json\/wp\/v2\/pages\/3686\/revisions"}],"predecessor-version":[{"id":6953,"href":"https:\/\/blogsaverroes.juntadeandalucia.es\/ceiplapachar\/wp-json\/wp\/v2\/pages\/3686\/revisions\/6953"}],"wp:attachment":[{"href":"https:\/\/blogsaverroes.juntadeandalucia.es\/ceiplapachar\/wp-json\/wp\/v2\/media?parent=3686"}],"curies":[{"name":"wp","href":"https:\/\/api.w.org\/{rel}","templated":true}]}}