{"id":3779,"date":"2021-12-19T16:55:32","date_gmt":"2021-12-19T16:55:32","guid":{"rendered":"https:\/\/blogsaverroes.juntadeandalucia.es\/ceiplapachar\/?page_id=3779"},"modified":"2021-12-19T17:12:30","modified_gmt":"2021-12-19T17:12:30","slug":"pedagogia-terapeutica-p-t","status":"publish","type":"page","link":"https:\/\/blogsaverroes.juntadeandalucia.es\/ceiplapachar\/pedagogia-terapeutica-p-t\/","title":{"rendered":"PEDAGOG\u00cdA TERAPE\u00daTICA P.T."},"content":{"rendered":"<div id=\"tituloItem\" class=\"blockTituloItem\"><span class=\"tituloItem\">Pedagog\u00eda Terap\u00e9utica P.T.<\/span><\/div>\n<div id=\"contenido_sitio\">\n<table style=\"width: 500px\" border=\"0\" align=\"center\">\n<tbody>\n<tr>\n<td><img decoding=\"async\" class=\"aligncenter\" src=\"http:\/\/www.juntadeandalucia.es\/averroes\/centros-tic\/11002274\/helvia\/sitio\/upload\/img\/PT.jpg\" alt=\"\" width=\"137\" height=\"97\" border=\"0\"><\/td>\n<td style=\"background-color: #f0c369\">\n<p style=\"text-align: center\"><strong>ACTIVIDADES INTERACTIVAS&nbsp;<\/strong><\/p>\n<p style=\"text-align: center\"><strong>VARIADAS&nbsp;Y <\/strong><\/p>\n<p style=\"text-align: center\"><strong>MUY DIVERTIDAS.<\/strong><\/p>\n<p style=\"text-align: center\"><strong>P.T.<\/strong><\/p>\n<\/td>\n<td><img decoding=\"async\" class=\"aligncenter\" src=\"http:\/\/www.juntadeandalucia.es\/averroes\/centros-tic\/11002274\/helvia\/sitio\/upload\/img\/PT2.jpg\" width=\"138\" height=\"180\" border=\"0\"><\/td>\n<\/tr>\n<\/tbody>\n<\/table>\n<p>&nbsp; &nbsp;&nbsp;Pincha&nbsp;sobre los apartados correspondientes para acceder al contenido.<\/p>\n<table style=\"width: 700px;background-color: #f2acac\" border=\"2\" align=\"center\">\n<tbody>\n<tr>\n<td style=\"text-align: center\"><strong><a href=\"https:\/\/es.liveworksheets.com\/worksheets\/es\/Educaci%C3%B3n_Especial\">FICHAS INTERACTIVAS DE EDUCACI\u00d3N ESPECIAL: AGENDA, BUSCAR SOMBRAS, DIFERENCIAS, CONTEO, DEPORTE, CONCIENCIA FONOL\u00d3GICA, DISCRIMINACI\u00d3N VISUAL, RAZONAMIENTO&#8230;<\/a><\/strong><\/td>\n<\/tr>\n<\/tbody>\n<\/table>\n<table style=\"width: 600px;background-color: #d7c8f7\" border=\"2\" align=\"center\">\n<tbody>\n<tr>\n<td style=\"text-align: center\"><strong>&nbsp;&nbsp;<a href=\"https:\/\/es.liveworksheets.com\/worksheets\/es\/Pedagog%C3%ADa_Terap%C3%A9utica_(PT)\/Emociones\">FICHAS INTERACTIVAS PARA DESARROLLAR LAS EMOCIONES.<\/a>&nbsp;&nbsp;<\/strong><\/td>\n<\/tr>\n<\/tbody>\n<\/table>\n<table border=\"2\" align=\"center\">\n<tbody>\n<tr>\n<td style=\"width: 500px;background-color: #adf0aa;text-align: center\"><strong>&nbsp;&nbsp;<a href=\"https:\/\/es.liveworksheets.com\/worksheets\/es\/Pedagog%C3%ADa_Terap%C3%A9utica_(PT)\/Atenci%C3%B3n\">FICHAS INTERACTIVAS PARA MEJORAR LA ATENCI\u00d3N.<\/a>&nbsp;&nbsp;<\/strong><\/td>\n<\/tr>\n<\/tbody>\n<\/table>\n<table style=\"width: 600px;background-color: #ebdc6e\" border=\"2\" align=\"center\">\n<tbody>\n<tr>\n<td style=\"text-align: center\"><strong><a href=\"https:\/\/es.liveworksheets.com\/worksheets\/es\/Pedagog%C3%ADa_Terap%C3%A9utica_(PT)\/Comprensi%C3%B3n_lectora\">FICHAS INTERACTIVAS PARA DESARROLLAR LA COMPRENSI\u00d3N LECTORA.<\/a>&nbsp;<\/strong>&nbsp;<\/td>\n<\/tr>\n<\/tbody>\n<\/table>\n<table border=\"2\" align=\"center\">\n<tbody>\n<tr>\n<td style=\"width: 500px;background-color: #f5c9b0;text-align: center\"><strong>&nbsp;&nbsp;<a href=\"https:\/\/es.liveworksheets.com\/worksheets\/es\/Pedagog%C3%ADa_Terap%C3%A9utica_(PT)\/Lectoescritura\">FICHAS INTERACTIVAS PARA DESARROLLAR LA LECTURA.<\/a>&nbsp;&nbsp;<\/strong><\/td>\n<\/tr>\n<\/tbody>\n<\/table>\n<\/div>\n","protected":false},"excerpt":{"rendered":"<p>Pedagog\u00eda Terap\u00e9utica P.T. ACTIVIDADES INTERACTIVAS&nbsp; VARIADAS&nbsp;Y MUY DIVERTIDAS. P.T. &nbsp; &nbsp;&nbsp;Pincha&nbsp;sobre los apartados correspondientes para acceder al contenido. FICHAS INTERACTIVAS DE EDUCACI\u00d3N ESPECIAL: AGENDA, BUSCAR SOMBRAS, DIFERENCIAS, CONTEO, DEPORTE, CONCIENCIA FONOL\u00d3GICA, DISCRIMINACI\u00d3N VISUAL, RAZONAMIENTO&#8230;&#46;&#46;&#46;<\/p>\n","protected":false},"author":11673,"featured_media":0,"parent":0,"menu_order":0,"comment_status":"closed","ping_status":"closed","template":"","meta":{"ngg_post_thumbnail":0,"footnotes":"","_mc_calendar":[]},"aioseo_notices":[],"_links":{"self":[{"href":"https:\/\/blogsaverroes.juntadeandalucia.es\/ceiplapachar\/wp-json\/wp\/v2\/pages\/3779"}],"collection":[{"href":"https:\/\/blogsaverroes.juntadeandalucia.es\/ceiplapachar\/wp-json\/wp\/v2\/pages"}],"about":[{"href":"https:\/\/blogsaverroes.juntadeandalucia.es\/ceiplapachar\/wp-json\/wp\/v2\/types\/page"}],"author":[{"embeddable":true,"href":"https:\/\/blogsaverroes.juntadeandalucia.es\/ceiplapachar\/wp-json\/wp\/v2\/users\/11673"}],"replies":[{"embeddable":true,"href":"https:\/\/blogsaverroes.juntadeandalucia.es\/ceiplapachar\/wp-json\/wp\/v2\/comments?post=3779"}],"version-history":[{"count":3,"href":"https:\/\/blogsaverroes.juntadeandalucia.es\/ceiplapachar\/wp-json\/wp\/v2\/pages\/3779\/revisions"}],"predecessor-version":[{"id":3799,"href":"https:\/\/blogsaverroes.juntadeandalucia.es\/ceiplapachar\/wp-json\/wp\/v2\/pages\/3779\/revisions\/3799"}],"wp:attachment":[{"href":"https:\/\/blogsaverroes.juntadeandalucia.es\/ceiplapachar\/wp-json\/wp\/v2\/media?parent=3779"}],"curies":[{"name":"wp","href":"https:\/\/api.w.org\/{rel}","templated":true}]}}