{"id":82,"date":"2015-03-16T06:59:55","date_gmt":"2015-03-16T06:59:55","guid":{"rendered":"http:\/\/blogsaverroes.juntadeandalucia.es\/pre\/ceip\/?page_id=82"},"modified":"2024-11-17T19:42:20","modified_gmt":"2024-11-17T19:42:20","slug":"horarios","status":"publish","type":"page","link":"https:\/\/blogsaverroes.juntadeandalucia.es\/ceiplapachar\/horarios\/","title":{"rendered":"Horarios"},"content":{"rendered":"<div id=\"contenido_sitio\">\n<table style=\"width: 98%\" border=\"2\" align=\"center\">\n<tbody>\n<tr>\n<td style=\"width: 3.91645%\">&nbsp;<\/td>\n<td style=\"background-color: #f5e836;width: 92.0366%\">\n<h1 style=\"text-align: center\">&nbsp;<strong>&nbsp;&nbsp;<\/strong><strong>CONSULTA <\/strong><strong>AQU\u00cd LOS&nbsp; &nbsp; <a href=\"https:\/\/blogsaverroes.juntadeandalucia.es\/ceiplapachar\/files\/2024\/11\/horario-dibujalia-es.png\"><img decoding=\"async\" class=\"wp-image-6564 alignleft\" src=\"https:\/\/blogsaverroes.juntadeandalucia.es\/ceiplapachar\/files\/2024\/11\/horario-dibujalia-es-300x212.png\" alt=\"\" width=\"202\" height=\"143\" srcset=\"https:\/\/blogsaverroes.juntadeandalucia.es\/ceiplapachar\/files\/2024\/11\/horario-dibujalia-es-300x212.png 300w, https:\/\/blogsaverroes.juntadeandalucia.es\/ceiplapachar\/files\/2024\/11\/horario-dibujalia-es-768x543.png 768w, https:\/\/blogsaverroes.juntadeandalucia.es\/ceiplapachar\/files\/2024\/11\/horario-dibujalia-es.png 850w\" sizes=\"(max-width: 202px) 100vw, 202px\" \/><\/a><\/strong><\/h1>\n<h1 style=\"text-align: center\"><strong>&nbsp;<\/strong><\/h1>\n<h1 style=\"text-align: center\"><strong>HORARIOS DE TU CLASE..<\/strong>.<\/h1>\n<p style=\"text-align: center\"><strong>&nbsp; &nbsp; &nbsp;&nbsp;<\/strong><\/p>\n<\/td>\n<td style=\"width: 3.91645%\">&nbsp;<\/td>\n<\/tr>\n<\/tbody>\n<\/table>\n<div>\n<table style=\"width: 33.3902%;height: 120px\" border=\"1\" align=\"center\">\n<tbody>\n<tr style=\"height: 24px;background-color: #edda2b\">\n<td style=\"height: 24px\" colspan=\"3\">\n<p style=\"text-align: center\"><strong>&nbsp;<span style=\"color: #ff00ff\"> &nbsp;<span style=\"color: #993366\">HORARIOS DE PRIMARIA&nbsp; <\/span><\/span><\/strong><\/p>\n<p style=\"text-align: center\"><a href=\"https:\/\/blogsaverroes.juntadeandalucia.es\/ceiplapachar\/files\/2024\/11\/HORARIOS-CLASES-DE-PRIMARIA.pdf\"><strong>Pincha para consultarlos&#8230;&nbsp;<\/strong><\/a><\/p>\n<\/td>\n<\/tr>\n<\/tbody>\n<\/table>\n<p><a href=\"https:\/\/blogsaverroes.juntadeandalucia.es\/ceiplapachar\/files\/2024\/11\/nino-poizarra.jpg\"><img decoding=\"async\" class=\"size-full wp-image-6568 alignright\" src=\"https:\/\/blogsaverroes.juntadeandalucia.es\/ceiplapachar\/files\/2024\/11\/nino-poizarra.jpg\" alt=\"\" width=\"166\" height=\"200\"><\/a><\/p>\n<table style=\"width: 31.6034%;height: 120px\" border=\"1\" align=\"center\">\n<tbody>\n<tr style=\"background-color: #53f23a\">\n<td style=\"text-align: center;height: 48px\" colspan=\"2\"><strong>&nbsp; <span style=\"color: #993366\">&nbsp; HORARIOS DE INFANTIL<\/span><\/strong><\/p>\n<p><strong><a href=\"https:\/\/blogsaverroes.juntadeandalucia.es\/ceiplapachar\/files\/2024\/11\/HORARIOS-CLASES-DE-INFANTIL.pdf\">Pincha para consultarlos&#8230;&nbsp;<\/a> &nbsp;<\/strong><\/td>\n<\/tr>\n<\/tbody>\n<\/table>\n<\/div>\n<\/div>\n<div>\n<table style=\"border-collapse: collapse;width: 100%\">\n<tbody>\n<tr>\n<td style=\"width: 718.92px;background-color: #f7f379;border-color: #fafafa;text-align: center\"><strong>DISTRIBUCI\u00d3N HORARIO SEMANAL POR \u00c1REAS &#8211; EDUCACI\u00d3N PRIMARIA &#8211; CURSO 2.024-25<\/strong><\/td>\n<\/tr>\n<\/tbody>\n<\/table>\n<\/div>\n<div>&nbsp;<\/div>\n<div><a href=\"https:\/\/blogsaverroes.juntadeandalucia.es\/ceiplapachar\/files\/2023\/12\/HORARIO-PRIMARIA-23-24.png\"><img fetchpriority=\"high\" decoding=\"async\" class=\"aligncenter wp-image-5873 size-full\" src=\"https:\/\/blogsaverroes.juntadeandalucia.es\/ceiplapachar\/files\/2023\/12\/HORARIO-PRIMARIA-23-24.png\" alt=\"\" width=\"758\" height=\"526\" srcset=\"https:\/\/blogsaverroes.juntadeandalucia.es\/ceiplapachar\/files\/2023\/12\/HORARIO-PRIMARIA-23-24.png 758w, https:\/\/blogsaverroes.juntadeandalucia.es\/ceiplapachar\/files\/2023\/12\/HORARIO-PRIMARIA-23-24-300x208.png 300w\" sizes=\"(max-width: 758px) 100vw, 758px\" \/><\/a><\/div>\n<p>&nbsp;<\/p>\n","protected":false},"excerpt":{"rendered":"<p>&nbsp; &nbsp;&nbsp;&nbsp;CONSULTA AQU\u00cd LOS&nbsp; &nbsp; &nbsp; HORARIOS DE TU CLASE&#8230; &nbsp; &nbsp; &nbsp;&nbsp; &nbsp; &nbsp; &nbsp;HORARIOS DE PRIMARIA&nbsp; Pincha para consultarlos&#8230;&nbsp; &nbsp; &nbsp; HORARIOS DE INFANTIL Pincha para consultarlos&#8230;&nbsp; &nbsp; DISTRIBUCI\u00d3N HORARIO SEMANAL POR&#46;&#46;&#46;<\/p>\n","protected":false},"author":1,"featured_media":0,"parent":0,"menu_order":0,"comment_status":"closed","ping_status":"open","template":"page-cs.php","meta":{"ngg_post_thumbnail":0,"footnotes":"","_mc_calendar":[]},"aioseo_notices":[],"_links":{"self":[{"href":"https:\/\/blogsaverroes.juntadeandalucia.es\/ceiplapachar\/wp-json\/wp\/v2\/pages\/82"}],"collection":[{"href":"https:\/\/blogsaverroes.juntadeandalucia.es\/ceiplapachar\/wp-json\/wp\/v2\/pages"}],"about":[{"href":"https:\/\/blogsaverroes.juntadeandalucia.es\/ceiplapachar\/wp-json\/wp\/v2\/types\/page"}],"author":[{"embeddable":true,"href":"https:\/\/blogsaverroes.juntadeandalucia.es\/ceiplapachar\/wp-json\/wp\/v2\/users\/1"}],"replies":[{"embeddable":true,"href":"https:\/\/blogsaverroes.juntadeandalucia.es\/ceiplapachar\/wp-json\/wp\/v2\/comments?post=82"}],"version-history":[{"count":44,"href":"https:\/\/blogsaverroes.juntadeandalucia.es\/ceiplapachar\/wp-json\/wp\/v2\/pages\/82\/revisions"}],"predecessor-version":[{"id":6569,"href":"https:\/\/blogsaverroes.juntadeandalucia.es\/ceiplapachar\/wp-json\/wp\/v2\/pages\/82\/revisions\/6569"}],"wp:attachment":[{"href":"https:\/\/blogsaverroes.juntadeandalucia.es\/ceiplapachar\/wp-json\/wp\/v2\/media?parent=82"}],"curies":[{"name":"wp","href":"https:\/\/api.w.org\/{rel}","templated":true}]}}