{"id":3072,"date":"2020-12-21T18:34:48","date_gmt":"2020-12-21T18:34:48","guid":{"rendered":"http:\/\/blogsaverroes.juntadeandalucia.es\/ceiplapazsanlucar\/?page_id=3072"},"modified":"2024-02-09T12:23:10","modified_gmt":"2024-02-09T12:23:10","slug":"documentos-academicos-y-organizativos","status":"publish","type":"page","link":"https:\/\/blogsaverroes.juntadeandalucia.es\/ceiplapazsanlucar\/documentos-academicos-y-organizativos\/","title":{"rendered":"Datos del Centro"},"content":{"rendered":"\t\t<div data-elementor-type=\"wp-page\" data-elementor-id=\"3072\" class=\"elementor elementor-3072\">\n\t\t\t\t\t\t<section class=\"elementor-section elementor-top-section elementor-element elementor-element-6ba642a8 elementor-section-boxed elementor-section-height-default elementor-section-height-default\" data-id=\"6ba642a8\" data-element_type=\"section\">\n\t\t\t\t\t\t<div class=\"elementor-container elementor-column-gap-default\">\n\t\t\t\t\t<div class=\"elementor-column elementor-col-100 elementor-top-column elementor-element elementor-element-52244f20\" data-id=\"52244f20\" data-element_type=\"column\">\n\t\t\t<div class=\"elementor-widget-wrap elementor-element-populated\">\n\t\t\t\t\t\t<div class=\"elementor-element elementor-element-6d592f54 elementor-widget elementor-widget-text-editor\" data-id=\"6d592f54\" data-element_type=\"widget\" data-widget_type=\"text-editor.default\">\n\t\t\t\t<div class=\"elementor-widget-container\">\n\t\t\t\t\t\t\t\t\t<h2 style=\"text-align: center\">LOCALIZACI\u00d3N<\/h2>\r\n<h4>DATOS DE CONTACTO<\/h4>\r\n<ul>\r\n \t<li>CEIP LA PAZ<\/li>\r\n \t<li>Direcci\u00f3n: C\/Francisco Lindes P\u00e9rez, S\/N, 41800, Sanl\u00facar la Mayor (Sevilla)<\/li>\r\n \t<li>Tel\u00e9fono: 955622743<\/li>\r\n \t<li>Fax: 955622767 380767<\/li>\r\n \t<li>Email: 41003901.edu@juntadeandaluc\u00eda.es<\/li>\r\n<\/ul>\r\n<h4>HORARIOS<\/h4>\r\n<ul>\r\n \t<li>Horario lectivo: lunes a viernes de 9:00 a 14:00<\/li>\r\n \t<li>Horario de Aula Matinal:&nbsp; lunes a viernes de 7:30 a 9:00<\/li>\r\n \t<li>Horario de Comedor:&nbsp; lunes a viernes de 14:00 a 16:00<\/li>\r\n \t<li>Horario de Secretar\u00eda: lunes a viernes de 10:00 a 12:00<\/li>\r\n \t<li>Horario de atenci\u00f3n a padres\/madres por tutores\/as: martes de 17:00 a 18:00 (previa cita)<\/li>\r\n<\/ul>\r\n&nbsp;\r\n<p style=\"text-align: center\">&nbsp;<\/p>\r\n&nbsp;\t\t\t\t\t\t\t\t<\/div>\n\t\t\t\t<\/div>\n\t\t\t\t\t<\/div>\n\t\t<\/div>\n\t\t\t\t\t<\/div>\n\t\t<\/section>\n\t\t\t\t<section class=\"elementor-section elementor-top-section elementor-element elementor-element-39f2b0d elementor-section-boxed elementor-section-height-default elementor-section-height-default\" data-id=\"39f2b0d\" data-element_type=\"section\">\n\t\t\t\t\t\t<div class=\"elementor-container elementor-column-gap-default\">\n\t\t\t\t\t<div class=\"elementor-column elementor-col-100 elementor-top-column elementor-element elementor-element-aef1670\" data-id=\"aef1670\" data-element_type=\"column\">\n\t\t\t<div class=\"elementor-widget-wrap elementor-element-populated\">\n\t\t\t\t\t\t<div class=\"elementor-element elementor-element-e3d471b elementor-widget elementor-widget-google_maps\" data-id=\"e3d471b\" data-element_type=\"widget\" data-widget_type=\"google_maps.default\">\n\t\t\t\t<div class=\"elementor-widget-container\">\n\t\t\t\t\t\t\t<div class=\"elementor-custom-embed\">\n\t\t\t<iframe loading=\"lazy\"\n\t\t\t\t\tsrc=\"https:\/\/maps.google.com\/maps?q=C%2FFrancisco%20Lindes%20sanl%C3%BAcar%20la%20Mayor&#038;t=m&#038;z=17&#038;output=embed&#038;iwloc=near\"\n\t\t\t\t\ttitle=\"C\/Francisco Lindes sanl\u00facar la Mayor\"\n\t\t\t\t\taria-label=\"C\/Francisco Lindes sanl\u00facar la Mayor\"\n\t\t\t><\/iframe>\n\t\t<\/div>\n\t\t\t\t\t\t<\/div>\n\t\t\t\t<\/div>\n\t\t\t\t\t<\/div>\n\t\t<\/div>\n\t\t\t\t\t<\/div>\n\t\t<\/section>\n\t\t\t\t<\/div>\n\t\t","protected":false},"excerpt":{"rendered":"<p>LOCALIZACI\u00d3N DATOS DE CONTACTO CEIP LA PAZ Direcci\u00f3n: C\/Francisco Lindes P\u00e9rez, S\/N, 41800, Sanl\u00facar la Mayor (Sevilla) Tel\u00e9fono: 955622743 Fax: 955622767 380767 Email: 41003901.edu@juntadeandaluc\u00eda.es HORARIOS Horario lectivo: lunes a viernes de 9:00 a 14:00&#46;&#46;&#46;<\/p>\n","protected":false},"author":2429,"featured_media":0,"parent":0,"menu_order":0,"comment_status":"closed","ping_status":"closed","template":"","meta":{"ngg_post_thumbnail":0,"footnotes":"","_mc_calendar":[]},"aioseo_notices":[],"post_mailing_queue_ids":[],"_links":{"self":[{"href":"https:\/\/blogsaverroes.juntadeandalucia.es\/ceiplapazsanlucar\/wp-json\/wp\/v2\/pages\/3072"}],"collection":[{"href":"https:\/\/blogsaverroes.juntadeandalucia.es\/ceiplapazsanlucar\/wp-json\/wp\/v2\/pages"}],"about":[{"href":"https:\/\/blogsaverroes.juntadeandalucia.es\/ceiplapazsanlucar\/wp-json\/wp\/v2\/types\/page"}],"author":[{"embeddable":true,"href":"https:\/\/blogsaverroes.juntadeandalucia.es\/ceiplapazsanlucar\/wp-json\/wp\/v2\/users\/2429"}],"replies":[{"embeddable":true,"href":"https:\/\/blogsaverroes.juntadeandalucia.es\/ceiplapazsanlucar\/wp-json\/wp\/v2\/comments?post=3072"}],"version-history":[{"count":12,"href":"https:\/\/blogsaverroes.juntadeandalucia.es\/ceiplapazsanlucar\/wp-json\/wp\/v2\/pages\/3072\/revisions"}],"predecessor-version":[{"id":4251,"href":"https:\/\/blogsaverroes.juntadeandalucia.es\/ceiplapazsanlucar\/wp-json\/wp\/v2\/pages\/3072\/revisions\/4251"}],"wp:attachment":[{"href":"https:\/\/blogsaverroes.juntadeandalucia.es\/ceiplapazsanlucar\/wp-json\/wp\/v2\/media?parent=3072"}],"curies":[{"name":"wp","href":"https:\/\/api.w.org\/{rel}","templated":true}]}}

<div data-elementor-type="wp-page" data-elementor-id="3072" class="elementor elementor-3072">
						<section class="elementor-section elementor-top-section elementor-element elementor-element-6ba642a8 elementor-section-boxed elementor-section-height-default elementor-section-height-default" data-id="6ba642a8" data-element_type="section">
						<div class="elementor-container elementor-column-gap-default">
					<div class="elementor-column elementor-col-100 elementor-top-column elementor-element elementor-element-52244f20" data-id="52244f20" data-element_type="column">
			<div class="elementor-widget-wrap elementor-element-populated">
						<div class="elementor-element elementor-element-6d592f54 elementor-widget elementor-widget-text-editor" data-id="6d592f54" data-element_type="widget" data-widget_type="text-editor.default">
				<div class="elementor-widget-container">
									<h2 style="text-align: center">LOCALIZACIÓN</h2>
<h4>DATOS DE CONTACTO</h4>
<ul>
 	<li>CEIP LA PAZ</li>
 	<li>Dirección: C/Francisco Lindes Pérez, S/N, 41800, Sanlúcar la Mayor (Sevilla)</li>
 	<li>Teléfono: 955622743</li>
 	<li>Fax: 955622767 380767</li>
 	<li>Email: 41003901.edu@juntadeandalucía.es</li>
</ul>
<h4>HORARIOS</h4>
<ul>
 	<li>Horario lectivo: lunes a viernes de 9:00 a 14:00</li>
 	<li>Horario de Aula Matinal:&nbsp; lunes a viernes de 7:30 a 9:00</li>
 	<li>Horario de Comedor:&nbsp; lunes a viernes de 14:00 a 16:00</li>
 	<li>Horario de Secretaría: lunes a viernes de 10:00 a 12:00</li>
 	<li>Horario de atención a padres/madres por tutores/as: martes de 17:00 a 18:00 (previa cita)</li>
</ul>
&nbsp;
<p style="text-align: center">&nbsp;</p>
&nbsp;								</div>
				</div>
					</div>
		</div>
					</div>
		</section>
				<section class="elementor-section elementor-top-section elementor-element elementor-element-39f2b0d elementor-section-boxed elementor-section-height-default elementor-section-height-default" data-id="39f2b0d" data-element_type="section">
						<div class="elementor-container elementor-column-gap-default">
					<div class="elementor-column elementor-col-100 elementor-top-column elementor-element elementor-element-aef1670" data-id="aef1670" data-element_type="column">
			<div class="elementor-widget-wrap elementor-element-populated">
						<div class="elementor-element elementor-element-e3d471b elementor-widget elementor-widget-google_maps" data-id="e3d471b" data-element_type="widget" data-widget_type="google_maps.default">
				<div class="elementor-widget-container">
							<div class="elementor-custom-embed">
			<iframe loading="lazy"
					src="https://maps.google.com/maps?q=C%2FFrancisco%20Lindes%20sanl%C3%BAcar%20la%20Mayor&#038;t=m&#038;z=17&#038;output=embed&#038;iwloc=near"
					title="C/Francisco Lindes sanlúcar la Mayor"
					aria-label="C/Francisco Lindes sanlúcar la Mayor"
			></iframe>
		</div>
						</div>
				</div>
					</div>
		</div>
					</div>
		</section>
				</div>

<p>LOCALIZACIÓN DATOS DE CONTACTO CEIP LA PAZ Dirección: C/Francisco Lindes Pérez, S/N, 41800, Sanlúcar la Mayor (Sevilla) Teléfono: 955622743 Fax: 955622767 380767 Email: 41003901.edu@juntadeandalucía.es HORARIOS Horario lectivo: lunes a viernes de 9:00 a 14:00&#46;&#46;&#46;</p>
