{"id":3792,"date":"2022-11-13T01:13:13","date_gmt":"2022-11-13T01:13:13","guid":{"rendered":"http:\/\/blogsaverroes.juntadeandalucia.es\/ceiplapazsanlucar\/?page_id=3792"},"modified":"2023-01-16T09:55:35","modified_gmt":"2023-01-16T09:55:35","slug":"nuestro-centro","status":"publish","type":"page","link":"https:\/\/blogsaverroes.juntadeandalucia.es\/ceiplapazsanlucar\/nuestro-centro\/","title":{"rendered":"Nuestro Centro"},"content":{"rendered":"<p>El colegio &#8220;La Paz&#8221; es un centro educativo p\u00fablico con una larga trayectoria educativa en la localidad de Sanl\u00facar la Mayor.<\/p>\n<p>Situado en la barriada de La Paz, cercano al Instituto de Educaci\u00f3n Secundaria&nbsp; &#8220;Lucus Solis&#8221; y la Escuela infantil municipal &#8220;Ntra Sra del Rosario&#8221;, nuestro centro incorpora alumnos\/as procedentes de distintos barrios de Sanl\u00facar la Mayor y de localidades cercanas.<\/p>\n<p><a href=\"https:\/\/blogsaverroes.juntadeandalucia.es\/ceiplapazsanlucar\/files\/2020\/12\/EntradaPrimariaColegio.jpg\"><img fetchpriority=\"high\" decoding=\"async\" class=\"size-medium wp-image-2843 aligncenter\" src=\"https:\/\/blogsaverroes.juntadeandalucia.es\/ceiplapazsanlucar\/files\/2020\/12\/EntradaPrimariaColegio-300x225.jpg\" alt=\"\" width=\"300\" height=\"225\" srcset=\"https:\/\/blogsaverroes.juntadeandalucia.es\/ceiplapazsanlucar\/files\/2020\/12\/EntradaPrimariaColegio-300x225.jpg 300w, https:\/\/blogsaverroes.juntadeandalucia.es\/ceiplapazsanlucar\/files\/2020\/12\/EntradaPrimariaColegio-24x18.jpg 24w, https:\/\/blogsaverroes.juntadeandalucia.es\/ceiplapazsanlucar\/files\/2020\/12\/EntradaPrimariaColegio-36x27.jpg 36w, https:\/\/blogsaverroes.juntadeandalucia.es\/ceiplapazsanlucar\/files\/2020\/12\/EntradaPrimariaColegio-48x36.jpg 48w, https:\/\/blogsaverroes.juntadeandalucia.es\/ceiplapazsanlucar\/files\/2020\/12\/EntradaPrimariaColegio.jpg 720w\" sizes=\"(max-width: 300px) 100vw, 300px\" \/><\/a><\/p>\n<p><strong>DATOS DEL CONTACTO:<br \/>\n<\/strong><\/p>\n<ul>\n<li>C.E.I.P. La Paz. Consejer\u00eda de Educaci\u00f3n de la Junta de Andaluc\u00eda.<\/li>\n<\/ul>\n<p><b>Oferta educativa: Educaci\u00f3n Infantil (3 a 5 a\u00f1os) y Educaci\u00f3n Primaria (1\u00ba a 6\u00ba).<\/b><\/p>\n<p><strong>&nbsp;I.E.S. de referencia<\/strong><a href=\"http:\/\/www.ies-lucus-solis.es\/\"><strong>:<\/strong>&nbsp; IES Lucus Solis (Sanl\u00facar la Mayor).<\/a><\/p>\n<p><b>Direcci\u00f3n:<\/b>&nbsp; Calle Maestro Francisco Lindes, S\/N. 41800 &#8211; Sanl\u00facar la Mayor (Sevilla).&nbsp;&nbsp; &nbsp;&nbsp;&nbsp;&nbsp; <em>( <\/em><a href=\"https:\/\/www.google.com\/maps\/place\/CEIP+La+Paz\/@37.3899484,-6.210405,17z\/data=!4m5!3m4!1s0xd1210d3df6522d3:0xa044a8f6a9962a20!8m2!3d37.3899484!4d-6.2082162\"><em>Ver en Maps.)<\/em><\/a><\/p>\n<p><b>Tel\u00e9fono \/ FAX:<\/b><\/p>\n<p>&nbsp;&nbsp;&nbsp;&nbsp;&nbsp;&nbsp;&nbsp; Tlf. 955.62.27.43 &nbsp;&nbsp;&nbsp;&nbsp; \/ &nbsp; &nbsp; 671.565.499<\/p>\n<p>&nbsp;&nbsp;&nbsp;&nbsp;&nbsp;&nbsp;&nbsp; Fax 955622767<\/p>\n<p>&nbsp;<strong> Correo electr\u00f3nico:<\/strong> 41003901.edu@juntadeandalucia.es&nbsp;&nbsp;&nbsp;&nbsp;&nbsp;<\/p>\n<p>&nbsp;<strong>SECRETAR\u00cdA&nbsp;<\/strong><\/p>\n<p>Correo: cp_lapaz_sanlucar@hotmail.es &nbsp;&nbsp;<\/p>\n<p><b>Horarios:&nbsp;<\/b>de 10 a&nbsp; 12 con cita previa.<\/p>\n","protected":false},"excerpt":{"rendered":"<p>El colegio &#8220;La Paz&#8221; es un centro educativo p\u00fablico con una larga trayectoria educativa en la localidad de Sanl\u00facar la Mayor. Situado en la barriada de La Paz, cercano al Instituto de Educaci\u00f3n Secundaria&nbsp;&#46;&#46;&#46;<\/p>\n","protected":false},"author":2429,"featured_media":0,"parent":0,"menu_order":0,"comment_status":"closed","ping_status":"closed","template":"","meta":{"ngg_post_thumbnail":0,"footnotes":"","_mc_calendar":[]},"aioseo_notices":[],"post_mailing_queue_ids":[],"_links":{"self":[{"href":"https:\/\/blogsaverroes.juntadeandalucia.es\/ceiplapazsanlucar\/wp-json\/wp\/v2\/pages\/3792"}],"collection":[{"href":"https:\/\/blogsaverroes.juntadeandalucia.es\/ceiplapazsanlucar\/wp-json\/wp\/v2\/pages"}],"about":[{"href":"https:\/\/blogsaverroes.juntadeandalucia.es\/ceiplapazsanlucar\/wp-json\/wp\/v2\/types\/page"}],"author":[{"embeddable":true,"href":"https:\/\/blogsaverroes.juntadeandalucia.es\/ceiplapazsanlucar\/wp-json\/wp\/v2\/users\/2429"}],"replies":[{"embeddable":true,"href":"https:\/\/blogsaverroes.juntadeandalucia.es\/ceiplapazsanlucar\/wp-json\/wp\/v2\/comments?post=3792"}],"version-history":[{"count":4,"href":"https:\/\/blogsaverroes.juntadeandalucia.es\/ceiplapazsanlucar\/wp-json\/wp\/v2\/pages\/3792\/revisions"}],"predecessor-version":[{"id":3966,"href":"https:\/\/blogsaverroes.juntadeandalucia.es\/ceiplapazsanlucar\/wp-json\/wp\/v2\/pages\/3792\/revisions\/3966"}],"wp:attachment":[{"href":"https:\/\/blogsaverroes.juntadeandalucia.es\/ceiplapazsanlucar\/wp-json\/wp\/v2\/media?parent=3792"}],"curies":[{"name":"wp","href":"https:\/\/api.w.org\/{rel}","templated":true}]}}

<p>El colegio &#8220;La Paz&#8221; es un centro educativo público con una larga trayectoria educativa en la localidad de Sanlúcar la Mayor.</p>
<p>Situado en la barriada de La Paz, cercano al Instituto de Educación Secundaria&nbsp; &#8220;Lucus Solis&#8221; y la Escuela infantil municipal &#8220;Ntra Sra del Rosario&#8221;, nuestro centro incorpora alumnos/as procedentes de distintos barrios de Sanlúcar la Mayor y de localidades cercanas.</p>
<p><a href="https://blogsaverroes.juntadeandalucia.es/ceiplapazsanlucar/files/2020/12/EntradaPrimariaColegio.jpg"><img fetchpriority="high" decoding="async" class="size-medium wp-image-2843 aligncenter" src="https://blogsaverroes.juntadeandalucia.es/ceiplapazsanlucar/files/2020/12/EntradaPrimariaColegio-300x225.jpg" alt="" width="300" height="225" srcset="https://blogsaverroes.juntadeandalucia.es/ceiplapazsanlucar/files/2020/12/EntradaPrimariaColegio-300x225.jpg 300w, https://blogsaverroes.juntadeandalucia.es/ceiplapazsanlucar/files/2020/12/EntradaPrimariaColegio-24x18.jpg 24w, https://blogsaverroes.juntadeandalucia.es/ceiplapazsanlucar/files/2020/12/EntradaPrimariaColegio-36x27.jpg 36w, https://blogsaverroes.juntadeandalucia.es/ceiplapazsanlucar/files/2020/12/EntradaPrimariaColegio-48x36.jpg 48w, https://blogsaverroes.juntadeandalucia.es/ceiplapazsanlucar/files/2020/12/EntradaPrimariaColegio.jpg 720w" sizes="(max-width: 300px) 100vw, 300px" /></a></p>
<p><strong>DATOS DEL CONTACTO:<br />
</strong></p>
<ul>
<li>C.E.I.P. La Paz. Consejería de Educación de la Junta de Andalucía.</li>
</ul>
<p><b>Oferta educativa: Educación Infantil (3 a 5 años) y Educación Primaria (1º a 6º).</b></p>
<p><strong>&nbsp;I.E.S. de referencia</strong><a href="http://www.ies-lucus-solis.es/"><strong>:</strong>&nbsp; IES Lucus Solis (Sanlúcar la Mayor).</a></p>
<p><b>Dirección:</b>&nbsp; Calle Maestro Francisco Lindes, S/N. 41800 &#8211; Sanlúcar la Mayor (Sevilla).&nbsp;&nbsp; &nbsp;&nbsp;&nbsp;&nbsp; <em>( </em><a href="https://www.google.com/maps/place/CEIP+La+Paz/@37.3899484,-6.210405,17z/data=!4m5!3m4!1s0xd1210d3df6522d3:0xa044a8f6a9962a20!8m2!3d37.3899484!4d-6.2082162"><em>Ver en Maps.)</em></a></p>
<p><b>Teléfono / FAX:</b></p>
<p>&nbsp;&nbsp;&nbsp;&nbsp;&nbsp;&nbsp;&nbsp; Tlf. 955.62.27.43 &nbsp;&nbsp;&nbsp;&nbsp; / &nbsp; &nbsp; 671.565.499</p>
<p>&nbsp;&nbsp;&nbsp;&nbsp;&nbsp;&nbsp;&nbsp; Fax 955622767</p>
<p>&nbsp;<strong> Correo electrónico:</strong> 41003901.edu@juntadeandalucia.es&nbsp;&nbsp;&nbsp;&nbsp;&nbsp;</p>
<p>&nbsp;<strong>SECRETARÍA&nbsp;</strong></p>
<p>Correo: cp_lapaz_sanlucar@hotmail.es &nbsp;&nbsp;</p>
<p><b>Horarios:&nbsp;</b>de 10 a&nbsp; 12 con cita previa.</p>

<p>El colegio &#8220;La Paz&#8221; es un centro educativo público con una larga trayectoria educativa en la localidad de Sanlúcar la Mayor. Situado en la barriada de La Paz, cercano al Instituto de Educación Secundaria&nbsp;&#46;&#46;&#46;</p>
