{"id":3835,"date":"2022-11-17T08:46:03","date_gmt":"2022-11-17T08:46:03","guid":{"rendered":"http:\/\/blogsaverroes.juntadeandalucia.es\/ceiplapazsanlucar\/?page_id=3835"},"modified":"2022-12-06T13:30:03","modified_gmt":"2022-12-06T13:30:03","slug":"educacion-infantil","status":"publish","type":"page","link":"https:\/\/blogsaverroes.juntadeandalucia.es\/ceiplapazsanlucar\/educacion-infantil\/","title":{"rendered":"Educaci\u00f3n Infantil"},"content":{"rendered":"<p style=\"text-align: justify\">La etapa de Educaci\u00f3n Infantil en el CEIP La Paz est\u00e1 caracterizada por ser \u00fanica y especial en todos sus aspectos.&nbsp;<\/p>\n<p style=\"text-align: justify\">Situada en un edificio propio y diferenciado del edificio donde se ubica la etapa de Educaci\u00f3n Pri<a href=\"https:\/\/blogsaverroes.juntadeandalucia.es\/ceiplapazsanlucar\/files\/2020\/12\/EdificioInfantil-19.jpg\"><img decoding=\"async\" class=\"wp-image-2963 alignright\" src=\"https:\/\/blogsaverroes.juntadeandalucia.es\/ceiplapazsanlucar\/files\/2020\/12\/EdificioInfantil-19-150x150.jpg\" alt=\"\" width=\"124\" height=\"124\" srcset=\"https:\/\/blogsaverroes.juntadeandalucia.es\/ceiplapazsanlucar\/files\/2020\/12\/EdificioInfantil-19-150x150.jpg 150w, https:\/\/blogsaverroes.juntadeandalucia.es\/ceiplapazsanlucar\/files\/2020\/12\/EdificioInfantil-19-100x100.jpg 100w\" sizes=\"(max-width: 124px) 100vw, 124px\" \/><\/a>maria, sus m\u00f3dulos, &#8220;peque\u00f1as casitas&#8221;, ofrecen un ambiente acogedor, confortable y adecuado a las caracter\u00edsticas psicoevolutivas que tienen los ni\u00f1os y ni\u00f1as que llegar por primera vez a un centro educativo.&nbsp;<\/p>\n<p><a href=\"https:\/\/blogsaverroes.juntadeandalucia.es\/ceiplapazsanlucar\/files\/2020\/12\/EdificioInfantil-18.jpg\"><img decoding=\"async\" class=\"wp-image-2962 alignleft\" src=\"https:\/\/blogsaverroes.juntadeandalucia.es\/ceiplapazsanlucar\/files\/2020\/12\/EdificioInfantil-18-150x150.jpg\" alt=\"\" width=\"125\" height=\"125\" srcset=\"https:\/\/blogsaverroes.juntadeandalucia.es\/ceiplapazsanlucar\/files\/2020\/12\/EdificioInfantil-18-150x150.jpg 150w, https:\/\/blogsaverroes.juntadeandalucia.es\/ceiplapazsanlucar\/files\/2020\/12\/EdificioInfantil-18-100x100.jpg 100w\" sizes=\"(max-width: 125px) 100vw, 125px\" \/> &nbsp;<\/a><a href=\"https:\/\/blogsaverroes.juntadeandalucia.es\/ceiplapazsanlucar\/files\/2020\/11\/FB_IMG_1605430862370.jpg\"><img decoding=\"async\" class=\"alignnone  wp-image-2650 alignleft\" src=\"https:\/\/blogsaverroes.juntadeandalucia.es\/ceiplapazsanlucar\/files\/2020\/11\/FB_IMG_1605430862370-150x150.jpg\" alt=\"\" width=\"126\" height=\"126\" srcset=\"https:\/\/blogsaverroes.juntadeandalucia.es\/ceiplapazsanlucar\/files\/2020\/11\/FB_IMG_1605430862370-150x150.jpg 150w, https:\/\/blogsaverroes.juntadeandalucia.es\/ceiplapazsanlucar\/files\/2020\/11\/FB_IMG_1605430862370-100x100.jpg 100w, https:\/\/blogsaverroes.juntadeandalucia.es\/ceiplapazsanlucar\/files\/2020\/11\/FB_IMG_1605430862370-432x432.jpg 432w, https:\/\/blogsaverroes.juntadeandalucia.es\/ceiplapazsanlucar\/files\/2020\/11\/FB_IMG_1605430862370-268x268.jpg 268w\" sizes=\"(max-width: 126px) 100vw, 126px\" \/><\/a><\/p>\n<p style=\"text-align: justify\">Un conjunto de grandes profesionales ser\u00e1n las encargadas de recibirles, favorecer su desarrollo global e introducirles en este espacio educativo en el que continuaran tantos a\u00f1os.&nbsp;<\/p>\n<p>&nbsp;<\/p>\n<p style=\"text-align: justify\">Dentro del Edificio de Educaci\u00f3n Infantil encontramos siete aulas destinadas a la tutor\u00eda de cada grupo de <a href=\"https:\/\/blogsaverroes.juntadeandalucia.es\/ceiplapazsanlucar\/files\/2020\/12\/EdificioInfantil-25-1.jpg\"><img loading=\"lazy\" decoding=\"async\" class=\"wp-image-2988 alignleft\" src=\"https:\/\/blogsaverroes.juntadeandalucia.es\/ceiplapazsanlucar\/files\/2020\/12\/EdificioInfantil-25-1-150x150.jpg\" alt=\"\" width=\"128\" height=\"128\" srcset=\"https:\/\/blogsaverroes.juntadeandalucia.es\/ceiplapazsanlucar\/files\/2020\/12\/EdificioInfantil-25-1-150x150.jpg 150w, https:\/\/blogsaverroes.juntadeandalucia.es\/ceiplapazsanlucar\/files\/2020\/12\/EdificioInfantil-25-1-100x100.jpg 100w\" sizes=\"(max-width: 128px) 100vw, 128px\" \/><\/a>alumnos y alumnas, un aula de <a href=\"https:\/\/blogsaverroes.juntadeandalucia.es\/ceiplapazsanlucar\/files\/2020\/12\/EdificioInfantil-21.jpg\"><img loading=\"lazy\" decoding=\"async\" class=\"wp-image-2965 alignleft\" src=\"https:\/\/blogsaverroes.juntadeandalucia.es\/ceiplapazsanlucar\/files\/2020\/12\/EdificioInfantil-21-150x150.jpg\" alt=\"\" width=\"124\" height=\"124\" srcset=\"https:\/\/blogsaverroes.juntadeandalucia.es\/ceiplapazsanlucar\/files\/2020\/12\/EdificioInfantil-21-150x150.jpg 150w, https:\/\/blogsaverroes.juntadeandalucia.es\/ceiplapazsanlucar\/files\/2020\/12\/EdificioInfantil-21-100x100.jpg 100w\" sizes=\"(max-width: 124px) 100vw, 124px\" \/><\/a>psicomotricidad y otras de usos m\u00faltiples (convertibles en el comedor y aula matinal de la etapa de Infantil)<\/p>\n<p style=\"text-align: justify\">Cada aula se va transformando a lo largo del curso escolar mostrando la propia evoluci\u00f3n y aprendizaje de los ni\u00f1os y ni\u00f1as que all\u00ed conviven.&nbsp;<\/p>\n<p>&nbsp;<\/p>\n<p>&nbsp;<\/p>\n<p style=\"text-align: justify\"><a href=\"https:\/\/blogsaverroes.juntadeandalucia.es\/ceiplapazsanlucar\/files\/2020\/12\/EdificioInfantil-28-1.jpg\"><img loading=\"lazy\" decoding=\"async\" class=\"wp-image-2991 alignright\" src=\"https:\/\/blogsaverroes.juntadeandalucia.es\/ceiplapazsanlucar\/files\/2020\/12\/EdificioInfantil-28-1-150x150.jpg\" alt=\"\" width=\"131\" height=\"131\" srcset=\"https:\/\/blogsaverroes.juntadeandalucia.es\/ceiplapazsanlucar\/files\/2020\/12\/EdificioInfantil-28-1-150x150.jpg 150w, https:\/\/blogsaverroes.juntadeandalucia.es\/ceiplapazsanlucar\/files\/2020\/12\/EdificioInfantil-28-1-100x100.jpg 100w\" sizes=\"(max-width: 131px) 100vw, 131px\" \/><\/a>El espacio exterior destinado al recreo y actividades variadas de movimiento, convivencia y psicomotricidad es un lugar muy amplio, con arbolado y zonas de juegos, lugar donde los alumnos y alumnas disfrutan y aprenden junto a sus iguales.&nbsp;<\/p>\n<p>&nbsp;<\/p>\n<p>&nbsp;<\/p>\n","protected":false},"excerpt":{"rendered":"<p>La etapa de Educaci\u00f3n Infantil en el CEIP La Paz est\u00e1 caracterizada por ser \u00fanica y especial en todos sus aspectos.&nbsp; Situada en un edificio propio y diferenciado del edificio donde se ubica la&#46;&#46;&#46;<\/p>\n","protected":false},"author":2429,"featured_media":0,"parent":0,"menu_order":0,"comment_status":"closed","ping_status":"closed","template":"","meta":{"ngg_post_thumbnail":0,"footnotes":"","_mc_calendar":[]},"aioseo_notices":[],"post_mailing_queue_ids":[],"_links":{"self":[{"href":"https:\/\/blogsaverroes.juntadeandalucia.es\/ceiplapazsanlucar\/wp-json\/wp\/v2\/pages\/3835"}],"collection":[{"href":"https:\/\/blogsaverroes.juntadeandalucia.es\/ceiplapazsanlucar\/wp-json\/wp\/v2\/pages"}],"about":[{"href":"https:\/\/blogsaverroes.juntadeandalucia.es\/ceiplapazsanlucar\/wp-json\/wp\/v2\/types\/page"}],"author":[{"embeddable":true,"href":"https:\/\/blogsaverroes.juntadeandalucia.es\/ceiplapazsanlucar\/wp-json\/wp\/v2\/users\/2429"}],"replies":[{"embeddable":true,"href":"https:\/\/blogsaverroes.juntadeandalucia.es\/ceiplapazsanlucar\/wp-json\/wp\/v2\/comments?post=3835"}],"version-history":[{"count":3,"href":"https:\/\/blogsaverroes.juntadeandalucia.es\/ceiplapazsanlucar\/wp-json\/wp\/v2\/pages\/3835\/revisions"}],"predecessor-version":[{"id":3926,"href":"https:\/\/blogsaverroes.juntadeandalucia.es\/ceiplapazsanlucar\/wp-json\/wp\/v2\/pages\/3835\/revisions\/3926"}],"wp:attachment":[{"href":"https:\/\/blogsaverroes.juntadeandalucia.es\/ceiplapazsanlucar\/wp-json\/wp\/v2\/media?parent=3835"}],"curies":[{"name":"wp","href":"https:\/\/api.w.org\/{rel}","templated":true}]}}