{"id":3970,"date":"2023-01-26T08:30:54","date_gmt":"2023-01-26T08:30:54","guid":{"rendered":"http:\/\/blogsaverroes.juntadeandalucia.es\/ceiplapazsanlucar\/?page_id=3970"},"modified":"2023-11-23T10:34:23","modified_gmt":"2023-11-23T10:34:23","slug":"programa-impulsa","status":"publish","type":"page","link":"https:\/\/blogsaverroes.juntadeandalucia.es\/ceiplapazsanlucar\/programa-impulsa\/","title":{"rendered":"Programa MAS EQUIDAD"},"content":{"rendered":"<p>Nuestro Centro da continuidad a la l\u00ednea de trabajo iniciada el curso 22-23 con el programa IMPULSA. Este programa se ha renovado y cambia su denominaci\u00f3n a M\u00c1S EQUIDAD.<\/p>\n<p>De nuevo la totalidad del claustro de profesores ha aprobado su compromiso de participaci\u00f3n para promover la INCLUSI\u00d3N de todo nuestro alumnado, ofreciendo estrategias para responder a la diversidad de&nbsp; nuestras aulas y, concretamente, para atender a aquellos alumnos y alumnas que m\u00e1s lo necesiten.&nbsp;<\/p>\n<h3 style=\"text-align: center\"><span style=\"color: #0000ff\"><strong>M\u00c1S EQUIDAD 23-24<\/strong><\/span><\/h3>\n<blockquote>\n<p style=\"text-align: justify\">&nbsp;Programa dirigido a fomentar actuaciones y medidas innovadoras de atenci\u00f3n al alumnado vulnerable con el fin de favorecer la inclusi\u00f3n y el \u00e9xito educativo, as\u00ed como reducir el abandono escolar.<\/p>\n<p style=\"text-align: justify\">Se concibe como un conjunto de actuaciones dirigidas a potenciar la cultura inclusiva de los centros docentes y a mejorar el grado de adquisici\u00f3n de competencias a trav\u00e9s de la mejora de los recursos en el aula y\/o de la realizaci\u00f3n de experiencias innovadoras, activas y experimentales que promuevan el saber hacer del alumnado, partiendo de sus conocimientos y fomentando actitudes como la autonom\u00eda, la responsabilidad, el respeto y el trabajo en equipo, bajo los principios de la atenci\u00f3n a la diversidad y la igualdad de g\u00e9nero.<\/p>\n<p style=\"text-align: justify\">El Programa M\u00e1s Equidad se desarrollar\u00e1 a trav\u00e9s de Proyectos en tres l\u00edneas de actuaci\u00f3n:<\/p>\n<ol style=\"list-style-type: lower-alpha\">\n<li style=\"text-align: justify\">M\u00e1s Equidad INNOVACI\u00d3N con medidas innovadoras espec\u00edficas que contribuyan al \u00e9xito educativo y a la prevenci\u00f3n del absentismo y del abandono escolar.<\/li>\n<li style=\"text-align: justify\">M\u00e1s Equidad INCLUSI\u00d3N con medidas innovadoras espec\u00edficas que contribuyan a la accesibilidad<br \/>\nuniversal y al desarrollo de las competencias del alumnado escolarizado en unidades espec\u00edficas de Educaci\u00f3n Especial ubicadas en centros ordinarios.<\/li>\n<li style=\"text-align: justify\">&nbsp;M\u00e1s Equidad IGUALDAD con medidas innovadoras espec\u00edficas que contribuyen al \u00e9xito escolar del<br \/>\nalumnado en situaci\u00f3n de desventaja por razones geogr\u00e1ficas.<\/li>\n<\/ol>\n<p>&nbsp;<\/p><\/blockquote>\n<p>&nbsp;<\/p>\n","protected":false},"excerpt":{"rendered":"<p>Nuestro Centro da continuidad a la l\u00ednea de trabajo iniciada el curso 22-23 con el programa IMPULSA. Este programa se ha renovado y cambia su denominaci\u00f3n a M\u00c1S EQUIDAD. De nuevo la totalidad del&#46;&#46;&#46;<\/p>\n","protected":false},"author":2429,"featured_media":0,"parent":0,"menu_order":0,"comment_status":"closed","ping_status":"closed","template":"","meta":{"ngg_post_thumbnail":0,"footnotes":"","_mc_calendar":[]},"aioseo_notices":[],"post_mailing_queue_ids":[],"_links":{"self":[{"href":"https:\/\/blogsaverroes.juntadeandalucia.es\/ceiplapazsanlucar\/wp-json\/wp\/v2\/pages\/3970"}],"collection":[{"href":"https:\/\/blogsaverroes.juntadeandalucia.es\/ceiplapazsanlucar\/wp-json\/wp\/v2\/pages"}],"about":[{"href":"https:\/\/blogsaverroes.juntadeandalucia.es\/ceiplapazsanlucar\/wp-json\/wp\/v2\/types\/page"}],"author":[{"embeddable":true,"href":"https:\/\/blogsaverroes.juntadeandalucia.es\/ceiplapazsanlucar\/wp-json\/wp\/v2\/users\/2429"}],"replies":[{"embeddable":true,"href":"https:\/\/blogsaverroes.juntadeandalucia.es\/ceiplapazsanlucar\/wp-json\/wp\/v2\/comments?post=3970"}],"version-history":[{"count":4,"href":"https:\/\/blogsaverroes.juntadeandalucia.es\/ceiplapazsanlucar\/wp-json\/wp\/v2\/pages\/3970\/revisions"}],"predecessor-version":[{"id":4135,"href":"https:\/\/blogsaverroes.juntadeandalucia.es\/ceiplapazsanlucar\/wp-json\/wp\/v2\/pages\/3970\/revisions\/4135"}],"wp:attachment":[{"href":"https:\/\/blogsaverroes.juntadeandalucia.es\/ceiplapazsanlucar\/wp-json\/wp\/v2\/media?parent=3970"}],"curies":[{"name":"wp","href":"https:\/\/api.w.org\/{rel}","templated":true}]}}

<p>Nuestro Centro da continuidad a la línea de trabajo iniciada el curso 22-23 con el programa IMPULSA. Este programa se ha renovado y cambia su denominación a MÁS EQUIDAD.</p>
<p>De nuevo la totalidad del claustro de profesores ha aprobado su compromiso de participación para promover la INCLUSIÓN de todo nuestro alumnado, ofreciendo estrategias para responder a la diversidad de&nbsp; nuestras aulas y, concretamente, para atender a aquellos alumnos y alumnas que más lo necesiten.&nbsp;</p>
<h3 style="text-align: center"><span style="color: #0000ff"><strong>MÁS EQUIDAD 23-24</strong></span></h3>
<blockquote>
<p style="text-align: justify">&nbsp;Programa dirigido a fomentar actuaciones y medidas innovadoras de atención al alumnado vulnerable con el fin de favorecer la inclusión y el éxito educativo, así como reducir el abandono escolar.</p>
<p style="text-align: justify">Se concibe como un conjunto de actuaciones dirigidas a potenciar la cultura inclusiva de los centros docentes y a mejorar el grado de adquisición de competencias a través de la mejora de los recursos en el aula y/o de la realización de experiencias innovadoras, activas y experimentales que promuevan el saber hacer del alumnado, partiendo de sus conocimientos y fomentando actitudes como la autonomía, la responsabilidad, el respeto y el trabajo en equipo, bajo los principios de la atención a la diversidad y la igualdad de género.</p>
<p style="text-align: justify">El Programa Más Equidad se desarrollará a través de Proyectos en tres líneas de actuación:</p>
<ol style="list-style-type: lower-alpha">
<li style="text-align: justify">Más Equidad INNOVACIÓN con medidas innovadoras específicas que contribuyan al éxito educativo y a la prevención del absentismo y del abandono escolar.</li>
<li style="text-align: justify">Más Equidad INCLUSIÓN con medidas innovadoras específicas que contribuyan a la accesibilidad<br />
universal y al desarrollo de las competencias del alumnado escolarizado en unidades específicas de Educación Especial ubicadas en centros ordinarios.</li>
<li style="text-align: justify">&nbsp;Más Equidad IGUALDAD con medidas innovadoras específicas que contribuyen al éxito escolar del<br />
alumnado en situación de desventaja por razones geográficas.</li>
</ol>
<p>&nbsp;</p></blockquote>
<p>&nbsp;</p>

<p>Nuestro Centro da continuidad a la línea de trabajo iniciada el curso 22-23 con el programa IMPULSA. Este programa se ha renovado y cambia su denominación a MÁS EQUIDAD. De nuevo la totalidad del&#46;&#46;&#46;</p>
