{"id":3998,"date":"2023-01-30T09:24:47","date_gmt":"2023-01-30T09:24:47","guid":{"rendered":"http:\/\/blogsaverroes.juntadeandalucia.es\/ceiplapazsanlucar\/?page_id=3998"},"modified":"2025-11-07T10:37:50","modified_gmt":"2025-11-07T10:37:50","slug":"aula-especifica","status":"publish","type":"page","link":"https:\/\/blogsaverroes.juntadeandalucia.es\/ceiplapazsanlucar\/aula-especifica\/","title":{"rendered":"Aula Espec\u00edfica"},"content":{"rendered":"<p><span id=\"page3R_mcid11\" class=\"markedContent\"><span dir=\"ltr\" role=\"presentation\">El aula espec\u00edfica es considerada como un <\/span><span dir=\"ltr\" role=\"presentation\">espacio que posibilita un mayor desarrollo a la vez que<\/span> <span dir=\"ltr\" role=\"presentation\">favorece<\/span> <span dir=\"ltr\" role=\"presentation\">mayores <\/span><span dir=\"ltr\" role=\"presentation\">posibi<\/span><span dir=\"ltr\" role=\"presentation\">lidades de integraci\u00f3n social, normalizaci\u00f3n y potenciaci\u00f3n<\/span> <span dir=\"ltr\" role=\"presentation\">de valores <\/span><span dir=\"ltr\" role=\"presentation\">y actitudes de trabajo cooperativo con todo el alumna<\/span><span dir=\"ltr\" role=\"presentation\">do del centro<\/span><span dir=\"ltr\" role=\"presentation\">.<\/span><\/span><\/p>\n<p><span id=\"page3R_mcid13\" class=\"markedContent\"><span dir=\"ltr\" role=\"presentation\">El aula espec\u00ed<\/span><span dir=\"ltr\" role=\"presentation\">fica<\/span> <span dir=\"ltr\" role=\"presentation\">forma parte<\/span> <span dir=\"ltr\" role=\"presentation\">a todos los efectos<\/span> <span dir=\"ltr\" role=\"presentation\">del cen<\/span><span dir=\"ltr\" role=\"presentation\">tro ordinario <\/span><span dir=\"ltr\" role=\"presentation\">y<\/span> <span dir=\"ltr\" role=\"presentation\">el<\/span> <span dir=\"ltr\" role=\"presentation\">alumnado<\/span> <span dir=\"ltr\" role=\"presentation\">escolarizado<\/span> <span dir=\"ltr\" role=\"presentation\">en<\/span> <span dir=\"ltr\" role=\"presentation\">ella<\/span> <span dir=\"ltr\" role=\"presentation\">compartir\u00e1<\/span> <span dir=\"ltr\" role=\"presentation\">con el resto de los <\/span><span dir=\"ltr\" role=\"presentation\">alumnos\/as<\/span> <span dir=\"ltr\" role=\"presentation\">diferentes<\/span> <span dir=\"ltr\" role=\"presentation\">espacios<\/span> <span dir=\"ltr\" role=\"presentation\">y<\/span> <span dir=\"ltr\" role=\"presentation\">si<\/span><span dir=\"ltr\" role=\"presentation\">tuaciones<\/span> <span dir=\"ltr\" role=\"presentation\">interactivas<\/span><span dir=\"ltr\" role=\"presentation\">,<\/span> <span dir=\"ltr\" role=\"presentation\">as\u00ed<\/span> <span dir=\"ltr\" role=\"presentation\">como <\/span><span dir=\"ltr\" role=\"presentation\">determinadas \u00e1reas curriculares<\/span><span dir=\"ltr\" role=\"presentation\">, tal como queda recogido en el art\u00edculo 28 <\/span><span dir=\"ltr\" role=\"presentation\">del<\/span> <span dir=\"ltr\" role=\"presentation\">Decreto<\/span> <span dir=\"ltr\" role=\"presentation\">147<\/span> <span dir=\"ltr\" role=\"presentation\">\/2002,<\/span> <span dir=\"ltr\" role=\"presentation\">de<\/span> <span dir=\"ltr\" role=\"presentation\">14<\/span> <span dir=\"ltr\" role=\"presentation\">de<\/span> <span dir=\"ltr\" role=\"presentation\">mayo,<\/span> <span dir=\"ltr\" role=\"presentation\">por<\/span> <span dir=\"ltr\" role=\"presentation\">el<\/span> <span dir=\"ltr\" role=\"presentation\">que<\/span> <span dir=\"ltr\" role=\"presentation\">se<\/span> <span dir=\"ltr\" role=\"presentation\">establece<\/span> <span dir=\"ltr\" role=\"presentation\">la <\/span><span dir=\"ltr\" role=\"presentation\">ordenaci\u00f3n de la atenci\u00f3n educativa a los alumnos\/as con NEE y en el que <\/span><span dir=\"ltr\" role=\"presentation\">se regula<\/span> <span dir=\"ltr\" role=\"presentation\">la escolarizaci\u00f3n en aulas espec\u00edficas de educaci\u00f3n especial.<\/span><span dir=\"ltr\" role=\"presentation\"><br \/>\n<\/span><\/span><\/p>\n<p><a href=\"https:\/\/blogsaverroes.juntadeandalucia.es\/ceiplapazsanlucar\/files\/2024\/06\/IMG-20240604-WA0038.jpg\"><img fetchpriority=\"high\" decoding=\"async\" class=\"alignnone wp-image-4445 size-medium\" src=\"https:\/\/blogsaverroes.juntadeandalucia.es\/ceiplapazsanlucar\/files\/2024\/06\/IMG-20240604-WA0038-300x225.jpg\" alt=\"\" width=\"300\" height=\"225\" srcset=\"https:\/\/blogsaverroes.juntadeandalucia.es\/ceiplapazsanlucar\/files\/2024\/06\/IMG-20240604-WA0038-300x225.jpg 300w, https:\/\/blogsaverroes.juntadeandalucia.es\/ceiplapazsanlucar\/files\/2024\/06\/IMG-20240604-WA0038-1024x768.jpg 1024w, https:\/\/blogsaverroes.juntadeandalucia.es\/ceiplapazsanlucar\/files\/2024\/06\/IMG-20240604-WA0038-768x576.jpg 768w, https:\/\/blogsaverroes.juntadeandalucia.es\/ceiplapazsanlucar\/files\/2024\/06\/IMG-20240604-WA0038-1536x1152.jpg 1536w, https:\/\/blogsaverroes.juntadeandalucia.es\/ceiplapazsanlucar\/files\/2024\/06\/IMG-20240604-WA0038.jpg 1600w\" sizes=\"(max-width: 300px) 100vw, 300px\" \/><\/a> <a href=\"https:\/\/blogsaverroes.juntadeandalucia.es\/ceiplapazsanlucar\/files\/2024\/06\/IMG-20240606-WA0032.jpg\"><img decoding=\"async\" class=\"alignnone wp-image-4459 size-medium\" src=\"https:\/\/blogsaverroes.juntadeandalucia.es\/ceiplapazsanlucar\/files\/2024\/06\/IMG-20240606-WA0032-300x225.jpg\" alt=\"\" width=\"300\" height=\"225\" srcset=\"https:\/\/blogsaverroes.juntadeandalucia.es\/ceiplapazsanlucar\/files\/2024\/06\/IMG-20240606-WA0032-300x225.jpg 300w, https:\/\/blogsaverroes.juntadeandalucia.es\/ceiplapazsanlucar\/files\/2024\/06\/IMG-20240606-WA0032-1024x768.jpg 1024w, https:\/\/blogsaverroes.juntadeandalucia.es\/ceiplapazsanlucar\/files\/2024\/06\/IMG-20240606-WA0032-768x576.jpg 768w, https:\/\/blogsaverroes.juntadeandalucia.es\/ceiplapazsanlucar\/files\/2024\/06\/IMG-20240606-WA0032-1536x1152.jpg 1536w, https:\/\/blogsaverroes.juntadeandalucia.es\/ceiplapazsanlucar\/files\/2024\/06\/IMG-20240606-WA0032.jpg 1600w\" sizes=\"(max-width: 300px) 100vw, 300px\" \/><\/a><\/p>\n<p>&nbsp;<\/p>\n","protected":false},"excerpt":{"rendered":"<p>El aula espec\u00edfica es considerada como un espacio que posibilita un mayor desarrollo a la vez que favorece mayores posibilidades de integraci\u00f3n social, normalizaci\u00f3n y potenciaci\u00f3n de valores y actitudes de trabajo cooperativo con&#46;&#46;&#46;<\/p>\n","protected":false},"author":2429,"featured_media":0,"parent":0,"menu_order":0,"comment_status":"closed","ping_status":"closed","template":"","meta":{"ngg_post_thumbnail":0,"footnotes":"","_mc_calendar":[]},"aioseo_notices":[],"post_mailing_queue_ids":[],"_links":{"self":[{"href":"https:\/\/blogsaverroes.juntadeandalucia.es\/ceiplapazsanlucar\/wp-json\/wp\/v2\/pages\/3998"}],"collection":[{"href":"https:\/\/blogsaverroes.juntadeandalucia.es\/ceiplapazsanlucar\/wp-json\/wp\/v2\/pages"}],"about":[{"href":"https:\/\/blogsaverroes.juntadeandalucia.es\/ceiplapazsanlucar\/wp-json\/wp\/v2\/types\/page"}],"author":[{"embeddable":true,"href":"https:\/\/blogsaverroes.juntadeandalucia.es\/ceiplapazsanlucar\/wp-json\/wp\/v2\/users\/2429"}],"replies":[{"embeddable":true,"href":"https:\/\/blogsaverroes.juntadeandalucia.es\/ceiplapazsanlucar\/wp-json\/wp\/v2\/comments?post=3998"}],"version-history":[{"count":4,"href":"https:\/\/blogsaverroes.juntadeandalucia.es\/ceiplapazsanlucar\/wp-json\/wp\/v2\/pages\/3998\/revisions"}],"predecessor-version":[{"id":4196,"href":"https:\/\/blogsaverroes.juntadeandalucia.es\/ceiplapazsanlucar\/wp-json\/wp\/v2\/pages\/3998\/revisions\/4196"}],"wp:attachment":[{"href":"https:\/\/blogsaverroes.juntadeandalucia.es\/ceiplapazsanlucar\/wp-json\/wp\/v2\/media?parent=3998"}],"curies":[{"name":"wp","href":"https:\/\/api.w.org\/{rel}","templated":true}]}}