{"id":64,"date":"2020-01-09T11:41:42","date_gmt":"2020-01-09T10:41:42","guid":{"rendered":"http:\/\/blogsaverroes.juntadeandalucia.es\/pre\/nuevoceipv2\/?page_id=64"},"modified":"2023-03-09T10:40:59","modified_gmt":"2023-03-09T09:40:59","slug":"biblioteca","status":"publish","type":"page","link":"https:\/\/blogsaverroes.juntadeandalucia.es\/ceiplapaztorrequebradilla\/biblioteca\/","title":{"rendered":"Biblioteca"},"content":{"rendered":"<p>\u00a1BIENVENIDOS Y BIENVENIDAS A NUESTRA BIBLIOTECA!<\/p>\n<p>En nuestro centro escolar disponemos de un espacio donde para fomentar y disfrutar de la lectura, es nuestra BIBLIOTECA MAR\u00cdA ZAMBRANO. Esta autora fue elegida, en votaci\u00f3n, por la mayor\u00eda de los miembros de la comunidad educativa, en el curso escolar 2017-2018.<\/p>\n<p>Para hacer un buen uso de nuestra biblioteca hemos creado una gu\u00eda en la que aprender\u00e9is c\u00f3mo es la BIBLIOTECA y c\u00f3mo podemos hacer uso de ella.<\/p>\n<p>Esperamos que os sea de utilidad y que saqu\u00e9is el mayor partido a la BIBLIOTECA y a los<br \/>\nrecursos que hay en ella.<\/p>\n<p style=\"text-align: center\">&nbsp;<br \/>\n<iframe loading=\"lazy\" src=\"https:\/\/drive.google.com\/file\/d\/1Svdk_GnltZDDuZaJUuF02wdlbmxDZJ52\/preview\" width=\"100%\" height=\"700\"><\/iframe><\/p>\n","protected":false},"excerpt":{"rendered":"<p>\u00a1BIENVENIDOS Y BIENVENIDAS A NUESTRA BIBLIOTECA! En nuestro centro escolar disponemos de un espacio donde para fomentar y disfrutar de la lectura, es nuestra BIBLIOTECA MAR\u00cdA ZAMBRANO. Esta autora fue elegida, en votaci\u00f3n, por la mayor\u00eda de los miembros de la comunidad educativa, en el curso escolar 2017-2018. Para hacer un buen uso de nuestra [&hellip;]<\/p>\n","protected":false},"author":4608,"featured_media":0,"parent":0,"menu_order":0,"comment_status":"closed","ping_status":"closed","template":"","meta":{"_et_pb_use_builder":"off","_et_pb_old_content":"","_et_gb_content_width":"","ngg_post_thumbnail":0,"footnotes":""},"aioseo_notices":[],"_links":{"self":[{"href":"https:\/\/blogsaverroes.juntadeandalucia.es\/ceiplapaztorrequebradilla\/wp-json\/wp\/v2\/pages\/64"}],"collection":[{"href":"https:\/\/blogsaverroes.juntadeandalucia.es\/ceiplapaztorrequebradilla\/wp-json\/wp\/v2\/pages"}],"about":[{"href":"https:\/\/blogsaverroes.juntadeandalucia.es\/ceiplapaztorrequebradilla\/wp-json\/wp\/v2\/types\/page"}],"author":[{"embeddable":true,"href":"https:\/\/blogsaverroes.juntadeandalucia.es\/ceiplapaztorrequebradilla\/wp-json\/wp\/v2\/users\/4608"}],"replies":[{"embeddable":true,"href":"https:\/\/blogsaverroes.juntadeandalucia.es\/ceiplapaztorrequebradilla\/wp-json\/wp\/v2\/comments?post=64"}],"version-history":[{"count":8,"href":"https:\/\/blogsaverroes.juntadeandalucia.es\/ceiplapaztorrequebradilla\/wp-json\/wp\/v2\/pages\/64\/revisions"}],"predecessor-version":[{"id":1217,"href":"https:\/\/blogsaverroes.juntadeandalucia.es\/ceiplapaztorrequebradilla\/wp-json\/wp\/v2\/pages\/64\/revisions\/1217"}],"wp:attachment":[{"href":"https:\/\/blogsaverroes.juntadeandalucia.es\/ceiplapaztorrequebradilla\/wp-json\/wp\/v2\/media?parent=64"}],"curies":[{"name":"wp","href":"https:\/\/api.w.org\/{rel}","templated":true}]}}

<p>¡BIENVENIDOS Y BIENVENIDAS A NUESTRA BIBLIOTECA!</p>
<p>En nuestro centro escolar disponemos de un espacio donde para fomentar y disfrutar de la lectura, es nuestra BIBLIOTECA MARÍA ZAMBRANO. Esta autora fue elegida, en votación, por la mayoría de los miembros de la comunidad educativa, en el curso escolar 2017-2018.</p>
<p>Para hacer un buen uso de nuestra biblioteca hemos creado una guía en la que aprenderéis cómo es la BIBLIOTECA y cómo podemos hacer uso de ella.</p>
<p>Esperamos que os sea de utilidad y que saquéis el mayor partido a la BIBLIOTECA y a los<br />
recursos que hay en ella.</p>
<p style="text-align: center">&nbsp;<br />
<iframe loading="lazy" src="https://drive.google.com/file/d/1Svdk_GnltZDDuZaJUuF02wdlbmxDZJ52/preview" width="100%" height="700"></iframe></p>

<p>¡BIENVENIDOS Y BIENVENIDAS A NUESTRA BIBLIOTECA! En nuestro centro escolar disponemos de un espacio donde para fomentar y disfrutar de la lectura, es nuestra BIBLIOTECA MARÍA ZAMBRANO. Esta autora fue elegida, en votación, por la mayoría de los miembros de la comunidad educativa, en el curso escolar 2017-2018. Para hacer un buen uso de nuestra [&hellip;]</p>
