{"id":2084,"date":"2017-01-19T20:07:16","date_gmt":"2017-01-19T20:07:16","guid":{"rendered":"http:\/\/blogsaverroes.juntadeandalucia.es\/ceiplapurisimadejun\/?page_id=2084"},"modified":"2025-06-03T10:29:13","modified_gmt":"2025-06-03T10:29:13","slug":"blog-de-pt","status":"publish","type":"page","link":"https:\/\/blogsaverroes.juntadeandalucia.es\/ceiplapurisimadejun\/blog-de-pt\/","title":{"rendered":"EFEM\u00c9RIDES Y FACEBOOK."},"content":{"rendered":"<p>Todas las efem\u00e9rides, salidas y actividades est\u00e1n publicadas en FACEBOOK.<\/p>\n<p><a href=\"https:\/\/www.facebook.com\/p\/CEIP-La-Pur%C3%ADsima-de-Jun-100083579642020\/\">FACEBOOK<\/a> ( enlace a Facebook del cole)<\/p>\n<p><a href=\"https:\/\/www.facebook.com\/share\/19AVXfW6XD\/\">FACEBOOK <\/a>(enlace a AMPA creciendo juntos)<\/p>\n<p>D\u00cdA DE LA <a href=\"https:\/\/www.youtube.com\/watch?v=MgCyPlYx-Zc\">PAZ<\/a> 2023<\/p>\n<p><a href=\"https:\/\/www.facebook.com\/photo\/?fbid=159278493534805&amp;set=pcb.159279086868079\">CIENT\u00cdFICOS<\/a> EN EL COLE DE JUN.(enero 2023)<\/p>\n<p><a href=\"https:\/\/www.facebook.com\/photo\/?fbid=159278493534805&amp;set=pcb.159279086868079\">NAVIDAD<\/a> 2022<\/p>\n","protected":false},"excerpt":{"rendered":"<p>Todas las efem\u00e9rides, salidas y actividades est\u00e1n publicadas en FACEBOOK. FACEBOOK ( enlace a Facebook del cole) FACEBOOK (enlace a AMPA creciendo juntos) D\u00cdA DE LA PAZ 2023 CIENT\u00cdFICOS EN EL COLE DE JUN.(enero&#46;&#46;&#46;<\/p>\n","protected":false},"author":4034,"featured_media":0,"parent":0,"menu_order":0,"comment_status":"open","ping_status":"open","template":"","meta":{"ngg_post_thumbnail":0,"footnotes":"","_mc_calendar":[]},"aioseo_notices":[],"_links":{"self":[{"href":"https:\/\/blogsaverroes.juntadeandalucia.es\/ceiplapurisimadejun\/wp-json\/wp\/v2\/pages\/2084"}],"collection":[{"href":"https:\/\/blogsaverroes.juntadeandalucia.es\/ceiplapurisimadejun\/wp-json\/wp\/v2\/pages"}],"about":[{"href":"https:\/\/blogsaverroes.juntadeandalucia.es\/ceiplapurisimadejun\/wp-json\/wp\/v2\/types\/page"}],"author":[{"embeddable":true,"href":"https:\/\/blogsaverroes.juntadeandalucia.es\/ceiplapurisimadejun\/wp-json\/wp\/v2\/users\/4034"}],"replies":[{"embeddable":true,"href":"https:\/\/blogsaverroes.juntadeandalucia.es\/ceiplapurisimadejun\/wp-json\/wp\/v2\/comments?post=2084"}],"version-history":[{"count":13,"href":"https:\/\/blogsaverroes.juntadeandalucia.es\/ceiplapurisimadejun\/wp-json\/wp\/v2\/pages\/2084\/revisions"}],"predecessor-version":[{"id":2704,"href":"https:\/\/blogsaverroes.juntadeandalucia.es\/ceiplapurisimadejun\/wp-json\/wp\/v2\/pages\/2084\/revisions\/2704"}],"wp:attachment":[{"href":"https:\/\/blogsaverroes.juntadeandalucia.es\/ceiplapurisimadejun\/wp-json\/wp\/v2\/media?parent=2084"}],"curies":[{"name":"wp","href":"https:\/\/api.w.org\/{rel}","templated":true}]}}